000
CXUS53 KEAX 010736
CF6EAX
PRELIMINARY LOCAL CLIMATOLOGICAL DATA (WS FORM: F-6)
STATION: PLEASANT HILL NWS MO
MONTH: OCTOBER
YEAR: 2022
LATITUDE: 38 48 N
LONGITUDE: 94 16 W
TEMPERATURE IN F: :PCPN: SNOW: WIND :SUNSHINE: SKY :PK WND
================================================================================
1 2 3 4 5 6A 6B 7 8 9 10 11 12 13 14 15 16 17 18
12Z AVG MX 2MIN
DY MAX MIN AVG DEP HDD CDD WTR SNW DPTH SPD SPD DIR MIN PSBL S-S WX SPD DR
================================================================================
1 78 50 64 1 1 0 0.00 0.0 0 M M M M M M M M
2 80 51 66 3 0 1 0.00 0.0 0 M M M M M M M M
3 81 53 67 5 0 2 0.00 0.0 0 M M M M M M M M
4 81 51 66 4 0 1 0.00 0.0 0 M M M M M M M M
5 80 55 68 6 0 3 T 0.0 0 M M M M M M M M
6 80 54 67 6 0 2 0.00 0.0 0 M M M M M M M M
7 58 44 51 -10 14 0 T 0.0 0 M M M M M M M M
8 63 36 50 -10 15 0 0.00 0.0 0 M M M M M M M M
9 76 40 58 -2 7 0 0.00 0.0 0 M M M M M M M M
10 81 50 66 7 0 1 0.00 0.0 0 M M M M M M M M
11 76 61 69 10 0 4 0.37 0.0 0 M M M M M M M M
12 72 50 61 2 4 0 0.42 T 0 M M M M M M 135 M M
13 65 45 55 -3 10 0 0.00 0.0 0 M M M M M M M M
14 74 42 58 0 7 0 T 0.0 0 M M M M M M M M
15 69 39 54 -3 11 0 0.00 0.0 0 M M M M M M M M
16 67 44 56 -1 9 0 0.00 0.0 0 M M M M M M M M
17 51 35 43 -14 22 0 0.00 0.0 0 M M M M M M M M
18 45 27 36 -20 29 0 0.00 0.0 0 M M M M M M M M
19 55 25 40 -16 25 0 0.00 0.0 0 M M M M M M M M
20 75 37 56 1 9 0 0.00 0.0 0 M M M M M M M M
21 84 47 66 11 0 1 0.00 0.0 0 M M M M M M M M
22 80 58 69 14 0 4 0.00 0.0 0 M M M M M M M M
23 83 63 73 19 0 8 T 0.0 0 M M M M M M M M
24 73 47 60 6 5 0 2.49 0.0 0 M M M M M M M M
25 53 42 48 -5 17 0 0.02 0.0 0 M M M M M M M M
26 64 39 52 -1 13 0 0.00 0.0 0 M M M M M M M M
27 62 42 52 0 13 0 0.00 0.0 0 M M M M M M M M
28 67 44 56 4 9 0 0.00 0.0 0 M M M M M M M M
29 67 45 56 4 9 0 0.00 0.0 0 M M M M M M M M
30 63 52 58 7 7 0 T 0.0 0 M M M M M M M M
31 70 48 59 8 6 0 T 0.0 0 M M M M M M M M
================================================================================
SM 2173 1416 242 27 3.30 T M M M
================================================================================
AV 70.1 45.7 M FASTST M M M MAX(MPH)
MISC ----> M M M M
================================================================================
NOTES:
# LAST OF SEVERAL OCCURRENCES
COLUMN 17 PEAK WIND IN M.P.H.
PRELIMINARY LOCAL CLIMATOLOGICAL DATA (WS FORM: F-6) , PAGE 2
STATION: PLEASANT HILL NWS MO
MONTH: OCTOBER
YEAR: 2022
LATITUDE: 38 48 N
LONGITUDE: 94 16 W
[TEMPERATURE DATA] [PRECIPITATION DATA] SYMBOLS USED IN COLUMN 16
AVERAGE MONTHLY: 57.9 TOTAL FOR MONTH: 3.30 1 = FOG OR MIST
DPTR FM NORMAL: 0.9 DPTR FM NORMAL: -0.13 2 = FOG REDUCING VISIBILITY
HIGHEST: 84 ON 21 GRTST 24HR 2.49 ON 24-24 TO 1/4 MILE OR LESS
LOWEST: 25 ON 19 3 = THUNDER
SNOW, ICE PELLETS, HAIL 4 = ICE PELLETS
TOTAL MONTH: T 5 = HAIL
GRTST 24HR T ON 12-12 6 = FREEZING RAIN OR DRIZZLE
GRTST DEPTH: 0 7 = DUSTSTORM OR SANDSTORM:
VSBY 1/2 MILE OR LESS
8 = SMOKE OR HAZE
[NO. OF DAYS WITH] [WEATHER - DAYS WITH] 9 = BLOWING SNOW
X = TORNADO
MAX 32 OR BELOW: 0 0.01 INCH OR MORE: 4
MAX 90 OR ABOVE: 0 0.10 INCH OR MORE: 3
MIN 32 OR BELOW: 2 0.50 INCH OR MORE: 1
MIN 0 OR BELOW: 0 1.00 INCH OR MORE: 1
[HDD (BASE 65) ]
TOTAL THIS MO. 242 CLEAR (SCALE 0-3) 0
DPTR FM NORMAL -37 PTCLDY (SCALE 4-7) 0
TOTAL FM JUL 1 268 CLOUDY (SCALE 8-10) 31
DPTR FM NORMAL -60
[CDD (BASE 65) ]
TOTAL THIS MO. 27
DPTR FM NORMAL -4 [PRESSURE DATA]
TOTAL FM JAN 1 1581 HIGHEST SLP M ON M
DPTR FM NORMAL 195 LOWEST SLP M ON M
[REMARKS]
#FINAL-10-22#