000
CXUS53 KGID 010842
CF6HDE
PRELIMINARY LOCAL CLIMATOLOGICAL DATA (WS FORM: F-6)
STATION: HOLDREGE NE
MONTH: NOVEMBER
YEAR: 2021
LATITUDE: 40 27 N
LONGITUDE: 99 20 W
TEMPERATURE IN F: :PCPN: SNOW: WIND :SUNSHINE: SKY :PK WND
================================================================================
1 2 3 4 5 6A 6B 7 8 9 10 11 12 13 14 15 16 17 18
12Z AVG MX 2MIN
DY MAX MIN AVG DEP HDD CDD WTR SNW DPTH SPD SPD DIR MIN PSBL S-S WX SPD DR
================================================================================
1 38 33 36 M 29 0 0.10 M M 3.6 7 90 M M 10 1 M M
2 42 36 39 M 26 0 0.00 M M 4.2 9 210 M M 10 M M
3 46 37 42 M 23 0 0.00 M M 7.5 12 220 M M 7 17 230
4 60 31 46 M 19 0 0.00 M M 8.0 14 160 M M 2 1 18 170
5 69 41 55 M 10 0 0.00 M M 10.1 18 210 M M 0 28 210
6 72 34 53 M 12 0 0.00 M M 6.4 15 180 M M 0 23 180
7 76 43 60 M 5 0 0.00 M M 4.9 13 190 M M 0 M M
8 58 40 49 M 16 0 0.00 M M 13.2 24 30 M M 2 30 20
9 58 32 45 M 20 0 0.00 M M 7.4 15 70 M M 1 16 70
10 53 36 45 M 20 0 0.03 M M 6.3 22 340 M M 6 31 340
11 52 34 43 M 22 0 0.00 M M 15.0 24 310 M M 1 39 290
12 43 24 34 M 31 0 0.00 M M 17.1 27 310 M M 3 38 310
13 56 24 40 M 25 0 T M M 7.4 21 10 M M 3 41 220
14 58 36 47 M 18 0 0.00 M M 8.5 13 230 M M 5 21 300
15 76 43 60 M 5 0 0.00 M M 7.9 13 270 M M 0 20 290
16 66 46 56 M 9 0 0.00 M M 7.6 20 30 M M 0 29 10
17 49 24 37 M 28 0 0.00 M M 12.1 21 320 M M 1 30 330
18 48 19 34 M 31 0 0.00 M M 5.7 12 210 M M 0 M M
19 53 31 42 M 23 0 0.00 M M 11.3 23 180 M M 0 28 180
20 59 27 43 M 22 0 0.00 M M 4.0 12 80 M M 3 M M
21 51 28 40 M 25 0 0.00 M M 8.8 17 350 M M 1 25 350
22 60 30 45 M 20 0 0.00 M M 7.0 13 210 M M 1 17 210
23 70 31 51 M 14 0 0.00 M M 10.6 23 170 M M 0 30 180
24 50 32 41 M 24 0 0.00 M M 14.4 28 350 M M 5 38 350
25 42 17 30 M 35 0 0.00 M M 8.4 15 340 M M 1 23 360
26 68 31 50 M 15 0 0.00 M M 7.5 15 270 M M 0 18 270
27 62 33 48 M 17 0 0.00 M M 10.3 21 350 M M 0 31 350
28 58 25 42 M 23 0 0.00 M M 6.7 17 210 M M 0 24 210
29 70 33 52 M 13 0 0.00 M M 5.9 10 320 M M 0 8 M M
30 59 36 48 M 17 0 0.00 M M 6.7 12 240 M M 2 16 190
================================================================================
SM 1722 967 597 0 0.13 M 254.5 M 64
================================================================================
AV 57.4 32.2 8.5 FASTST M M 2 MAX(MPH)
MISC ----> 28 350 M M
================================================================================
NOTES:
# LAST OF SEVERAL OCCURRENCES
COLUMN 17 PEAK WIND IN M.P.H.
PRELIMINARY LOCAL CLIMATOLOGICAL DATA (WS FORM: F-6) , PAGE 2
STATION: HOLDREGE NE
MONTH: NOVEMBER
YEAR: 2021
LATITUDE: 40 27 N
LONGITUDE: 99 20 W
[TEMPERATURE DATA] [PRECIPITATION DATA] SYMBOLS USED IN COLUMN 16
AVERAGE MONTHLY: 44.8 TOTAL FOR MONTH: 0.13 1 = FOG OR MIST
DPTR FM NORMAL: M DPTR FM NORMAL: M 2 = FOG REDUCING VISIBILITY
HIGHEST: 76 ON 15, 7 GRTST 24HR 0.10 ON 1- 1 TO 1/4 MILE OR LESS
LOWEST: 17 ON 25 3 = THUNDER
SNOW, ICE PELLETS, HAIL 4 = ICE PELLETS
TOTAL MONTH: M 5 = HAIL
GRTST 24HR M ON M 6 = FREEZING RAIN OR DRIZZLE
GRTST DEPTH: M ON M 7 = DUSTSTORM OR SANDSTORM:
VSBY 1/2 MILE OR LESS
8 = SMOKE OR HAZE
[NO. OF DAYS WITH] [WEATHER - DAYS WITH] 9 = BLOWING SNOW
X = TORNADO
MAX 32 OR BELOW: 0 0.01 INCH OR MORE: 2
MAX 90 OR ABOVE: 0 0.10 INCH OR MORE: 0
MIN 32 OR BELOW: 15 0.50 INCH OR MORE: 0
MIN 0 OR BELOW: 0 1.00 INCH OR MORE: 0
[HDD (BASE 65) ]
TOTAL THIS MO. 597 CLEAR (SCALE 0-3) 24
DPTR FM NORMAL M PTCLDY (SCALE 4-7) 4
TOTAL FM JUL 1 936 CLOUDY (SCALE 8-10) 2
DPTR FM NORMAL M
[CDD (BASE 65) ]
TOTAL THIS MO. 0
DPTR FM NORMAL M [PRESSURE DATA]
TOTAL FM JAN 1 1147 HIGHEST SLP M ON M
DPTR FM NORMAL 1147 LOWEST SLP M ON M
[REMARKS]
#FINAL-11-21#