000
CXUS54 KLZK 011130
CF6M19
PRELIMINARY LOCAL CLIMATOLOGICAL DATA (WS FORM: F-6)
STATION: Newport Airport
MONTH: APRIL
YEAR: 2020
LATITUDE: 35 35 N
LONGITUDE: 91 16 W
TEMPERATURE IN F: :PCPN: SNOW: WIND :SUNSHINE: SKY :PK WND
================================================================================
1 2 3 4 5 6A 6B 7 8 9 10 11 12 13 14 15 16 17 18
12Z AVG MX 2MIN
DY MAX MIN AVG DEP HDD CDD WTR SNW DPTH SPD SPD DIR MIN PSBL S-S WX SPD DR
================================================================================
1 65 44 55 -1 10 0 0.00 M M 6.5 12 50 M M 0 8 M M
2 71 51 61 5 4 0 T M M 7.6 14 130 M M 0 M M
3 65 56 61 5 4 0 T M M 4.0 10 200 M M 8 M M
4 58 50 54 -3 11 0 T M M 9.2 13 360 M M 10 M M
5 72 49 61 4 4 0 0.00 M M 5.8 12 100 M M 6 M M
6 77 53 65 7 0 0 0.00 M M 7.1 15 200 M M 4 18 M M
7 75 62 69 11 0 4 T M M 11.7 20 170 M M 7 1 M M
8 84 68 76 18 0 11 0.00 M M 11.6 23 200 M M 4 123 35 340
9 71 54 63 5 2 0 0.00 M M 14.0 24 340 M M 0 32 340
10 57 39 48 -11 17 0 0.00 M M 8.6 20 20 M M 0 M M
11 70 40 55 -4 10 0 T M M 10.9 30 190 M M 1 3 47 180
12 68 49 59 0 6 0 2.53 M M 11.4 29 80 M M 7 123 46 280
13 53 40 47 -13 18 0 0.00 M M 13.9 29 310 M M 8 41 290
14 53 38 46 -14 19 0 T M M 8.8 16 360 M M 5 M M
15 63 36 50 -10 15 0 0.00 M M 8.5 14 260 M M 0 20 260
16 68 40 54 -7 11 0 T M M 9.4 21 170 M M 0 25 170
17 69 43 56 -5 9 0 T M M 14.1 25 210 M M 6 1 33 220
18 60 36 48 -13 17 0 0.00 M M 6.8 10 50 M M 1 8 M M
19 59 51 55 -7 10 0 0.33 M M 7.0 13 70 M M 8 1 M M
20 73 46 60 -2 5 0 M M M 9.7 23 200 M M 1 12 29 200
21 78 49 64 2 1 0 M M M 7.1 13 300 M M 0 22 360
22 63 53 58 -4 7 0 M M M 8.2 20 100 M M 7 13 37 150
23 66 53 60 -3 5 0 M M M 13.6 32 150 M M 8 37 150
24 70 49 60 -3 5 0 T M M 6.0 10 150 M M 2 13 M M
25 67 51 59 -4 6 0 M M M 16.3 33 290 M M 6 46 300
26 72 47 60 -4 5 0 M M M 5.4 12 340 M M 1 M M
27 73 55 64 0 1 0 0.01 M M 8.9 17 170 M M 5 M M
28 76 59 68 4 0 3 0.69 M M 15.9 24 170 M M 7 138 30 210
29 68 55 62 -3 3 0 0.28 M M 14.2 24 280 M M 8 3 33 280
30 74 50 62 -3 3 0 M M M 10.4 20 300 M M 1 27 290
================================================================================
SM 2038 1466 208 18 3.84 M 292.6 M 121
================================================================================
AV 67.9 48.9 9.8 FASTST M M 4 MAX(MPH)
MISC ----> # 33 290 # 47 180
================================================================================
NOTES:
# LAST OF SEVERAL OCCURRENCES
COLUMN 17 PEAK WIND IN M.P.H.
PRELIMINARY LOCAL CLIMATOLOGICAL DATA (WS FORM: F-6) , PAGE 2
STATION: Newport Airport
MONTH: APRIL
YEAR: 2020
LATITUDE: 35 35 N
LONGITUDE: 91 16 W
[TEMPERATURE DATA] [PRECIPITATION DATA] SYMBOLS USED IN COLUMN 16
AVERAGE MONTHLY: 58.4 TOTAL FOR MONTH: 3.84 1 = FOG OR MIST
DPTR FM NORMAL: -2.0 DPTR FM NORMAL: -1.01 2 = FOG REDUCING VISIBILITY
HIGHEST: 84 ON 8 GRTST 24HR 2.53 ON 12-12 TO 1/4 MILE OR LESS
LOWEST: 36 ON 18,15 3 = THUNDER
SNOW, ICE PELLETS, HAIL 4 = ICE PELLETS
TOTAL MONTH: M 5 = HAIL
GRTST 24HR M ON M 6 = FREEZING RAIN OR DRIZZLE
GRTST DEPTH: M ON M 7 = DUSTSTORM OR SANDSTORM:
VSBY 1/2 MILE OR LESS
8 = SMOKE OR HAZE
[NO. OF DAYS WITH] [WEATHER - DAYS WITH] 9 = BLOWING SNOW
X = TORNADO
MAX 32 OR BELOW: 0 0.01 INCH OR MORE: 5
MAX 90 OR ABOVE: 0 0.10 INCH OR MORE: 4
MIN 32 OR BELOW: 0 0.50 INCH OR MORE: 2
MIN 0 OR BELOW: 0 1.00 INCH OR MORE: 1
[HDD (BASE 65) ]
TOTAL THIS MO. 208 CLEAR (SCALE 0-3) 13
DPTR FM NORMAL 27 PTCLDY (SCALE 4-7) 16
TOTAL FM JUL 1 3281 CLOUDY (SCALE 8-10) 1
DPTR FM NORMAL -303
[CDD (BASE 65) ]
TOTAL THIS MO. 18
DPTR FM NORMAL -27 [PRESSURE DATA]
TOTAL FM JAN 1 28 HIGHEST SLP M ON M
DPTR FM NORMAL -24 LOWEST SLP M ON M
[REMARKS]
#FINAL-04-20#