000
CXUS53 KOAX 031400 CCA
CF6OAX
PRELIMINARY LOCAL CLIMATOLOGICAL DATA (WS FORM: F-6)
STATION: VALLEY NWS NE
MONTH: APRIL
YEAR: 2022
LATITUDE: 41 19 N
LONGITUDE: 96 22 W
TEMPERATURE IN F: :PCPN: SNOW: WIND :SUNSHINE: SKY :PK WND
================================================================================
1 2 3 4 5 6A 6B 7 8 9 10 11 12 13 14 15 16 17 18
12Z AVG MX 2MIN
DY MAX MIN AVG DEP HDD CDD WTR SNW DPTH SPD SPD DIR MIN PSBL S-S WX SPD DR
================================================================================
1 62 26 44 -3 21 0 0.08 0.0 0 M M M M M M 28 M
2 60 36 48 1 17 0 0.00 0.0 0 M M M M M M 32 M
3 65 40 53 5 12 0 0.00 0.0 0 M M M M M M 30 M
4 59 30 45 -3 20 0 0.00 0.0 0 M M M M M M 25 M
5 60 43 52 4 13 0 T 0.0 0 M M M M M M 46 M
6 51 40 46 -2 19 0 T 0.0 0 M M M M M M 44 M
7 45 34 40 -9 25 0 0.01 T 0 M M M M M M 48 M
8 54 31 43 -6 22 0 T T 0 M M M M M M 41 M
9 64 24 44 -6 21 0 0.00 0.0 0 M M M M M M 31 M
10 66 41 54 4 11 0 0.00 0.0 0 M M M M M M 33 M
11 66 37 52 2 13 0 0.00 0.0 0 M M M M M M 23 M
12 89 45 67 17 0 2 0.51 T 0 M M M M M M 35 52 M
13 50 30 40 -11 25 0 0.00 0.0 0 M M M M M M 37 M
14 56 28 42 -9 23 0 0.00 0.0 0 M M M M M M 44 M
15 51 26 39 -13 26 0 0.00 0.0 0 M M M M M M 23 M
16 51 26 39 -13 26 0 0.00 0.0 0 M M M M M M 26 M
17 47 34 41 -11 24 0 0.02 T 0 M M M M M M 26 M
18 54 29 42 -10 23 0 0.00 0.0 0 M M M M M M 38 M
19 53 31 42 -11 23 0 0.00 0.0 0 M M M M M M 36 M
20 60 43 52 -1 13 0 0.06 0.0 0 M M M M M M 12 31 M
21 70 34 52 -1 13 0 T 0.0 0 M M M M M M 123 29 M
22 83 56 70 16 0 5 0.24 0.0 0 M M M M M M 3 52 M
23 80 48 64 10 1 0 0.01 0.0 0 M M M M M M 3 53 M
24 55 41 48 -6 17 0 T 0.0 0 M M M M M M 39 M
25 55 35 45 -10 20 0 T 0.0 0 M M M M M M 36 M
26 72 29 51 -4 14 0 0.00 0.0 0 M M M M M M 25 M
27 82 53 68 12 0 3 T 0.0 0 M M M M M M 3 29 M
28 80 57 69 13 0 4 0.25 0.0 0 M M M M M M 3 30 M
29 66 54 60 4 5 0 0.79 0.0 0 M M M M M M 3 43 M
30 55 47 51 -6 14 0 0.05 0.0 0 M M M M M M 45 M
================================================================================
SM 1861 1128 461 14 2.02 T M M M
================================================================================
AV 62.0 37.6 M FASTST M M M MAX(MPH)
MISC ----> M M 53 9999
================================================================================
NOTES:
# LAST OF SEVERAL OCCURRENCES
COLUMN 17 PEAK WIND IN M.P.H.
PRELIMINARY LOCAL CLIMATOLOGICAL DATA (WS FORM: F-6) , PAGE 2
STATION: VALLEY NWS NE
MONTH: APRIL
YEAR: 2022
LATITUDE: 41 19 N
LONGITUDE: 96 22 W
[TEMPERATURE DATA] [PRECIPITATION DATA] SYMBOLS USED IN COLUMN 16
AVERAGE MONTHLY: 49.8 TOTAL FOR MONTH: 2.02 1 = FOG OR MIST
DPTR FM NORMAL: -1.9 DPTR FM NORMAL: -1.09 2 = FOG REDUCING VISIBILITY
HIGHEST: 89 ON 12 GRTST 24HR 0.79 ON 29-29 TO 1/4 MILE OR LESS
LOWEST: 24 ON 9 3 = THUNDER
SNOW, ICE PELLETS, HAIL 4 = ICE PELLETS
TOTAL MONTH: T 5 = HAIL
GRTST 24HR T ON 7- 7 6 = FREEZING RAIN OR DRIZZLE
GRTST DEPTH: 0 7 = DUSTSTORM OR SANDSTORM:
VSBY 1/2 MILE OR LESS
8 = SMOKE OR HAZE
[NO. OF DAYS WITH] [WEATHER - DAYS WITH] 9 = BLOWING SNOW
X = TORNADO
MAX 32 OR BELOW: 0 0.01 INCH OR MORE: 10
MAX 90 OR ABOVE: 0 0.10 INCH OR MORE: 4
MIN 32 OR BELOW: 11 0.50 INCH OR MORE: 2
MIN 0 OR BELOW: 0 1.00 INCH OR MORE: 0
[HDD (BASE 65) ]
TOTAL THIS MO. 461 CLEAR (SCALE 0-3) 0
DPTR FM NORMAL 51 PTCLDY (SCALE 4-7) 0
TOTAL FM JUL 1 5284 CLOUDY (SCALE 8-10) 30
DPTR FM NORMAL -503
[CDD (BASE 65) ]
TOTAL THIS MO. 14
DPTR FM NORMAL 4 [PRESSURE DATA]
TOTAL FM JAN 1 14 HIGHEST SLP M ON M
DPTR FM NORMAL 3 LOWEST SLP M ON M
[REMARKS]
#FINAL-04-22#