000
CXUS56 KBOI 011002
CF6ONO
PRELIMINARY LOCAL CLIMATOLOGICAL DATA (WS FORM: F-6)
STATION: ONTARIO OR
MONTH: FEBRUARY
YEAR: 2024
LATITUDE: 44 1 N
LONGITUDE: 117 1 W
TEMPERATURE IN F: :PCPN: SNOW: WIND :SUNSHINE: SKY :PK WND
================================================================================
1 2 3 4 5 6A 6B 7 8 9 10 11 12 13 14 15 16 17 18
12Z AVG MX 2MIN
DY MAX MIN AVG DEP HDD CDD WTR SNW DPTH SPD SPD DIR MIN PSBL S-S WX SPD DR
================================================================================
1 52 45 49 15 16 0 0.20 M M 4.6 13 150 M M 10 1 16 140
2 52 38 45 11 20 0 0.01 M M 2.4 10 260 M M 6 1 12 260
3 44 39 42 8 23 0 0.31 M M 9.8 18 250 M M 10 1 23 250
4 49 33 41 7 24 0 T M M 8.2 33 150 M M 9 47 150
5 57 41 49 14 16 0 0.00 M M 7.9 29 150 M M 7 39 150
6 54 33 44 9 21 0 0.00 M M 6.2 23 320 M M 3 1 30 320
7 49 37 43 8 22 0 T M M 10.2 24 310 M M 8 31 310
8 45 33 39 4 26 0 0.00 M M 5.0 12 300 M M 8 16 330
9 48 34 41 5 24 0 0.06 M M 8.9 18 320 M M 6 1 24 320
10 48 29 39 3 26 0 0.00 M M 5.1 14 300 M M 0 20 300
11 50 28 39 3 26 0 0.00 M M 2.8 13 140 M M 2 17 160
12 50 30 40 4 25 0 0.00 M M 2.2 7 280 M M 4 11 190
13 54 31 43 6 22 0 0.00 M M 2.5 9 350 M M 2 12 10
14 44 26 35 -2 30 0 0.15 M M 2.9 16 160 M M 5 1 20 160
15 54 34 44 6 21 0 0.26 M M 3.9 25 200 M M 7 18 32 200
16 48 30 39 1 26 0 0.01 M M 9.9 22 330 M M 4 29 340
17 43 27 35 -3 30 0 0.00 M M 4.7 10 40 M M 3 15 120
18 42 34 38 0 27 0 0.24 M M 3.8 15 160 M M 10 1 21 170
19 53 34 44 5 21 0 0.00 M M 6.4 20 140 M M 5 27 130
20 53 35 44 5 21 0 0.02 M M 3.4 17 290 M M 6 1 19 290
21 57 34 46 7 19 0 T M M 5.3 12 180 M M 4 1 15 180
22 56 30 43 3 22 0 0.00 M M 1.3 8 250 M M 1 11 270
23 57 29 43 3 22 0 0.00 M M 3.8 9 140 M M 0 13 130
24 61 27 44 4 21 0 0.00 M M 2.4 7 270 M M 1 12 10 190
25 60 31 46 5 19 0 0.00 M M 3.6 13 260 M M 2 1 17 240
26 53 32 43 2 22 0 T M M 11.0 37 330 M M 6 8 45 320
27 45 27 36 -6 29 0 0.00 M M 6.0 22 310 M M 7 30 310
28 52 33 43 1 22 0 0.00 M M 10.8 26 160 M M 9 37 160
29 69 40 55 13 10 0 T M M 19.2 36 190 M M 8 53 190
================================================================================
SM 1499 954 653 0 1.26 M 174.2 M 153
================================================================================
AV 51.7 32.9 6.0 FASTST M M 5 MAX(MPH)
MISC ----> 37 330 53 190
================================================================================
NOTES:
# LAST OF SEVERAL OCCURRENCES
COLUMN 17 PEAK WIND IN M.P.H.
PRELIMINARY LOCAL CLIMATOLOGICAL DATA (WS FORM: F-6) , PAGE 2
STATION: ONTARIO OR
MONTH: FEBRUARY
YEAR: 2024
LATITUDE: 44 1 N
LONGITUDE: 117 1 W
[TEMPERATURE DATA] [PRECIPITATION DATA] SYMBOLS USED IN COLUMN 16
AVERAGE MONTHLY: 42.3 TOTAL FOR MONTH: 1.26 1 = FOG OR MIST
DPTR FM NORMAL: 4.8 DPTR FM NORMAL: 0.37 2 = FOG REDUCING VISIBILITY
HIGHEST: 69 ON 29 GRTST 24HR 0.40 ON 14-15 TO 1/4 MILE OR LESS
LOWEST: 26 ON 14 3 = THUNDER
SNOW, ICE PELLETS, HAIL 4 = ICE PELLETS
TOTAL MONTH: M 5 = HAIL
GRTST 24HR M ON M 6 = FREEZING RAIN OR DRIZZLE
GRTST DEPTH: M ON M 7 = DUSTSTORM OR SANDSTORM:
VSBY 1/2 MILE OR LESS
8 = SMOKE OR HAZE
[NO. OF DAYS WITH] [WEATHER - DAYS WITH] 9 = BLOWING SNOW
X = TORNADO
MAX 32 OR BELOW: 0 0.01 INCH OR MORE: 9
MAX 90 OR ABOVE: 0 0.10 INCH OR MORE: 5
MIN 32 OR BELOW: 13 0.50 INCH OR MORE: 0
MIN 0 OR BELOW: 0 1.00 INCH OR MORE: 0
[HDD (BASE 65) ]
TOTAL THIS MO. 653 CLEAR (SCALE 0-3) 7
DPTR FM NORMAL -118 PTCLDY (SCALE 4-7) 16
TOTAL FM JUL 1 3674 CLOUDY (SCALE 8-10) 6
DPTR FM NORMAL -440
[CDD (BASE 65) ]
TOTAL THIS MO. 0
DPTR FM NORMAL 0 [PRESSURE DATA]
TOTAL FM JAN 1 0 HIGHEST SLP M ON M
DPTR FM NORMAL 0 LOWEST SLP 29.52 ON 7
[REMARKS]
#FINAL-02-24#