000
CXUS54 KSHV 061457
CF6TXK
PRELIMINARY LOCAL CLIMATOLOGICAL DATA (WS FORM: F-6)
STATION: TEXARKANA
MONTH: DECEMBER
YEAR: 2020
LATITUDE: 33 27 N
LONGITUDE: 94 0 W
TEMPERATURE IN F: :PCPN: SNOW: WIND :SUNSHINE: SKY :PK WND
================================================================================
1 2 3 4 5 6A 6B 7 8 9 10 11 12 13 14 15 16 17 18
12Z AVG MX 2MIN
DY MAX MIN AVG DEP HDD CDD WTR SNW DPTH SPD SPD DIR MIN PSBL S-S WX SPD DR
================================================================================
1 59 26 43 -6 22 0 0.00 0.0 0 5.7 13 160 M M 0 8 18 160
2 45 40 43 -5 22 0 1.18 0.0 0 5.3 10 80 M M 9 1 17 100
3 49 40 45 -3 20 0 0.00 0.0 0 2.6 13 290 M M 9 1 15 290
4 55 38 47 -1 18 0 0.00 0.0 0 6.4 13 280 M M 4 17 290
5 65 34 50 2 15 0 0.00 0.0 0 4.4 10 260 M M 0 14 240
6 61 40 51 4 14 0 0.00 0.0 0 6.3 13 300 M M 3 16 300
7 60 36 48 1 17 0 0.00 0.0 0 6.2 12 300 M M 0 15 300
8 71 38 55 8 10 0 0.00 0.0 0 5.2 12 290 M M 0 15 270
9 75 37 56 10 9 0 0.00 0.0 0 5.7 9 240 M M 0 M M
10 77 47 62 16 3 0 0.00 0.0 0 8.7 17 220 M M 0 22 180
11 65 55 60 14 5 0 0.56 0.0 0 8.5 16 250 M M 4 1 20 190
12 56 42 49 3 16 0 0.00 0.0 0 6.9 13 300 M M 0 M M
13 43 37 40 -6 25 0 0.82 0.0 0 9.9 15 320 M M 9 1 23 320
14 49 32 41 -4 24 0 0.00 0.0 0 5.8 12 300 M M 0 17 300
15 37 30 34 -11 31 0 0.09 T 0 5.4 12 60 M M 8 18 16 130
16 41 30 36 -9 29 0 0.00 0.0 0 6.4 15 330 M M 10 1 19 330
17 54 28 41 -4 24 0 0.00 0.0 0 4.5 13 170 M M 0 16 180
18 59 32 46 1 19 0 0.00 0.0 0 7.7 16 170 M M 2 1 22 170
19 53 46 50 5 15 0 0.57 0.0 0 4.0 16 160 M M 10 12 21 160
20 60 43 52 8 13 0 0.00 0.0 0 5.4 14 240 M M 5 12 18 260
21 70 37 54 10 11 0 0.00 0.0 0 5.0 14 220 M M 0 17 260
22 70 38 54 10 11 0 0.00 0.0 0 6.3 15 180 M M 1 22 190
23 73 39 56 12 9 0 0.06 0.0 0 15.0 25 200 M M 7 3 37 320
24 45 30 38 -6 27 0 0.00 0.0 0 9.1 25 290 M M 1 35 280
25 50 29 40 -4 25 0 0.00 0.0 0 6.3 14 310 M M 0 18 310
26 67 34 51 7 14 0 0.00 0.0 0 8.2 15 230 M M 0 20 220
27 72 48 60 16 5 0 0.00 0.0 0 12.0 29 220 M M 2 36 200
28 62 40 51 7 14 0 0.00 0.0 0 6.5 17 50 M M 3 1 23 50
29 67 47 57 13 8 0 T 0.0 0 7.2 15 140 M M 7 19 140
30 69 47 58 14 7 0 0.83 0.0 0 11.0 23 330 M M 10 1 27 300
31 47 38 43 -1 22 0 2.88 0.0 0 13.5 24 60 M M 10 1 36 70
================================================================================
SM 1826 1178 504 0 6.99 T 221.1 M 114
================================================================================
AV 58.9 38.0 7.1 FASTST M M 4 MAX(MPH)
MISC ----> 29 220 37 320
================================================================================
NOTES:
# LAST OF SEVERAL OCCURRENCES
COLUMN 17 PEAK WIND IN M.P.H.
PRELIMINARY LOCAL CLIMATOLOGICAL DATA (WS FORM: F-6) , PAGE 2
STATION: TEXARKANA
MONTH: DECEMBER
YEAR: 2020
LATITUDE: 33 27 N
LONGITUDE: 94 0 W
[TEMPERATURE DATA] [PRECIPITATION DATA] SYMBOLS USED IN COLUMN 16
AVERAGE MONTHLY: 48.5 TOTAL FOR MONTH: 6.99 1 = FOG OR MIST
DPTR FM NORMAL: 3.0 DPTR FM NORMAL: 1.94 2 = FOG REDUCING VISIBILITY
HIGHEST: 77 ON 10 GRTST 24HR 3.14 ON 30-31 TO 1/4 MILE OR LESS
LOWEST: 26 ON 1 3 = THUNDER
SNOW, ICE PELLETS, HAIL 4 = ICE PELLETS
TOTAL MONTH: T 5 = HAIL
GRTST 24HR T ON 15-15 6 = FREEZING RAIN OR DRIZZLE
GRTST DEPTH: 0 7 = DUSTSTORM OR SANDSTORM:
VSBY 1/2 MILE OR LESS
8 = SMOKE OR HAZE
[NO. OF DAYS WITH] [WEATHER - DAYS WITH] 9 = BLOWING SNOW
X = TORNADO
MAX 32 OR BELOW: 0 0.01 INCH OR MORE: 8
MAX 90 OR ABOVE: 0 0.10 INCH OR MORE: 6
MIN 32 OR BELOW: 8 0.50 INCH OR MORE: 6
MIN 0 OR BELOW: 0 1.00 INCH OR MORE: 2
[HDD (BASE 65) ]
TOTAL THIS MO. 504 CLEAR (SCALE 0-3) 17
DPTR FM NORMAL -105 PTCLDY (SCALE 4-7) 6
TOTAL FM JUL 1 843 CLOUDY (SCALE 8-10) 8
DPTR FM NORMAL -223
[CDD (BASE 65) ]
TOTAL THIS MO. 0
DPTR FM NORMAL -3 [PRESSURE DATA]
TOTAL FM JAN 1 2138 HIGHEST SLP 30.37 ON 14
DPTR FM NORMAL -69 LOWEST SLP 29.59 ON 31
[REMARKS]
#FINAL-12-20#