000
CXUS56 KMTR 010900
CF6WVI
PRELIMINARY LOCAL CLIMATOLOGICAL DATA (WS FORM: F-6)
STATION: WATSONVILLE AIRPORT
MONTH: MAY
YEAR: 2023
LATITUDE: 36 55 N
LONGITUDE: 121 47 W
TEMPERATURE IN F: :PCPN: SNOW: WIND :SUNSHINE: SKY :PK WND
================================================================================
1 2 3 4 5 6A 6B 7 8 9 10 11 12 13 14 15 16 17 18
12Z AVG MX 2MIN
DY MAX MIN AVG DEP HDD CDD WTR SNW DPTH SPD SPD DIR MIN PSBL S-S WX SPD DR
================================================================================
1 59 48 54 -3 11 0 0.08 M M 10.1 21 260 M M 10 1 29 250
2 59 46 53 -4 12 0 0.80 M M 6.8 21 230 M M 10 1 32 230
3 59 48 54 -3 11 0 0.27 M M 4.6 14 140 M M 10 19 140
4 63 46 55 -2 10 0 0.00 M M 5.3 16 250 M M 5 22 260
5 64 50 57 0 8 0 0.01 M M 4.2 15 270 M M 8 21 260
6 60 51 56 -1 9 0 0.04 M M 5.1 15 260 M M 9 1 21 240
7 66 46 56 -2 9 0 0.00 M M 5.2 16 260 M M 5 20 290
8 65 43 54 -4 11 0 0.00 M M 4.0 13 260 M M 3 8 19 260
9 65 46 56 -2 9 0 0.00 M M 5.7 16 250 M M 4 8 21 250
10 64 47 56 -2 9 0 0.00 M M 5.6 15 270 M M 6 22 260
11 66 45 56 -2 9 0 0.00 M M 3.5 13 220 M M 3 19 140
12 69 44 57 -1 8 0 0.00 M M 3.7 10 220 M M 2 12 14 240
13 76 47 62 4 3 0 0.00 M M 3.3 10 210 M M 4 12 15 200
14 63 49 56 -2 9 0 T M M 7.7 17 280 M M 10 12 27 290
15 66 52 59 1 6 0 0.00 M M 5.4 13 250 M M 7 1 17 230
16 71 52 62 4 3 0 0.00 M M 4.2 10 170 M M 6 12 15 200
17 69 51 60 2 5 0 0.00 M M 4.3 12 150 M M 6 12 16 160
18 68 50 59 1 6 0 0.00 M M 3.2 10 150 M M 4 12 17 160
19 67 48 58 -1 7 0 0.00 M M 4.6 12 230 M M 4 1 19 170
20 67 52 60 1 5 0 T M M 3.6 12 140 M M 6 1 16 130
21 65 52 59 0 6 0 0.00 M M 3.5 12 200 M M 9 1 17 190
22 65 51 58 -1 7 0 0.01 M M 5.3 13 200 M M 8 1 18 220
23 58 51 55 -4 10 0 T M M 6.4 14 230 M M 10 18 19 230
24 61 51 56 -3 9 0 0.00 M M 5.9 13 270 M M 10 1 16 280
25 61 50 56 -3 9 0 0.02 M M 4.7 12 250 M M 10 1 18 230
26 65 53 59 0 6 0 T M M 5.8 14 260 M M 10 1 19 260
27 65 52 59 0 6 0 0.00 M M 5.3 15 260 M M 9 1 21 250
28 62 52 57 -3 8 0 0.02 M M 3.6 14 230 M M 10 1 20 220
29 64 49 57 -3 8 0 T M M 5.1 15 270 M M 7 1 23 280
30 67 49 58 -2 7 0 0.00 M M 5.1 14 270 M M 6 22 250
31 64 52 58 -2 7 0 T M M 5.6 13 230 M M 8 18 260
================================================================================
SM 2003 1523 243 0 1.25 M 156.4 M 219
================================================================================
AV 64.6 49.1 5.0 FASTST M M 7 MAX(MPH)
MISC ----> # 21 260 32 230
================================================================================
NOTES:
# LAST OF SEVERAL OCCURRENCES
COLUMN 17 PEAK WIND IN M.P.H.
PRELIMINARY LOCAL CLIMATOLOGICAL DATA (WS FORM: F-6) , PAGE 2
STATION: WATSONVILLE AIRPORT
MONTH: MAY
YEAR: 2023
LATITUDE: 36 55 N
LONGITUDE: 121 47 W
[TEMPERATURE DATA] [PRECIPITATION DATA] SYMBOLS USED IN COLUMN 16
AVERAGE MONTHLY: 56.9 TOTAL FOR MONTH: 1.25 1 = FOG OR MIST
DPTR FM NORMAL: -1.4 DPTR FM NORMAL: 0.37 2 = FOG REDUCING VISIBILITY
HIGHEST: 76 ON 13 GRTST 24HR 0.81 ON 1- 2 TO 1/4 MILE OR LESS
LOWEST: 43 ON 8 3 = THUNDER
SNOW, ICE PELLETS, HAIL 4 = ICE PELLETS
TOTAL MONTH: M 5 = HAIL
GRTST 24HR M ON M 6 = FREEZING RAIN OR DRIZZLE
GRTST DEPTH: M ON M 7 = DUSTSTORM OR SANDSTORM:
VSBY 1/2 MILE OR LESS
8 = SMOKE OR HAZE
[NO. OF DAYS WITH] [WEATHER - DAYS WITH] 9 = BLOWING SNOW
X = TORNADO
MAX 32 OR BELOW: 0 0.01 INCH OR MORE: 8
MAX 90 OR ABOVE: 0 0.10 INCH OR MORE: 2
MIN 32 OR BELOW: 0 0.50 INCH OR MORE: 1
MIN 0 OR BELOW: 0 1.00 INCH OR MORE: 0
[HDD (BASE 65) ]
TOTAL THIS MO. 243 CLEAR (SCALE 0-3) 2
DPTR FM NORMAL 31 PTCLDY (SCALE 4-7) 16
TOTAL FM JUL 1 3359 CLOUDY (SCALE 8-10) 13
DPTR FM NORMAL 524
[CDD (BASE 65) ]
TOTAL THIS MO. 0
DPTR FM NORMAL -6 [PRESSURE DATA]
TOTAL FM JAN 1 0 HIGHEST SLP M ON M
DPTR FM NORMAL -11 LOWEST SLP 29.79 ON 2
[REMARKS]
#FINAL-05-23#