000
CXUS52 KFFC 011110
CF6AHN
PRELIMINARY LOCAL CLIMATOLOGICAL DATA (WS FORM: F-6)
STATION: ATHENS
MONTH: DECEMBER
YEAR: 2020
LATITUDE: 33 57 N
LONGITUDE: 83 19 W
TEMPERATURE IN F: :PCPN: SNOW: WIND :SUNSHINE: SKY :PK WND
================================================================================
1 2 3 4 5 6A 6B 7 8 9 10 11 12 13 14 15 16 17 18
12Z AVG MX 2MIN
DY MAX MIN AVG DEP HDD CDD WTR SNW DPTH SPD SPD DIR MIN PSBL S-S WX SPD DR
================================================================================
1 44 33 39 -10 26 0 0.00 0.0 M 9.4 20 300 M M 3 28 290
2 59 26 43 -5 22 0 0.00 0.0 M 2.9 9 300 M M 0 16 300
3 59 27 43 -5 22 0 0.00 0.0 M 1.7 7 140 M M 2 12 120
4 61 44 53 5 12 0 0.38 0.0 M 6.0 18 270 M M 8 13 32 300
5 60 39 50 2 15 0 0.00 0.0 M 6.9 14 290 M M 0 23 290
6 57 35 46 -1 19 0 0.06 0.0 M 2.5 7 240 M M 2 1 10 230
7 57 37 47 0 18 0 0.01 M M 8.9 20 300 M M 3 1 32 300
8 53 30 42 -5 23 0 0.00 0.0 M 4.9 12 300 M M 0 18 310
9 62 32 47 1 18 0 0.00 0.0 M 6.1 15 300 M M 0 28 290
10 68 40 54 8 11 0 0.00 0.0 M 3.7 14 80 M M 0 17 80
11 68 38 53 7 12 0 0.00 0.0 M 2.7 8 90 M M 0 18 10 70
12 70 45 58 12 7 0 0.00 0.0 M 2.9 10 190 M M 5 19 220
13 71 52 62 16 3 0 0.03 0.0 M 2.3 7 220 M M 6 12 11 210
14 63 39 51 6 14 0 0.29 M M 8.8 21 290 M M 5 1 34 280
15 51 34 43 -2 22 0 0.00 0.0 M 9.3 18 70 M M 5 24 80
16 45 38 42 -3 23 0 0.24 M M 6.1 17 80 M M 9 1 24 80
17 47 34 41 -4 24 0 0.00 0.0 M 8.3 15 300 M M 3 1 25 300
18 53 29 41 -4 24 0 0.00 0.0 M 4.4 12 310 M M 0 19 310
19 53 27 40 -4 25 0 0.00 0.0 M 3.2 9 100 M M 0 18 15 150
20 55 40 48 4 17 0 0.13 M M 2.3 8 330 M M 9 128 12 340
21 60 39 50 6 15 0 0.00 0.0 0 5.9 15 300 M M 1 12 28 310
22 65 36 51 7 14 0 0.00 0.0 M 6.0 17 310 M M 0 26 300
23 61 34 48 4 17 0 T M M 7.0 14 90 M M 3 19 100
24 59 32 46 2 19 0 1.63 0.0 M 8.2 23 280 M M 9 1 41 260
25 36 25 31 -13 34 0 0.00 0.0 M 9.5 22 300 M M 1 34 300
26 50 21 36 -8 29 0 0.00 0.0 M 5.6 12 250 M M 0 17 260
27 61 27 44 0 21 0 0.00 0.0 M 2.9 7 160 M M 0 11 170
28 61 28 45 2 20 0 0.00 0.0 M 2.5 8 280 M M 4 14 210
29 65 35 50 7 15 0 0.00 0.0 M 4.9 13 90 M M 0 12 18 80
30 49 42 46 3 19 0 T M M 7.5 14 80 M M 9 17 80
31 54 44 49 6 16 0 0.27 M M 3.8 10 80 M M 10 128 13 70
================================================================================
SM 1777 1082 576 0 3.04 0.0 167.1 M 97
================================================================================
AV 57.3 34.9 5.4 FASTST M M 3 MAX(MPH)
MISC ----> 23 280 41 260
================================================================================
NOTES:
# LAST OF SEVERAL OCCURRENCES
COLUMN 17 PEAK WIND IN M.P.H.
PRELIMINARY LOCAL CLIMATOLOGICAL DATA (WS FORM: F-6) , PAGE 2
STATION: ATHENS
MONTH: DECEMBER
YEAR: 2020
LATITUDE: 33 57 N
LONGITUDE: 83 19 W
[TEMPERATURE DATA] [PRECIPITATION DATA] SYMBOLS USED IN COLUMN 16
AVERAGE MONTHLY: 46.1 TOTAL FOR MONTH: 3.04 1 = FOG OR MIST
DPTR FM NORMAL: 0.7 DPTR FM NORMAL: -0.69 2 = FOG REDUCING VISIBILITY
HIGHEST: 71 ON 13 GRTST 24HR 1.63 ON 24-24 TO 1/4 MILE OR LESS
LOWEST: 21 ON 26 3 = THUNDER
SNOW, ICE PELLETS, HAIL 4 = ICE PELLETS
TOTAL MONTH: 0.0 INCH 5 = HAIL
GRTST 24HR 0.0 6 = FREEZING RAIN OR DRIZZLE
GRTST DEPTH: 0 7 = DUSTSTORM OR SANDSTORM:
VSBY 1/2 MILE OR LESS
8 = SMOKE OR HAZE
[NO. OF DAYS WITH] [WEATHER - DAYS WITH] 9 = BLOWING SNOW
X = TORNADO
MAX 32 OR BELOW: 0 0.01 INCH OR MORE: 9
MAX 90 OR ABOVE: 0 0.10 INCH OR MORE: 6
MIN 32 OR BELOW: 11 0.50 INCH OR MORE: 1
MIN 0 OR BELOW: 0 1.00 INCH OR MORE: 1
[HDD (BASE 65) ]
TOTAL THIS MO. 576 CLEAR (SCALE 0-3) 20
DPTR FM NORMAL -34 PTCLDY (SCALE 4-7) 6
TOTAL FM JUL 1 836 CLOUDY (SCALE 8-10) 5
DPTR FM NORMAL -255
[CDD (BASE 65) ]
TOTAL THIS MO. 0
DPTR FM NORMAL -1 [PRESSURE DATA]
TOTAL FM JAN 1 2195 HIGHEST SLP 30.44 ON 19
DPTR FM NORMAL 308 LOWEST SLP 29.54 ON 24
[REMARKS]
#FINAL-12-20#