000
CXUS55 KCYS 011022
CF6BFF
PRELIMINARY LOCAL CLIMATOLOGICAL DATA (WS FORM: F-6)
STATION: SCOTTSBLUFF NE AIRPORT
MONTH: JULY
YEAR: 2020
LATITUDE: 41 52 N
LONGITUDE: 103 36 W
TEMPERATURE IN F: :PCPN: SNOW: WIND :SUNSHINE: SKY :PK WND
================================================================================
1 2 3 4 5 6A 6B 7 8 9 10 11 12 13 14 15 16 17 18
12Z AVG MX 2MIN
DY MAX MIN AVG DEP HDD CDD WTR SNW DPTH SPD SPD DIR MIN PSBL S-S WX SPD DR
================================================================================
1 92 52 72 0 0 7 0.00 0.0 0 10.0 23 150 M M 0 35 210
2 95 66 81 9 0 16 0.00 0.0 0 15.7 30 150 M M 1 3 41 140
3 98 62 80 8 0 15 0.27 0.0 0 12.3 31 280 M M 1 3 47 280
4 97 66 82 9 0 17 0.00 0.0 0 8.5 21 150 M M 0 28 160
5 98 60 79 6 0 14 T 0.0 0 10.2 44 270 M M 0 70 260
6 98 60 79 6 0 14 T 0.0 0 7.2 39 280 M M 0 3 56 280
7 105 62 84 11 0 19 0.06 0.0 0 13.3 32 190 M M 0 3 44 190
8 95 60 78 4 0 13 0.00 0.0 0 7.0 18 20 M M 0 25 170
9 93 56 75 1 0 10 0.00 0.0 0 8.1 20 120 M M 0 29 80
10 104 61 83 9 0 18 0.01 0.0 0 9.5 25 20 M M 2 37 20
11 92 59 76 2 0 11 0.00 0.0 0 7.8 16 100 M M 0 22 120
12 100 63 82 8 0 17 0.00 0.0 0 9.6 16 110 M M 1 22 240
13 87 61 74 0 0 9 0.03 0.0 0 7.6 26 130 M M 0 35 130
14 81 59 70 -4 0 5 0.00 0.0 0 12.6 24 50 M M 3 37 60
15 85 56 71 -3 0 6 0.13 0.0 0 11.5 28 50 M M 4 1 36 40
16 94 60 77 3 0 12 0.00 0.0 0 6.5 14 120 M M 0 1 20 220
17 104 62 83 8 0 18 0.00 0.0 0 4.5 13 270 M M 0 18 240
18 95 60 78 3 0 13 0.00 0.0 0 9.0 20 70 M M 0 29 50
19 91 62 77 2 0 12 T 0.0 0 13.0 29 170 M M 2 3 43 160
20 88 59 74 -1 0 9 0.00 0.0 0 7.2 26 40 M M 0 36 50
21 87 60 74 -1 0 9 T 0.0 0 8.8 26 130 M M 2 3 35 130
22 93 56 75 0 0 10 0.00 0.0 0 10.4 17 110 M M 0 25 110
23 100 68 84 9 0 19 0.00 0.0 0 7.3 17 130 M M 0 24 130
24 94 68 81 6 0 16 0.00 0.0 0 7.7 20 300 M M 0 27 300
25 99 65 82 7 0 17 0.00 0.0 0 5.9 22 310 M M 0 30 310
26 82 66 74 -1 0 9 T 0.0 0 7.8 16 30 M M 3 23 40
27 92 63 78 3 0 13 0.00 0.0 0 7.5 17 170 M M 2 27 190
28 94 64 79 4 0 14 T 0.0 0 8.2 25 260 M M 2 36 250
29 93 58 76 2 0 11 0.16 0.0 0 9.2 30 310 M M 2 13 42 300
30 78 60 69 -5 0 4 0.01 0.0 0 5.1 13 330 M M 7 1 16 340
31 92 56 74 0 0 9 0.00 0.0 0 5.3 16 20 M M 0 22 20
================================================================================
SM 2896 1890 0 386 0.67 0.0 274.3 M 32
================================================================================
AV 93.4 61.0 8.8 FASTST M M 1 MAX(MPH)
MISC ----> # 44 270 # 70 260
================================================================================
NOTES:
# LAST OF SEVERAL OCCURRENCES
COLUMN 17 PEAK WIND IN M.P.H.
PRELIMINARY LOCAL CLIMATOLOGICAL DATA (WS FORM: F-6) , PAGE 2
STATION: SCOTTSBLUFF NE AIRPORT
MONTH: JULY
YEAR: 2020
LATITUDE: 41 52 N
LONGITUDE: 103 36 W
[TEMPERATURE DATA] [PRECIPITATION DATA] SYMBOLS USED IN COLUMN 16
AVERAGE MONTHLY: 77.2 TOTAL FOR MONTH: 0.67 1 = FOG OR MIST
DPTR FM NORMAL: 3.1 DPTR FM NORMAL: -1.16 2 = FOG REDUCING VISIBILITY
HIGHEST: 105 ON 7 GRTST 24HR 0.27 ON 3- 3 TO 1/4 MILE OR LESS
LOWEST: 52 ON 1 3 = THUNDER
SNOW, ICE PELLETS, HAIL 4 = ICE PELLETS
TOTAL MONTH: 0.0 INCH 5 = HAIL
GRTST 24HR 0.0 6 = FREEZING RAIN OR DRIZZLE
GRTST DEPTH: 0 7 = DUSTSTORM OR SANDSTORM:
VSBY 1/2 MILE OR LESS
8 = SMOKE OR HAZE
[NO. OF DAYS WITH] [WEATHER - DAYS WITH] 9 = BLOWING SNOW
X = TORNADO
MAX 32 OR BELOW: 0 0.01 INCH OR MORE: 7
MAX 90 OR ABOVE: 24 0.10 INCH OR MORE: 3
MIN 32 OR BELOW: 0 0.50 INCH OR MORE: 0
MIN 0 OR BELOW: 0 1.00 INCH OR MORE: 0
[HDD (BASE 65) ]
TOTAL THIS MO. 0 CLEAR (SCALE 0-3) 29
DPTR FM NORMAL -6 PTCLDY (SCALE 4-7) 2
TOTAL FM JUL 1 0 CLOUDY (SCALE 8-10) 0
DPTR FM NORMAL -6
[CDD (BASE 65) ]
TOTAL THIS MO. 386
DPTR FM NORMAL 99 [PRESSURE DATA]
TOTAL FM JAN 1 659 HIGHEST SLP 30.16 ON 30
DPTR FM NORMAL 223 LOWEST SLP 29.58 ON 7
[REMARKS]
#FINAL-07-20#