000
CXUS55 KCYS 011618
CLMCDR
CLIMATE REPORT
NATIONAL WEATHER SERVICE CHEYENNE WY
918 AM MST THU FEB 01 2024
...................................
...THE CHADRON NEBRASKA AIRPORT CLIMATE SUMMARY FOR THE MONTH OF JANUARY 2024...
CLIMATE NORMAL PERIOD 1991 TO 2020
CLIMATE RECORD PERIOD 1895 TO 2024
WEATHER OBSERVED NORMAL DEPART LAST YEAR`S
VALUE DATE(S) VALUE FROM VALUE DATE(S)
NORMAL
................................................................
TEMPERATURE (F)
RECORD
HIGH 70 01/30/1989
01/08/1927
LOW -29 01/21/1949
HIGHEST 62 01/31 MM MM 47
LOWEST -26 01/13 MM MM -18
AVG. MAXIMUM 31.4 38.3 -6.9 33.0
AVG. MINIMUM 4.8 12.7 -7.9 13.2
MEAN 18.1 25.5 -7.4 23.1
DAYS MAX >= 90 0 0.0 0.0 0
DAYS MAX <= 32 13 9.0 4.0 10
DAYS MIN <= 32 31 30.8 0.2 29
DAYS MIN <= 0 11 4.7 6.3 2
PRECIPITATION (INCHES)
RECORD
MAXIMUM 2.40 1949
TOTALS T 0.15 -0.15 1.31
DAYS >= .01 0 3.1 -3.1 11
DAYS >= .10 0 0.5 -0.5 4
DAYS >= .50 0 0.0 0.0 0
DAYS >= 1.00 0 0.0 0.0 0
GREATEST
24 HR. TOTAL T 01/14 TO 01/14 0.44 01/02 TO 01/02
01/15 TO 01/15
01/18 TO 01/18
DEGREE DAYS
HEATING TOTAL 1447 1224 223 1206
SINCE 7/1 3910 4020 -110 MM
COOLING TOTAL 0 0 0 0
SINCE 1/1 0 0 0 MM
................................................................
WIND (MPH)
AVERAGE WIND SPEED 6.7
HIGHEST WIND SPEED/DIRECTION 37/280 DATE 01/13
HIGHEST GUST SPEED/DIRECTION 45/270 DATE 01/13
SKY COVER
POSSIBLE SUNSHINE (PERCENT) MM
AVERAGE SKY COVER 0.29
NUMBER OF DAYS FAIR 18
NUMBER OF DAYS PC 11
NUMBER OF DAYS CLOUDY 2
AVERAGE RH (PERCENT) 72
WEATHER CONDITIONS. NUMBER OF DAYS WITH
THUNDERSTORM 0 MIXED PRECIP 0
HEAVY RAIN 0 RAIN 0
LIGHT RAIN 0 FREEZING RAIN 0
LT FREEZING RAIN 0 HAIL 0
HEAVY SNOW 2 SNOW 2
LIGHT SNOW 9 SLEET 0
FOG 13 FOG W/VIS <= 1/4 MILE 5
HAZE 11
- INDICATES NEGATIVE NUMBERS.
R INDICATES RECORD WAS SET OR TIED.
MM INDICATES DATA IS MISSING.
T INDICATES TRACE AMOUNT.
$$