000
CXUS54 KFWD 010731
CF6GDJ
PRELIMINARY LOCAL CLIMATOLOGICAL DATA (WS FORM: F-6)
STATION: GRANBURY
MONTH: JULY
YEAR: 2021
LATITUDE: 32 26 N
LONGITUDE: 97 48 W
TEMPERATURE IN F: :PCPN: SNOW: WIND :SUNSHINE: SKY :PK WND
================================================================================
1 2 3 4 5 6A 6B 7 8 9 10 11 12 13 14 15 16 17 18
12Z AVG MX 2MIN
DY MAX MIN AVG DEP HDD CDD WTR SNW DPTH SPD SPD DIR MIN PSBL S-S WX SPD DR
================================================================================
1 97 74 86 3 0 21 0.00 M M 3.4 12 60 M M 2 17 60
2 94 76 85 2 0 20 0.00 M M 4.0 13 40 M M 6 3 20 130
3 81 73 77 -6 0 12 3.00 M M 4.1 12 130 M M 8 3 25 140
4 88 75 82 -1 0 17 0.00 M M 6.3 13 110 M M 7 17 100
5 91 74 83 0 0 18 0.04 M M 5.4 15 150 M M 6 32 120
6 92 73 83 0 0 18 0.00 M M 5.4 15 80 M M 5 1 23 80
7 92 72 82 -1 0 17 0.00 M M 2.6 8 120 M M 1 M M
8 93 73 83 0 0 18 0.00 M M 5.1 9 140 M M 1 21 150
9 85 76 81 -2 0 16 0.03 M M 8.5 17 110 M M 9 26 140
10 95 75 85 2 0 20 0.00 M M 9.5 20 210 M M 5 28 210
11 92 71 82 -1 0 17 0.11 M M 7.5 25 350 M M 2 3 36 350
12 91 72 82 -2 0 17 0.00 M M 5.9 14 250 M M 2 26 240
13 95 72 84 0 0 19 0.00 M M 6.9 12 140 M M 1 18 140
14 93 70 82 -2 0 17 0.00 M M 9.5 18 150 M M 3 22 150
15 94 75 85 1 0 20 M M M 9.8 16 190 M M 4 23 190
16 94 78 86 2 0 21 M M M 8.2 12 180 M M 2 21 170
17 94 78 86 2 0 21 M M M 9.0 15 210 M M 3 18 190
18 93 76 85 1 0 20 0.17 M M 4.5 15 230 M M 2 25 290
19 90 75 83 -1 0 18 0.52 M M 4.3 14 40 M M 3 29 40
20 90 72 81 -3 0 16 M M M 4.1 10 20 M M 5 24 20
21 91 70 81 -3 0 16 0.04 M M 3.4 14 90 M M 3 20 90
22 93 70 82 -2 0 17 0.05 M M 4.7 10 150 M M 2 1 17 160
23 96 76 86 2 0 21 0.00 M M 10.0 14 170 M M 4 23 200
24 101 77 89 5 0 24 0.00 M M 8.7 14 190 M M 1 17 190
25 100 76 88 4 0 23 0.00 M M 5.8 12 130 M M 0 M M
26 100 74 87 3 0 22 0.00 M M 4.6 9 140 M M 0 M M
27 101 77 89 5 0 24 0.00 M M 3.7 10 110 M M 1 20 110
28 97 78 88 4 0 23 0.00 M M 4.7 9 110 M M 1 M M
29 98 76 87 3 0 22 0.00 M M 3.8 9 140 M M 1 16 120
30 99 76 88 4 0 23 0.00 M M 4.3 9 150 M M 0 M M
31 100 78 89 5 0 24 0.00 M M 4.8 9 150 M M 1 M M
================================================================================
SM 2910 2308 0 602 3.96 M 182.4 M 91
================================================================================
AV 93.9 74.5 5.9 FASTST M M 3 MAX(MPH)
MISC ----> 25 350 36 350
================================================================================
NOTES:
# LAST OF SEVERAL OCCURRENCES
COLUMN 17 PEAK WIND IN M.P.H.
PRELIMINARY LOCAL CLIMATOLOGICAL DATA (WS FORM: F-6) , PAGE 2
STATION: GRANBURY
MONTH: JULY
YEAR: 2021
LATITUDE: 32 26 N
LONGITUDE: 97 48 W
[TEMPERATURE DATA] [PRECIPITATION DATA] SYMBOLS USED IN COLUMN 16
AVERAGE MONTHLY: 84.2 TOTAL FOR MONTH: 3.96 1 = FOG OR MIST
DPTR FM NORMAL: 0.7 DPTR FM NORMAL: M 2 = FOG REDUCING VISIBILITY
HIGHEST: 101 ON 27,24 GRTST 24HR 3.00 ON 3- 3 TO 1/4 MILE OR LESS
LOWEST: 70 ON 22,21 3 = THUNDER
SNOW, ICE PELLETS, HAIL 4 = ICE PELLETS
TOTAL MONTH: M 5 = HAIL
GRTST 24HR M ON M 6 = FREEZING RAIN OR DRIZZLE
GRTST DEPTH: M ON M 7 = DUSTSTORM OR SANDSTORM:
VSBY 1/2 MILE OR LESS
8 = SMOKE OR HAZE
[NO. OF DAYS WITH] [WEATHER - DAYS WITH] 9 = BLOWING SNOW
X = TORNADO
MAX 32 OR BELOW: 0 0.01 INCH OR MORE: 8
MAX 90 OR ABOVE: 28 0.10 INCH OR MORE: 4
MIN 32 OR BELOW: 0 0.50 INCH OR MORE: 2
MIN 0 OR BELOW: 0 1.00 INCH OR MORE: 1
[HDD (BASE 65) ]
TOTAL THIS MO. 0 CLEAR (SCALE 0-3) 20
DPTR FM NORMAL 0 PTCLDY (SCALE 4-7) 10
TOTAL FM JUL 1 0 CLOUDY (SCALE 8-10) 1
DPTR FM NORMAL 0
[CDD (BASE 65) ]
TOTAL THIS MO. 602
DPTR FM NORMAL 29 [PRESSURE DATA]
TOTAL FM JAN 1 1466 HIGHEST SLP M ON M
DPTR FM NORMAL 117 LOWEST SLP M ON M
[REMARKS]
#FINAL-07-21#