000
CXUS54 KFWD 010730
CF6GDJ
PRELIMINARY LOCAL CLIMATOLOGICAL DATA (WS FORM: F-6)
STATION: GRANBURY
MONTH: JULY
YEAR: 2020
LATITUDE: 32 26 N
LONGITUDE: 97 48 W
TEMPERATURE IN F: :PCPN: SNOW: WIND :SUNSHINE: SKY :PK WND
================================================================================
1 2 3 4 5 6A 6B 7 8 9 10 11 12 13 14 15 16 17 18
12Z AVG MX 2MIN
DY MAX MIN AVG DEP HDD CDD WTR SNW DPTH SPD SPD DIR MIN PSBL S-S WX SPD DR
================================================================================
1 97 80 89 6 0 24 0.00 0.0 0 10.6 17 180 M M 2 21 130
2 97 76 87 4 0 22 0.00 0.0 0 6.7 17 210 M M 2 3 30 210
3 98 74 86 3 0 21 0.00 0.0 0 4.0 10 140 M M 0 16 140
4 100 72 86 3 0 21 0.00 0.0 0 5.6 9 100 M M 0 16 160
5 93 78 86 3 0 21 0.00 0.0 0 3.6 15 350 M M 3 3 21 350
6 91 73 82 -1 0 17 1.60 0.0 0 4.4 24 260 M M 4 38 39 280
7 89 74 82 -1 0 17 0.00 0.0 0 4.9 9 140 M M 4 3 M M
8 96 76 86 3 0 21 0.00 0.0 0 7.5 14 110 M M 3 18 110
9 98 80 89 6 0 24 0.00 0.0 0 9.5 14 140 M M 1 21 140
10 96 78 87 4 0 22 0.00 0.0 0 7.2 12 130 M M 1 16 60
11 101 79 90 7 0 25 0.00 0.0 0 6.4 14 150 M M 0 16 150
12 102 78 90 6 0 25 0.00 0.0 0 8.9 27 70 M M 0 39 70
13 105 79 92 8 0 27 0.00 0.0 0 8.9 15 140 M M 0 18 200
14 108 78 93 9 0 28 0.00 0.0 0 10.8 16 160 M M 0 8 25 170
15 100 82 91 7 0 26 0.00 0.0 0 10.8 16 170 M M 0 22 160
16 102 79 91 7 0 26 0.00 0.0 0 7.7 13 130 M M 0 16 140
17 99 79 89 5 0 24 0.00 0.0 0 8.3 15 100 M M 0 23 100
18 94 77 86 2 0 21 0.00 0.0 0 8.6 15 130 M M 2 23 130
19 97 78 88 4 0 23 0.00 0.0 0 7.7 12 110 M M 1 17 130
20 98 78 88 4 0 23 0.00 0.0 0 8.7 16 110 M M 0 21 130
21 94 76 85 1 0 20 0.00 0.0 0 7.9 14 120 M M 1 18 100
22 98 77 88 4 0 23 0.00 0.0 0 7.4 13 110 M M 1 18 100
23 98 78 88 4 0 23 0.00 0.0 0 8.4 16 110 M M 1 18 100
24 98 75 87 3 0 22 0.00 0.0 0 6.9 15 90 M M 2 20 90
25 93 78 86 2 0 21 T 0.0 0 8.2 12 70 M M 5 17 100
26 94 76 85 1 0 20 0.00 0.0 0 5.9 12 110 M M 5 M M
27 95 75 85 1 0 20 0.00 0.0 0 7.6 14 120 M M 3 17 100
28 84 78 81 -3 0 16 0.19 0.0 0 5.6 10 230 M M 4 M M
29 97 78 88 4 0 23 0.00 0.0 0 7.7 14 160 M M 2 20 160
30 102 77 90 6 0 25 0.00 0.0 0 10.5 17 200 M M 1 24 190
31 94 73 84 0 0 19 0.00 0.0 0 7.2 15 320 M M 3 18 320
================================================================================
SM 3008 2389 0 690 1.79 0.0 234.1 M 51
================================================================================
AV 97.0 77.1 7.6 FASTST M M 2 MAX(MPH)
MISC ----> # 27 70 # 39 280
================================================================================
NOTES:
# LAST OF SEVERAL OCCURRENCES
COLUMN 17 PEAK WIND IN M.P.H.
PRELIMINARY LOCAL CLIMATOLOGICAL DATA (WS FORM: F-6) , PAGE 2
STATION: GRANBURY
MONTH: JULY
YEAR: 2020
LATITUDE: 32 26 N
LONGITUDE: 97 48 W
[TEMPERATURE DATA] [PRECIPITATION DATA] SYMBOLS USED IN COLUMN 16
AVERAGE MONTHLY: 87.1 TOTAL FOR MONTH: 1.79 1 = FOG OR MIST
DPTR FM NORMAL: 3.5 DPTR FM NORMAL: M 2 = FOG REDUCING VISIBILITY
HIGHEST: 108 ON 14 GRTST 24HR 1.60 ON 6- 6 TO 1/4 MILE OR LESS
LOWEST: 72 ON 4 3 = THUNDER
SNOW, ICE PELLETS, HAIL 4 = ICE PELLETS
TOTAL MONTH: 0.0 INCH 5 = HAIL
GRTST 24HR 0.0 6 = FREEZING RAIN OR DRIZZLE
GRTST DEPTH: 0 7 = DUSTSTORM OR SANDSTORM:
VSBY 1/2 MILE OR LESS
8 = SMOKE OR HAZE
[NO. OF DAYS WITH] [WEATHER - DAYS WITH] 9 = BLOWING SNOW
X = TORNADO
MAX 32 OR BELOW: 0 0.01 INCH OR MORE: 2
MAX 90 OR ABOVE: 29 0.10 INCH OR MORE: 2
MIN 32 OR BELOW: 0 0.50 INCH OR MORE: 1
MIN 0 OR BELOW: 0 1.00 INCH OR MORE: 1
[HDD (BASE 65) ]
TOTAL THIS MO. 0 CLEAR (SCALE 0-3) 26
DPTR FM NORMAL 0 PTCLDY (SCALE 4-7) 5
TOTAL FM JUL 1 0 CLOUDY (SCALE 8-10) 0
DPTR FM NORMAL 0
[CDD (BASE 65) ]
TOTAL THIS MO. 690
DPTR FM NORMAL 117 [PRESSURE DATA]
TOTAL FM JAN 1 1735 HIGHEST SLP M ON M
DPTR FM NORMAL 386 LOWEST SLP M ON M
[REMARKS]
#FINAL-07-20#