000
CXUS54 KEWX 011010
CF6GYB
PRELIMINARY LOCAL CLIMATOLOGICAL DATA (WS FORM: F-6)
STATION: GIDDINGS-LEE COUNTY AIRPORT
MONTH: JUNE
YEAR: 2021
LATITUDE: 30 10 N
LONGITUDE: 96 59 W
TEMPERATURE IN F: :PCPN: SNOW: WIND :SUNSHINE: SKY :PK WND
================================================================================
1 2 3 4 5 6A 6B 7 8 9 10 11 12 13 14 15 16 17 18
12Z AVG MX 2MIN
DY MAX MIN AVG DEP HDD CDD WTR SNW DPTH SPD SPD DIR MIN PSBL S-S WX SPD DR
================================================================================
1 82 68 75 M 0 10 0.30 M M 4.7 10 290 M M 6 25 290
2 86 65 76 M 0 11 0.05 M M 2.3 17 20 M M 4 41 0
3 79 65 72 M 0 7 0.51 M M 4.8 18 340 M M 6 26 340
4 80 67 74 M 0 9 0.56 M M 3.1 8 80 M M 6 M M
5 83 67 75 M 0 10 0.48 M M 2.0 9 160 M M 5 1 23 0
6 89 67 78 M 0 13 0.00 M M 4.4 9 170 M M 4 12 M M
7 89 77 83 M 0 18 0.00 M M 7.9 13 180 M M 7 1 20 180
8 89 77 83 M 0 18 0.00 M M 6.9 15 170 M M 4 1 21 180
9 92 76 84 M 0 19 0.00 M M 5.6 12 200 M M 4 1 17 190
10 92 76 84 M 0 19 0.00 M M 7.2 13 200 M M 4 17 200
11 91 76 84 M 0 19 0.00 M M 8.0 12 220 M M 5 18 210
12 91 75 83 M 0 18 0.00 M M 3.5 9 190 M M 3 8 M M
13 94 76 85 M 0 20 0.00 M M 1.6 6 250 M M 1 18 M M
14 96 74 85 M 0 20 0.00 M M 3.1 23 80 M M 1 8 31 80
15 94 73 84 M 0 19 0.00 M M 3.2 9 70 M M 1 24 110
16 92 70 81 M 0 16 0.00 M M 3.8 9 70 M M 0 M M
17 94 73 84 M 0 19 0.02 M M 2.3 9 90 M M 2 18 100
18 90 71 81 M 0 16 0.00 M M 2.5 7 80 M M 2 M M
19 93 67 80 M 0 15 0.00 M M 3.7 9 180 M M 1 M M
20 92 73 83 M 0 18 0.00 M M 6.0 10 170 M M 4 1 18 160
21 92 78 85 M 0 20 0.01 M M 6.9 16 180 M M 5 1 21 180
22 86 70 78 M 0 13 1.23 M M 5.3 21 120 M M 5 40 120
23 93 74 84 M 0 19 0.00 M M 5.0 13 200 M M 3 1 16 190
24 93 74 84 M 0 19 0.00 0.0 0 5.6 12 170 M M 3 17 200
25 93 77 85 M 0 20 0.00 0.0 0 7.6 12 170 M M 3 1 18 180
26 91 75 83 M 0 18 0.00 0.0 0 7.6 14 140 M M 3 1 20 140
27 89 74 82 M 0 17 0.73 M M 4.1 9 80 M M 2 17 260
28 82 72 77 M 0 12 0.29 M M 3.5 8 80 M M 4 1 16 70
29 86 73 80 M 0 15 0.26 M M 3.7 8 150 M M 5 1 20 170
30 90 73 82 M 0 17 0.01 0.0 0 3.2 7 120 M M 5 1 M M
================================================================================
SM 2683 2173 0 484 4.45 0.0 139.3 M 108
================================================================================
AV 89.4 72.4 4.6 FASTST M M 4 MAX(MPH)
MISC ----> 23 80 41 0
================================================================================
NOTES:
# LAST OF SEVERAL OCCURRENCES
COLUMN 17 PEAK WIND IN M.P.H.
PRELIMINARY LOCAL CLIMATOLOGICAL DATA (WS FORM: F-6) , PAGE 2
STATION: GIDDINGS-LEE COUNTY AIRPORT
MONTH: JUNE
YEAR: 2021
LATITUDE: 30 10 N
LONGITUDE: 96 59 W
[TEMPERATURE DATA] [PRECIPITATION DATA] SYMBOLS USED IN COLUMN 16
AVERAGE MONTHLY: 80.9 TOTAL FOR MONTH: 4.45 1 = FOG OR MIST
DPTR FM NORMAL: 0.0 DPTR FM NORMAL: M 2 = FOG REDUCING VISIBILITY
HIGHEST: 96 ON 14 GRTST 24HR 1.23 ON 22-22 TO 1/4 MILE OR LESS
LOWEST: 65 ON 3, 2 3 = THUNDER
SNOW, ICE PELLETS, HAIL 4 = ICE PELLETS
TOTAL MONTH: 0.0 INCH 5 = HAIL
GRTST 24HR 0.0 6 = FREEZING RAIN OR DRIZZLE
GRTST DEPTH: 0 7 = DUSTSTORM OR SANDSTORM:
VSBY 1/2 MILE OR LESS
8 = SMOKE OR HAZE
[NO. OF DAYS WITH] [WEATHER - DAYS WITH] 9 = BLOWING SNOW
X = TORNADO
MAX 32 OR BELOW: 0 0.01 INCH OR MORE: 12
MAX 90 OR ABOVE: 18 0.10 INCH OR MORE: 8
MIN 32 OR BELOW: 0 0.50 INCH OR MORE: 4
MIN 0 OR BELOW: 0 1.00 INCH OR MORE: 1
[HDD (BASE 65) ]
TOTAL THIS MO. 0 CLEAR (SCALE 0-3) 12
DPTR FM NORMAL M PTCLDY (SCALE 4-7) 18
TOTAL FM JUL 1 1513 CLOUDY (SCALE 8-10) 0
DPTR FM NORMAL M
[CDD (BASE 65) ]
TOTAL THIS MO. 484
DPTR FM NORMAL M [PRESSURE DATA]
TOTAL FM JAN 1 962 HIGHEST SLP M ON M
DPTR FM NORMAL M LOWEST SLP M ON M
[REMARKS]
#FINAL-06-21#