348
CDUS43 KEAX 210634
CLIMCI

CLIMATE REPORT
NATIONAL WEATHER SERVICE KANSAS CITY/PLEASANT HILL MO
133 AM CDT SAT APR 21 2018


...................................

...THE KANSAS CITY INTERNATIONAL MO CLIMATE SUMMARY FOR APRIL 20 2018...

CLIMATE NORMAL PERIOD 1981 TO 2010
CLIMATE RECORD PERIOD 1888 TO 2018


WEATHER ITEM   OBSERVED TIME   RECORD YEAR NORMAL DEPARTURE LAST
                VALUE   (LST)  VALUE       VALUE  FROM      YEAR
                                                  NORMAL
..................................................................
TEMPERATURE (F)
 YESTERDAY
  MAXIMUM         63    335 PM  90    1902  67     -4       70
  MINIMUM         37    122 AM  29    1953  46     -9       50
  AVERAGE         50                        56     -6       60

PRECIPITATION (IN)
  YESTERDAY        0.00          1.66 1992   0.13  -0.13     0.24
  MONTH TO DATE    0.58                      2.23  -1.65     4.27
  SINCE MAR 1      2.23                      4.60  -2.37     7.08
  SINCE JAN 1      4.68                      7.13  -2.45     8.53

SNOWFALL (IN)
  YESTERDAY        0.0           2.7  1992   0.0    0.0      0.0
  MONTH TO DATE    1.9                       0.5    1.4      0.0
  SINCE MAR 1      1.9                       2.5   -0.6      0.4
  SINCE JUL 1      7.7                      18.7  -11.0      4.9
  SNOW DEPTH       0

DEGREE DAYS
 HEATING
  YESTERDAY       15                        10      5        5
  MONTH TO DATE  462                       250    212      138
  SINCE MAR 1   1117                       896    221      663
  SINCE JUL 1   5044                      4941    103     3917

 COOLING
  YESTERDAY        0                         1     -1        0
  MONTH TO DATE    6                        14     -8       27
  SINCE MAR 1      6                        17    -11       33
  SINCE JAN 1      6                        17    -11       33
..................................................................


WIND (MPH)
  HIGHEST WIND SPEED    22   HIGHEST WIND DIRECTION    SE (130)
  HIGHEST GUST SPEED    26   HIGHEST GUST DIRECTION     E (100)
  AVERAGE WIND SPEED    11.3


SKY COVER
  POSSIBLE SUNSHINE  MM
  AVERAGE SKY COVER 0.6


WEATHER CONDITIONS
 THE FOLLOWING WEATHER WAS RECORDED YESTERDAY.
  NO SIGNIFICANT WEATHER WAS OBSERVED.


RELATIVE HUMIDITY (PERCENT)
 HIGHEST    64           200 AM
 LOWEST     25           400 PM
 AVERAGE    45

..........................................................


THE KANSAS CITY INTERNATIONAL MO CLIMATE NORMALS FOR TODAY
                         NORMAL    RECORD    YEAR
 MAXIMUM TEMPERATURE (F)   67        90      1980
 MINIMUM TEMPERATURE (F)   46        29      1982


SUNRISE AND SUNSET
APRIL 21 2018.........SUNRISE   633 AM CDT   SUNSET   802 PM CDT
APRIL 22 2018.........SUNRISE   632 AM CDT   SUNSET   803 PM CDT


-  INDICATES NEGATIVE NUMBERS.
R  INDICATES RECORD WAS SET OR TIED.
MM INDICATES DATA IS MISSING.
T  INDICATES TRACE AMOUNT.


&&

...MISCELLANEOUS CLIMATE DATA FROM YESTERDAY...

LOCATION                HIGH    LOW      PRECIP
ST. JOSEPH               64      28       0.00
DOWNTOWN KANSAS CITY     65      40       0.00
OLATHE NEW CENTURY       64      37       0.00
OLATHE JO CO EXEC        62      36       0.00
LEES SUMMIT              63      36       0.00
KIRKSVILLE               62      29       0.00
CHILLICOTHE              63      30       0.00
SEDALIA                  64      35       0.00
NWS PLEASANT HILL MO     65      38       0.00


THIS PRODUCT...ALONG WITH OTHER WEATHER...HYDROLOGICAL AND CLIMATE
INFORMATION...IS AVAILABLE ON THE WEB AT HTTP://WWW.WEATHER.GOV/EAX
OR AT HTTP://WEATHER.GOV

$$

CDB
