000
CXUS54 KMAF 011210
CF6MDD
PRELIMINARY LOCAL CLIMATOLOGICAL DATA (WS FORM: F-6)
STATION: MIDLAND AIRPARK
MONTH: NOVEMBER
YEAR: 2023
LATITUDE: 32 2 N
LONGITUDE: 102 6 W
TEMPERATURE IN F: :PCPN: SNOW: WIND :SUNSHINE: SKY :PK WND
================================================================================
1 2 3 4 5 6A 6B 7 8 9 10 11 12 13 14 15 16 17 18
12Z AVG MX 2MIN
DY MAX MIN AVG DEP HDD CDD WTR SNW DPTH SPD SPD DIR MIN PSBL S-S WX SPD DR
================================================================================
1 59 34 47 M 18 0 M M M 6.8 15 180 M M 0 22 150
2 70 43 57 M 8 0 M M M 11.0 15 190 M M 0 21 190
3 77 46 62 M 3 0 M M M 10.5 14 190 M M 0 20 180
4 82 48 65 M 0 0 M M M 7.5 13 190 M M 0 17 190
5 80 49 65 M 0 0 M M M 6.8 15 180 M M 0 1 18 190
6 87 56 72 M 0 7 M M M 9.4 14 190 M M 0 20 200
7 90 60 75 M 0 10 M M M 11.2 18 230 M M 0 26 250
8 89 61 75 M 0 10 M M M 9.0 20 260 M M 0 30 250
9 64 46 55 M 10 0 0.21 M M 12.7 20 50 M M 9 1 29 50
10 54 44 49 M 16 0 0.09 M M 7.8 13 40 M M 8 1 M M
11 53 46 50 M 15 0 M M M 5.8 10 70 M M 10 1 M M
12 58 51 55 M 10 0 M M M 3.6 8 150 M M 10 18 M M
13 56 51 54 M 11 0 0.12 M M 6.2 10 130 M M 10 1 M M
14 55 49 52 M 13 0 0.01 M M 4.1 9 230 M M 10 1 M M
15 64 51 58 M 7 0 M M M 3.3 8 220 M M 6 128 M M
16 69 50 60 M 5 0 M M M 7.8 13 170 M M 0 M M
17 70 52 61 M 4 0 M M M 9.5 15 360 M M 0 22 340
18 57 50 54 M 11 0 M M M 8.1 15 150 M M 8 1 22 150
19 76 53 65 M 0 0 M M M 11.6 23 260 M M 5 1 30 260
20 67 47 57 M 8 0 M M M 10.7 18 330 M M 1 28 330
21 58 40 49 M 16 0 M M M 12.7 20 350 M M 3 32 20
22 63 36 50 M 15 0 M M M 6.6 10 230 M M 0 M M
23 65 40 53 M 12 0 M M M 8.2 13 180 M M 0 16 160
24 55 39 47 M 18 0 M M M 9.8 17 40 M M 4 18 30
25 55 43 49 M 16 0 0.02 M M 7.5 15 70 M M 10 1 M M
26 51 34 43 M 22 0 M M M 7.0 14 40 M M 1 18 40
27 52 34 43 M 22 0 M M M 5.4 12 170 M M 6 8 M M
28 58 38 48 M 17 0 M M M 6.0 13 210 M M 2 18 170
29 62 42 52 M 13 0 M M M 10.1 16 150 M M 2 25 170
30 67 48 58 M 7 0 M M M 14.5 28 260 M M 4 8 44 260
================================================================================
SM 1963 1381 297 27 0.45 M 251.1 M 109
================================================================================
AV 65.4 46.0 8.4 FASTST M M 4 MAX(MPH)
MISC ----> 28 260 44 260
================================================================================
NOTES:
# LAST OF SEVERAL OCCURRENCES
COLUMN 17 PEAK WIND IN M.P.H.
PRELIMINARY LOCAL CLIMATOLOGICAL DATA (WS FORM: F-6) , PAGE 2
STATION: MIDLAND AIRPARK
MONTH: NOVEMBER
YEAR: 2023
LATITUDE: 32 2 N
LONGITUDE: 102 6 W
[TEMPERATURE DATA] [PRECIPITATION DATA] SYMBOLS USED IN COLUMN 16
AVERAGE MONTHLY: 55.7 TOTAL FOR MONTH: 0.45 1 = FOG OR MIST
DPTR FM NORMAL: 0.0 DPTR FM NORMAL: M 2 = FOG REDUCING VISIBILITY
HIGHEST: 90 ON 7 GRTST 24HR 0.21 ON 9- 9 TO 1/4 MILE OR LESS
LOWEST: 34 ON 27,26 3 = THUNDER
SNOW, ICE PELLETS, HAIL 4 = ICE PELLETS
TOTAL MONTH: M 5 = HAIL
GRTST 24HR M ON M 6 = FREEZING RAIN OR DRIZZLE
GRTST DEPTH: M ON M 7 = DUSTSTORM OR SANDSTORM:
VSBY 1/2 MILE OR LESS
8 = SMOKE OR HAZE
[NO. OF DAYS WITH] [WEATHER - DAYS WITH] 9 = BLOWING SNOW
X = TORNADO
MAX 32 OR BELOW: 0 0.01 INCH OR MORE: 5
MAX 90 OR ABOVE: 1 0.10 INCH OR MORE: 2
MIN 32 OR BELOW: 0 0.50 INCH OR MORE: 0
MIN 0 OR BELOW: 0 1.00 INCH OR MORE: 0
[HDD (BASE 65) ]
TOTAL THIS MO. 297 CLEAR (SCALE 0-3) 17
DPTR FM NORMAL M PTCLDY (SCALE 4-7) 5
TOTAL FM JUL 1 388 CLOUDY (SCALE 8-10) 8
DPTR FM NORMAL M
[CDD (BASE 65) ]
TOTAL THIS MO. 27
DPTR FM NORMAL M [PRESSURE DATA]
TOTAL FM JAN 1 2163 HIGHEST SLP M ON M
DPTR FM NORMAL M LOWEST SLP M ON M
[REMARKS]
#FINAL-11-23#