000
CXUS54 KOUN 271356
CF6OKC
PRELIMINARY LOCAL CLIMATOLOGICAL DATA (WS FORM: F-6)
STATION: OKLAHOMA CITY
MONTH: NOVEMBER
YEAR: 2020
LATITUDE: 35 24 N
LONGITUDE: 97 36 W
TEMPERATURE IN F: :PCPN: SNOW: WIND :SUNSHINE: SKY :PK WND
================================================================================
1 2 3 4 5 6A 6B 7 8 9 10 11 12 13 14 15 16 17 18
12Z AVG MX 2MIN
DY MAX MIN AVG DEP HDD CDD WTR SNW DPTH SPD SPD DIR MIN PSBL S-S WX SPD DR
================================================================================
1 64 41 53 -4 12 0 0.00 0.0 0 7.9 16 10 M M 1 20 20
2 68 35 52 -5 13 0 0.00 0.0 0 9.7 22 210 M M 0 28 200
3 76 41 59 3 6 0 0.00 0.0 0 10.8 26 220 M M 2 32 220
4 74 45 60 4 5 0 0.00 0.0 0 12.9 23 180 M M 6 28 180
5 74 46 60 5 5 0 0.00 0.0 0 5.9 14 160 M M 1 17 160
6 75 50 63 8 2 0 0.00 0.0 0 10.8 21 150 M M 2 1 26 140
7 74 53 64 10 1 0 0.00 0.0 0 12.7 20 150 M M 4 26 150
8 74 55 65 11 0 0 0.00 0.0 0 19.4 32 150 M M 4 1 39 160
9 71 61 66 12 0 1 0.00 0.0 0 17.7 26 180 M M 8 35 180
10 65 40 53 0 12 0 0.04 0.0 0 11.5 26 310 M M 4 1 32 310
11 62 33 48 -5 17 0 0.00 0.0 0 7.1 16 80 M M 1 20 80
12 72 42 57 5 8 0 0.00 0.0 0 16.1 25 10 M M 4 32 350
13 58 33 46 -6 19 0 T 0.0 0 7.7 18 20 M M 6 24 20
14 79 51 65 14 0 0 0.00 0.0 0 19.7 43 340 M M 6 51 350
15 59 36 48 -3 17 0 0.00 0.0 0 7.8 22 330 M M 2 28 340
16 69 33 51 1 14 0 0.00 0.0 0 6.6 18 220 M M 0 21 220
17 70 40 55 5 10 0 0.00 0.0 0 7.1 20 180 M M 0 27 180
18 72 45 59 9 6 0 0.00 0.0 0 19.3 33 190 M M 1 42 200
19 72 55 64 15 1 0 0.00 0.0 0 24.3 35 200 M M 3 44 200
20 75 55 65 16 0 0 0.00 0.0 0 12.4 25 190 M M 4 34 180
21 63 48 56 8 9 0 T 0.0 0 9.8 18 340 M M 10 18 22 340
22 51 33 42 -6 23 0 0.01 0.0 0 11.9 24 360 M M 7 13 28 10
23 52 31 42 -5 23 0 0.00 0.0 0 11.4 24 160 M M 7 1 31 160
24 61 42 52 5 13 0 0.25 0.0 0 17.8 26 300 M M 10 13 37 290
25 56 36 46 0 19 0 0.00 0.0 0 11.8 31 300 M M 2 37 280
26 67 33 50 4 15 0 0.00 0.0 0 11.8 28 180 M M 2 34 180
27 57 38 48 2 17 0 0.00 0.0 0 13.8 20 10 M M 5 24 10
28 47 34 41 -4 24 0 0.04 0.0 0 7.5 15 20 M M 7 18 20
29 49 33 41 -4 24 0 T 0.0 0 15.8 36 340 M M 7 44 350
30 47 25 36 -8 29 0 0.00 0.0 0 10.4 22 340 M M 0 26 350
================================================================================
SM 1953 1243 344 1 0.34 0.0 369.4 M 116
================================================================================
AV 65.1 41.4 12.3 FASTST M M 4 MAX(MPH)
MISC ----> 43 340 51 350
================================================================================
NOTES:
# LAST OF SEVERAL OCCURRENCES
COLUMN 17 PEAK WIND IN M.P.H.
PRELIMINARY LOCAL CLIMATOLOGICAL DATA (WS FORM: F-6) , PAGE 2
STATION: OKLAHOMA CITY
MONTH: NOVEMBER
YEAR: 2020
LATITUDE: 35 24 N
LONGITUDE: 97 36 W
[TEMPERATURE DATA] [PRECIPITATION DATA] SYMBOLS USED IN COLUMN 16
AVERAGE MONTHLY: 53.3 TOTAL FOR MONTH: 0.34 1 = FOG OR MIST
DPTR FM NORMAL: 2.6 DPTR FM NORMAL: -1.64 2 = FOG REDUCING VISIBILITY
HIGHEST: 79 ON 14 GRTST 24HR 0.25 ON 24-24 TO 1/4 MILE OR LESS
LOWEST: 25 ON 30 3 = THUNDER
SNOW, ICE PELLETS, HAIL 4 = ICE PELLETS
TOTAL MONTH: 0.0 INCH 5 = HAIL
GRTST 24HR 0.0 6 = FREEZING RAIN OR DRIZZLE
GRTST DEPTH: 0 7 = DUSTSTORM OR SANDSTORM:
VSBY 1/2 MILE OR LESS
8 = SMOKE OR HAZE
[NO. OF DAYS WITH] [WEATHER - DAYS WITH] 9 = BLOWING SNOW
X = TORNADO
MAX 32 OR BELOW: 0 0.01 INCH OR MORE: 4
MAX 90 OR ABOVE: 0 0.10 INCH OR MORE: 1
MIN 32 OR BELOW: 2 0.50 INCH OR MORE: 0
MIN 0 OR BELOW: 0 1.00 INCH OR MORE: 0
[HDD (BASE 65) ]
TOTAL THIS MO. 344 CLEAR (SCALE 0-3) 14
DPTR FM NORMAL -91 PTCLDY (SCALE 4-7) 14
TOTAL FM JUL 1 636 CLOUDY (SCALE 8-10) 2
DPTR FM NORMAL 39
[CDD (BASE 65) ]
TOTAL THIS MO. 1
DPTR FM NORMAL -6 [PRESSURE DATA]
TOTAL FM JAN 1 1778 HIGHEST SLP 30.56 ON 1
DPTR FM NORMAL -321 LOWEST SLP 29.53 ON 14
[REMARKS]
#FINAL-11-20#
CORRECTED MISSING SNOWFALL/SNOW DEPTH. LEFT SNOW DEPTHS MISSING FOR OPL DETERMINATION