000
CXUS55 KREV 011219
CF6RNO
PRELIMINARY LOCAL CLIMATOLOGICAL DATA (WS FORM: F-6)
STATION: RENO-TAHOE INTL AIRPORT NV
MONTH: JUNE
YEAR: 2023
LATITUDE: 39 30 N
LONGITUDE: 119 47 W
TEMPERATURE IN F: :PCPN: SNOW: WIND :SUNSHINE: SKY :PK WND
================================================================================
1 2 3 4 5 6A 6B 7 8 9 10 11 12 13 14 15 16 17 18
12Z AVG MX 2MIN
DY MAX MIN AVG DEP HDD CDD WTR SNW DPTH SPD SPD DIR MIN PSBL S-S WX SPD DR
================================================================================
1 80 52 66 1 0 1 0.00 0.0 0 8.5 26 290 M M 2 32 270
2 80 50 65 0 0 0 0.00 0.0 0 5.6 17 20 M M 1 22 60
3 82 53 68 3 0 3 0.00 0.0 0 4.5 15 60 M M 2 23 50
4 87 56 72 6 0 7 0.00 0.0 0 5.3 23 180 M M 6 3 29 180
5 84 58 71 5 0 6 0.03 0.0 0 6.7 35 170 M M 8 38 40 170
6 81 57 69 3 0 4 0.01 0.0 0 7.9 40 180 M M 7 48 170
7 82 51 67 1 0 2 T 0.0 0 7.4 25 330 M M 4 31 320
8 81 54 68 1 0 3 0.03 0.0 0 6.7 28 280 M M 7 3 37 280
9 79 57 68 1 0 3 0.00 0.0 0 6.3 20 280 M M 7 25 280
10 78 53 66 -1 0 1 0.07 0.0 0 6.6 33 170 M M 8 3 39 150
11 77 49 63 -5 2 0 0.30 M 0 5.2 24 300 M M 7 13 30 300
12 73 53 63 -5 2 0 0.02 0.0 0 4.9 17 320 M M 8 20 330
13 78 55 67 -1 0 2 0.16 0.0 0 5.8 25 10 M M 6 138 31 160
14 83 56 70 1 0 5 0.00 0.0 0 6.3 22 270 M M 6 26 280
15 81 54 68 -1 0 3 0.00 0.0 0 5.8 18 30 M M 4 24 40
16 81 51 66 -3 0 1 0.00 0.0 0 4.8 17 360 M M 1 19 10
17 86 53 70 0 0 5 0.00 0.0 0 8.8 28 290 M M 4 35 280
18 81 59 70 0 0 5 0.00 0.0 0 13.5 33 250 M M 4 46 280
19 66 49 58 -12 7 0 0.00 0.0 0 18.9 33 180 M M 1 41 260
20 70 41 56 -14 9 0 0.00 0.0 0 5.9 16 350 M M 2 19 360
21 76 45 61 -10 4 0 0.00 0.0 0 4.8 16 80 M M 1 21 70
22 78 50 64 -7 1 0 0.01 0.0 0 8.0 29 290 M M 7 3 36 280
23 78 54 66 -6 0 1 T 0.0 0 7.8 22 320 M M 6 28 330
24 84 53 69 -3 0 4 0.00 0.0 0 7.5 22 330 M M 5 26 340
25 81 58 70 -2 0 5 T 0.0 0 7.4 22 80 M M 5 3 30 100
26 78 55 67 -6 0 2 T 0.0 0 7.6 25 340 M M 5 3 33 330
27 80 52 66 -7 0 1 T 0.0 0 5.2 22 210 M M 3 138 26 210
28 85 54 70 -3 0 5 0.00 0.0 0 6.8 22 290 M M 3 25 290
29 88 56 72 -2 0 7 0.00 0.0 0 4.9 14 10 M M 1 19 340
30 94 58 76 2 0 11 0.00 0.0 0 4.6 14 290 M M 0 19 140
================================================================================
SM 2412 1596 25 87 0.63 0.0 210.0 M 131
================================================================================
AV 80.4 53.2 7.0 FASTST M M 4 MAX(MPH)
MISC ----> 40 180 48 170
================================================================================
NOTES:
# LAST OF SEVERAL OCCURRENCES
COLUMN 17 PEAK WIND IN M.P.H.
PRELIMINARY LOCAL CLIMATOLOGICAL DATA (WS FORM: F-6) , PAGE 2
STATION: RENO-TAHOE INTL AIRPORT NV
MONTH: JUNE
YEAR: 2023
LATITUDE: 39 30 N
LONGITUDE: 119 47 W
[TEMPERATURE DATA] [PRECIPITATION DATA] SYMBOLS USED IN COLUMN 16
AVERAGE MONTHLY: 66.8 TOTAL FOR MONTH: 0.63 1 = FOG OR MIST
DPTR FM NORMAL: -2.4 DPTR FM NORMAL: 0.22 2 = FOG REDUCING VISIBILITY
HIGHEST: 94 ON 30 GRTST 24HR 0.32 ON 11-12 TO 1/4 MILE OR LESS
LOWEST: 41 ON 20 3 = THUNDER
SNOW, ICE PELLETS, HAIL 4 = ICE PELLETS
TOTAL MONTH: 0.0 INCH 5 = HAIL
GRTST 24HR 0.0 6 = FREEZING RAIN OR DRIZZLE
GRTST DEPTH: 0 7 = DUSTSTORM OR SANDSTORM:
VSBY 1/2 MILE OR LESS
8 = SMOKE OR HAZE
[NO. OF DAYS WITH] [WEATHER - DAYS WITH] 9 = BLOWING SNOW
X = TORNADO
MAX 32 OR BELOW: 0 0.01 INCH OR MORE: 8
MAX 90 OR ABOVE: 1 0.10 INCH OR MORE: 2
MIN 32 OR BELOW: 0 0.50 INCH OR MORE: 0
MIN 0 OR BELOW: 0 1.00 INCH OR MORE: 0
[HDD (BASE 65) ]
TOTAL THIS MO. 25 CLEAR (SCALE 0-3) 10
DPTR FM NORMAL -22 PTCLDY (SCALE 4-7) 20
TOTAL FM JUL 1 5171 CLOUDY (SCALE 8-10) 0
DPTR FM NORMAL 504
[CDD (BASE 65) ]
TOTAL THIS MO. 87
DPTR FM NORMAL -86 [PRESSURE DATA]
TOTAL FM JAN 1 135 HIGHEST SLP 30.07 ON 21
DPTR FM NORMAL -83 LOWEST SLP 29.58 ON 19
[REMARKS]
#FINAL-06-23#
THE AVERAGE TEMPERATURE FOR JUNE 2023 AT THE RENO-TAHOE
INTERNATIONAL AIRPORT WAS 66.8 DEGREES, WHICH IS 2.4 DEGREES BELOW
NORMAL. THE HIGHEST TEMPERATURE FOR JUNE WAS 94 DEGREES, WHICH
OCCURRED ON THE 30TH. THE LOWEST TEMPERATURE FOR THE MONTH WAS 41
DEGREES, WHICH OCCURRED ON THE 20TH.
FOR JUNE 2023, 0.63 INCHES OF PRECIPITATION WERE RECORDED AT THE
RENO-TAHOE INTERNATIONAL AIRPORT. THIS IS 0.22 INCHES ABOVE NORMAL
FOR THE MONTH.
THE AVERAGE WIND SPEED FOR JUNE 2023 WAS 7.0 MPH. THE PEAK WIND GUST
FOR THE MONTH WAS 48 MPH FROM THE SOUTH ON THE 6TH.