000
CXUS56 KSGX 011045
CF6SDM
PRELIMINARY LOCAL CLIMATOLOGICAL DATA (WS FORM: F-6)
STATION: SAN DIEGO/BROWN
MONTH: JULY
YEAR: 2022
LATITUDE: 32 34 N
LONGITUDE: 116 59 W
TEMPERATURE IN F: :PCPN: SNOW: WIND :SUNSHINE: SKY :PK WND
================================================================================
1 2 3 4 5 6A 6B 7 8 9 10 11 12 13 14 15 16 17 18
12Z AVG MX 2MIN
DY MAX MIN AVG DEP HDD CDD WTR SNW DPTH SPD SPD DIR MIN PSBL S-S WX SPD DR
================================================================================
1 79 64 72 4 0 7 0.00 M M 4.5 13 250 M M 4 18 17 260
2 78 63 71 3 0 6 0.00 M M 4.7 13 280 M M 4 18 18 270
3 75 61 68 -1 0 3 0.00 M M 5.4 15 220 M M 5 8 30 210
4 73 59 66 -3 0 1 0.00 M M 5.0 15 260 M M 4 18 19 260
5 75 57 66 -3 0 1 0.00 M M 5.4 15 260 M M 4 18 19 250
6 78 63 71 2 0 6 0.00 M M 5.9 14 270 M M 6 18 20 270
7 76 64 70 1 0 5 0.00 M M 4.9 14 260 M M 6 18 20 260
8 77 62 70 1 0 5 0.00 M M 4.4 13 270 M M 4 8 19 260
9 80 62 71 2 0 6 0.00 M M 4.7 13 270 M M 3 17 270
10 79 63 71 1 0 6 0.00 M M 4.3 12 280 M M 5 18 16 270
11 75 62 69 -1 0 4 0.00 M M 4.6 12 300 M M 6 18 18 310
12 75 62 69 -1 0 4 0.00 M M 4.9 13 280 M M 6 18 18 270
13 75 62 69 -1 0 4 0.00 M M 4.9 14 260 M M 5 18 18 270
14 77 62 70 0 0 5 0.00 M M 5.3 13 250 M M 5 8 19 270
15 78 62 70 0 0 5 0.00 M M 4.0 12 280 M M 4 1 17 280
16 78 62 70 0 0 5 0.00 M M 4.4 12 260 M M 3 18 18 270
17 80 63 72 2 0 7 0.00 M M 4.3 10 280 M M 3 1238 17 290
18 80 64 72 2 0 7 0.00 M M 3.8 13 270 M M 0 19 280
19 82 63 73 3 0 8 0.00 M M 3.9 13 270 M M 0 17 260
20 83 65 74 4 0 9 0.00 M M 3.1 14 280 M M 3 18 19 270
21 84 63 74 4 0 9 0.00 M M 4.1 14 250 M M 2 18 17 270
22 78 60 69 -1 0 4 0.00 M M 3.8 13 250 M M 2 1 17 280
23 79 63 71 1 0 6 0.00 M M 4.6 13 270 M M 5 19 290
24 77 63 70 -1 0 5 0.00 M M 4.6 13 260 M M 5 8 17 250
25 79 62 71 0 0 6 0.00 M M 4.1 14 260 M M 5 19 260
26 80 64 72 1 0 7 0.00 M M 4.0 12 270 M M 5 18 270
27 79 65 72 1 0 7 0.00 M M 4.8 14 250 M M 4 18 270
28 81 62 72 1 0 7 0.00 M M 4.4 12 280 M M 1 16 280
29 76 62 69 -2 0 4 0.00 M M 3.3 13 260 M M 2 18 15 260
30 81 65 73 2 0 8 T M M 3.7 14 250 M M 2 18 250
31 83 67 75 4 0 10 0.00 M M 3.6 14 270 M M 2 19 260
================================================================================
SM 2430 1941 0 177 T M 137.4 M 115
================================================================================
AV 78.4 62.6 4.4 FASTST M M 4 MAX(MPH)
MISC ----> # 15 220 30 210
================================================================================
NOTES:
# LAST OF SEVERAL OCCURRENCES
COLUMN 17 PEAK WIND IN M.P.H.
PRELIMINARY LOCAL CLIMATOLOGICAL DATA (WS FORM: F-6) , PAGE 2
STATION: SAN DIEGO/BROWN
MONTH: JULY
YEAR: 2022
LATITUDE: 32 34 N
LONGITUDE: 116 59 W
[TEMPERATURE DATA] [PRECIPITATION DATA] SYMBOLS USED IN COLUMN 16
AVERAGE MONTHLY: 70.5 TOTAL FOR MONTH: T 1 = FOG OR MIST
DPTR FM NORMAL: 0.6 DPTR FM NORMAL: -0.04 2 = FOG REDUCING VISIBILITY
HIGHEST: 84 ON 21 GRTST 24HR T ON 15-15 TO 1/4 MILE OR LESS
LOWEST: 57 ON 5 3 = THUNDER
SNOW, ICE PELLETS, HAIL 4 = ICE PELLETS
TOTAL MONTH: M 5 = HAIL
GRTST 24HR M ON M 6 = FREEZING RAIN OR DRIZZLE
GRTST DEPTH: M ON M 7 = DUSTSTORM OR SANDSTORM:
VSBY 1/2 MILE OR LESS
8 = SMOKE OR HAZE
[NO. OF DAYS WITH] [WEATHER - DAYS WITH] 9 = BLOWING SNOW
X = TORNADO
MAX 32 OR BELOW: 0 0.01 INCH OR MORE: 0
MAX 90 OR ABOVE: 0 0.10 INCH OR MORE: 0
MIN 32 OR BELOW: 0 0.50 INCH OR MORE: 0
MIN 0 OR BELOW: 0 1.00 INCH OR MORE: 0
[HDD (BASE 65) ]
TOTAL THIS MO. 0 CLEAR (SCALE 0-3) 10
DPTR FM NORMAL -1 PTCLDY (SCALE 4-7) 21
TOTAL FM JUL 1 0 CLOUDY (SCALE 8-10) 0
DPTR FM NORMAL 0
[CDD (BASE 65) ]
TOTAL THIS MO. 177
DPTR FM NORMAL 24 [PRESSURE DATA]
TOTAL FM JAN 1 417 HIGHEST SLP 30.09 ON 9
DPTR FM NORMAL 161 LOWEST SLP 29.82 ON 22
[REMARKS]
#FINAL-07-22#