290
CXUS56 KLOX 011655
CF6SMO
PRELIMINARY LOCAL CLIMATOLOGICAL DATA (WS FORM: F-6)
STATION: SANTA MONICA AIRPORT CA
MONTH: JUNE
YEAR: 2019
LATITUDE: 34 0 N
LONGITUDE: 118 27 W
TEMPERATURE IN F: :PCPN: SNOW: WIND :SUNSHINE: SKY :PK WND
================================================================================
1 2 3 4 5 6A 6B 7 8 9 10 11 12 13 14 15 16 17 18
12Z AVG MX 2MIN
DY MAX MIN AVG DEP HDD CDD WTR SNW DPTH SPD SPD DIR MIN PSBL S-S WX SPD DR
================================================================================
1 65 59 62 -2 3 0 0.00 0.0 0 5.3 10 220 M M 10 1 14 220
2 66 60 63 -1 2 0 0.00 0.0 0 5.5 13 230 M M 7 16 240
3 67 60 64 0 1 0 0.00 0.0 0 4.9 15 240 M M 9 18 230
4 67 60 64 0 1 0 0.00 0.0 0 4.3 14 230 M M 9 18 19 210
5 69 60 65 1 0 0 0.00 0.0 0 3.9 10 230 M M 9 18 15 210
6 69 61 65 1 0 0 0.00 0.0 0 4.8 13 230 M M 10 18 17 230
7 68 61 65 1 0 0 0.00 0.0 0 5.7 14 240 M M 8 18 230
8 70 62 66 2 0 1 0.00 0.0 0 5.4 14 240 M M 4 17 240
9 72 61 67 3 0 2 0.00 0.0 0 4.4 14 230 M M 4 18 19 250
10 80 61 71 6 0 6 0.00 0.0 0 4.6 20 200 M M 0 1 25 200
11 76 63 70 5 0 5 0.00 0.0 0 5.1 14 220 M M 1 16 210
12 72 62 67 2 0 2 0.00 0.0 0 5.3 13 240 M M 6 18 17 240
13 69 61 65 0 0 0 0.00 0.0 0 5.8 13 220 M M 9 18 18 220
14 69 61 65 0 0 0 0.00 0.0 0 6.3 13 220 M M 7 16 220
15 71 62 67 2 0 2 0.00 0.0 0 5.1 13 260 M M 6 18 230
16 70 62 66 1 0 1 0.00 0.0 0 5.1 13 240 M M 9 18 16 240
17 69 61 65 0 0 0 0.00 0.0 0 5.0 10 210 M M 8 1 13 200
18 69 62 66 0 0 1 0.00 0.0 0 6.3 13 220 M M 10 18 17 210
19 71 63 67 1 0 2 0.00 0.0 0 5.1 14 240 M M 6 21 260
20 70 63 67 1 0 2 T 0.0 0 6.0 13 210 M M 9 16 220
21 69 61 65 -1 0 0 T 0.0 0 5.4 12 220 M M 10 18 14 210
22 71 61 66 0 0 1 0.00 0.0 0 6.9 15 250 M M 6 20 250
23 70 60 65 -1 0 0 0.00 0.0 0 5.9 15 230 M M 8 1 19 240
24 67 61 64 -2 1 0 T 0.0 0 4.4 12 220 M M 10 1 15 200
25 66 61 64 -2 1 0 0.00 0.0 0 4.9 13 220 M M 10 15 230
26 70 61 66 -1 0 1 0.00 0.0 0 6.4 13 240 M M 7 28 100
27 72 60 66 -1 0 1 0.00 0.0 0 4.5 14 240 M M 6 8 18 240
28 73 61 67 0 0 2 0.00 0.0 0 5.7 14 210 M M 5 19 230
29 77 58 68 1 0 3 0.00 0.0 0 4.3 13 210 M M 0 18 16 200
30 77 60 69 2 0 4 0.00 0.0 0 4.5 13 240 M M 0 18 230
================================================================================
SM 2111 1829 9 36 T 0.0 156.9 M 203
================================================================================
AV 70.4 61.0 5.2 FASTST M M 7 MAX(MPH)
MISC ----> # 20 200 # 28 100
================================================================================
NOTES:
# LAST OF SEVERAL OCCURRENCES
COLUMN 17 PEAK WIND IN M.P.H.
PRELIMINARY LOCAL CLIMATOLOGICAL DATA (WS FORM: F-6) , PAGE 2
STATION: SANTA MONICA AIRPORT CA
MONTH: JUNE
YEAR: 2019
LATITUDE: 34 0 N
LONGITUDE: 118 27 W
[TEMPERATURE DATA] [PRECIPITATION DATA] SYMBOLS USED IN COLUMN 16
AVERAGE MONTHLY: 65.7 TOTAL FOR MONTH: T 1 = FOG OR MIST
DPTR FM NORMAL: 0.4 DPTR FM NORMAL: -0.07 2 = FOG REDUCING VISIBILITY
HIGHEST: 80 ON 10 GRTST 24HR T ON 24-24 TO 1/4 MILE OR LESS
LOWEST: 58 ON 29 3 = THUNDER
SNOW, ICE PELLETS, HAIL 4 = ICE PELLETS
TOTAL MONTH: 0.0 INCH 5 = HAIL
GRTST 24HR 0.0 6 = FREEZING RAIN OR DRIZZLE
GRTST DEPTH: 0 7 = DUSTSTORM OR SANDSTORM:
VSBY 1/2 MILE OR LESS
8 = SMOKE OR HAZE
[NO. OF DAYS WITH] [WEATHER - DAYS WITH] 9 = BLOWING SNOW
X = TORNADO
MAX 32 OR BELOW: 0 0.01 INCH OR MORE: 0
MAX 90 OR ABOVE: 0 0.10 INCH OR MORE: 0
MIN 32 OR BELOW: 0 0.50 INCH OR MORE: 0
MIN 0 OR BELOW: 0 1.00 INCH OR MORE: 0
[HDD (BASE 65) ]
TOTAL THIS MO. 9 CLEAR (SCALE 0-3) 4
DPTR FM NORMAL -13 PTCLDY (SCALE 4-7) 13
TOTAL FM JUL 1 973 CLOUDY (SCALE 8-10) 13
DPTR FM NORMAL -554
[CDD (BASE 65) ]
TOTAL THIS MO. 36
DPTR FM NORMAL 5 [PRESSURE DATA]
TOTAL FM JAN 1 68 HIGHEST SLP 30.02 ON 28
DPTR FM NORMAL 3 LOWEST SLP 29.84 ON 16
[REMARKS]
#FINAL-06-19#