000
CXUS54 KBMX 021448
CF6TOI
PRELIMINARY LOCAL CLIMATOLOGICAL DATA (WS FORM: F-6)
STATION: TROY
MONTH: MAY
YEAR: 2022
LATITUDE: 31 51 N
LONGITUDE: 86 1 W
TEMPERATURE IN F: :PCPN: SNOW: WIND :SUNSHINE: SKY :PK WND
================================================================================
1 2 3 4 5 6A 6B 7 8 9 10 11 12 13 14 15 16 17 18
12Z AVG MX 2MIN
DY MAX MIN AVG DEP HDD CDD WTR SNW DPTH SPD SPD DIR MIN PSBL S-S WX SPD DR
================================================================================
1 85 64 75 7 0 10 0.00 0.0 0 3.9 16 180 M M 4 138 22 180
2 89 64 77 9 0 12 T 0.0 0 3.7 20 190 M M 5 123 27 190
3 90 63 77 9 0 12 0.00 0.0 M 3.3 14 190 M M 3 128 17 220
4 91 66 79 11 0 14 0.00 0.0 0 2.2 12 210 M M 4 128 14 210
5 91 65 78 9 0 13 0.00 0.0 0 4.8 16 200 M M 2 128 21 200
6 87 63 75 6 0 10 0.43 0.0 0 9.4 23 240 M M 3 3 32 240
7 83 57 70 1 0 5 0.00 0.0 0 7.4 21 310 M M 0 25 310
8 83 53 68 -1 0 3 0.00 0.0 0 3.3 12 290 M M 0 18 16 360
9 82 60 71 1 0 6 0.00 0.0 0 6.2 15 100 M M 0 21 80
10 85 55 70 0 0 5 0.00 0.0 0 3.4 13 120 M M 0 17 50
11 89 52 71 1 0 6 0.00 0.0 0 2.7 15 340 M M 0 18 22 360
12 90 61 76 6 0 11 0.00 0.0 0 3.3 13 20 M M 2 1 19 40
13 86 63 75 4 0 10 0.00 0.0 0 4.6 13 10 M M 1 17 80
14 89 60 75 4 0 10 0.00 0.0 0 1.5 8 110 M M 1 1 11 110
15 92 67 80 9 0 15 0.01 0.0 0 5.1 22 340 M M 3 3 26 190
16 92 63 78 6 0 13 0.00 0.0 0 4.7 15 320 M M 1 18 19 310
17 92 64 78 6 0 13 0.00 0.0 0 3.5 15 360 M M 0 17 340
18 94 61 78 6 0 13 0.00 0.0 M 3.4 13 190 M M 1 15 190
19 94 74 84 12 0 19 0.00 0.0 0 6.9 14 190 M M 5 18 20 200
20 90 73 82 9 0 17 0.04 0.0 0 5.3 17 180 M M 5 3 28 180
21 93 68 81 8 0 16 T 0.0 0 5.2 20 160 M M 4 13 27 150
22 89 67 78 5 0 13 0.34 0.0 0 3.9 16 210 M M 3 1 44 180
23 83 67 75 2 0 10 1.19 0.0 0 6.8 29 230 M M 3 1 44 210
24 90 70 80 6 0 15 T 0.0 0 4.6 24 130 M M 3 3 33 130
25 82 70 76 2 0 11 1.62 0.0 0 6.9 17 110 M M 5 13 21 160
26 74 69 72 -2 0 7 0.89 0.0 M 5.7 14 160 M M 8 13 22 170
27 87 67 77 3 0 12 0.00 0.0 0 8.0 17 240 M M 4 23 240
28 86 60 73 -2 0 8 0.00 0.0 0 2.6 10 320 M M 1 15 340
29 90 60 75 0 0 10 T 0.0 0 3.3 16 210 M M 4 20 200
30 92 67 80 5 0 15 0.00 0.0 0 2.3 12 140 M M 3 18 14 140
31 93 70 82 7 0 17 0.00 0.0 0 2.7 12 70 M M 3 15 160
================================================================================
SM 2733 1983 0 351 4.52 0.0 140.6 M 81
================================================================================
AV 88.2 64.0 4.5 FASTST M M 3 MAX(MPH)
MISC ----> 29 230 44 210
================================================================================
NOTES:
# LAST OF SEVERAL OCCURRENCES
COLUMN 17 PEAK WIND IN M.P.H.
PRELIMINARY LOCAL CLIMATOLOGICAL DATA (WS FORM: F-6) , PAGE 2
STATION: TROY
MONTH: MAY
YEAR: 2022
LATITUDE: 31 51 N
LONGITUDE: 86 1 W
[TEMPERATURE DATA] [PRECIPITATION DATA] SYMBOLS USED IN COLUMN 16
AVERAGE MONTHLY: 76.1 TOTAL FOR MONTH: 4.52 1 = FOG OR MIST
DPTR FM NORMAL: 4.5 DPTR FM NORMAL: 1.45 2 = FOG REDUCING VISIBILITY
HIGHEST: 94 ON 19,18 GRTST 24HR 1.65 ON 25-26 TO 1/4 MILE OR LESS
LOWEST: 52 ON 11 3 = THUNDER
SNOW, ICE PELLETS, HAIL 4 = ICE PELLETS
TOTAL MONTH: 0.0 INCH 5 = HAIL
GRTST 24HR 0.0 6 = FREEZING RAIN OR DRIZZLE
GRTST DEPTH: 0 7 = DUSTSTORM OR SANDSTORM:
VSBY 1/2 MILE OR LESS
8 = SMOKE OR HAZE
[NO. OF DAYS WITH] [WEATHER - DAYS WITH] 9 = BLOWING SNOW
X = TORNADO
MAX 32 OR BELOW: 0 0.01 INCH OR MORE: 7
MAX 90 OR ABOVE: 15 0.10 INCH OR MORE: 5
MIN 32 OR BELOW: 0 0.50 INCH OR MORE: 3
MIN 0 OR BELOW: 0 1.00 INCH OR MORE: 2
[HDD (BASE 65) ]
TOTAL THIS MO. 0 CLEAR (SCALE 0-3) 19
DPTR FM NORMAL -16 PTCLDY (SCALE 4-7) 12
TOTAL FM JUL 1 1552 CLOUDY (SCALE 8-10) 0
DPTR FM NORMAL -625
[CDD (BASE 65) ]
TOTAL THIS MO. 351
DPTR FM NORMAL 132 [PRESSURE DATA]
TOTAL FM JAN 1 522 HIGHEST SLP 30.25 ON 10
DPTR FM NORMAL 198 LOWEST SLP 29.71 ON 6
[REMARKS]
#FINAL-05-22#