000
CXUS54 KBMX 011110
CF6TOI
PRELIMINARY LOCAL CLIMATOLOGICAL DATA (WS FORM: F-6)
STATION: TROY
MONTH: JULY
YEAR: 2020
LATITUDE: 31 51 N
LONGITUDE: 86 1 W
TEMPERATURE IN F: :PCPN: SNOW: WIND :SUNSHINE: SKY :PK WND
================================================================================
1 2 3 4 5 6A 6B 7 8 9 10 11 12 13 14 15 16 17 18
12Z AVG MX 2MIN
DY MAX MIN AVG DEP HDD CDD WTR SNW DPTH SPD SPD DIR MIN PSBL S-S WX SPD DR
================================================================================
1 88 71 80 0 0 15 T 0.0 0 3.5 26 350 M M 2 13 36 340
2 88 71 80 0 0 15 0.00 0.0 0 3.3 12 310 M M 3 1 14 330
3 92 74 83 3 0 18 T 0.0 0 2.2 15 100 M M 2 13 18 100
4 91 73 82 2 0 17 T 0.0 0 2.6 13 180 M M 2 12 16 170
5 93 71 82 2 0 17 M 0.0 0 3.4 15 200 M M 5 123 20 210
6 91 75 83 3 0 18 M 0.0 0 3.3 16 160 M M 8 13 21 160
7 89 75 82 2 0 17 0.06 0.0 0 3.5 14 240 M M 7 13 17 210
8 91 72 82 1 0 17 0.03 0.0 0 5.2 16 260 M M 6 18 23 250
9 91 71 81 0 0 16 T 0.0 0 3.2 9 260 M M 4 13 280
10 94 74 84 3 0 19 0.05 0.0 0 4.0 17 300 M M 1 13 21 290
11 95 70 83 2 0 18 0.00 0.0 0 5.8 21 330 M M 0 1 26 340
12 95 66 81 0 0 16 0.65 0.0 0 3.6 30 320 M M 2 13 37 330
13 95 69 82 1 0 17 0.00 0.0 0 1.2 5 340 M M 1 M M
14 97 71 84 3 0 19 0.00 0.0 0 2.3 9 320 M M 2 1 14 220
15 95 73 84 3 0 19 0.32 0.0 0 2.6 31 180 M M 3 123 49 170
16 93 71 82 1 0 17 0.00 0.0 0 1.5 9 180 M M 4 1 12 190
17 96 72 84 3 0 19 0.00 0.0 0 3.7 14 100 M M 0 1 18 120
18 97 71 84 3 0 19 0.23 0.0 0 2.2 22 50 M M 2 13 26 50
19 97 72 85 4 0 20 0.00 0.0 0 1.9 8 180 M M 2 1 11 190
20 97 74 86 5 0 21 2.02 0.0 0 3.6 17 220 M M 3 13 27 140
21 97 72 85 4 0 20 0.01 0.0 0 1.5 16 120 M M 0 22 150
22 95 73 84 3 0 19 0.00 0.0 0 3.3 22 170 M M 1 32 160
23 93 72 83 2 0 18 0.19 0.0 0 7.1 25 130 M M 3 3 29 110
24 91 74 83 2 0 18 0.00 0.0 0 5.1 15 100 M M 4 20 130
25 96 72 84 3 0 19 0.28 0.0 0 3.6 18 100 M M 1 13 27 100
26 94 71 83 2 0 18 0.32 0.0 0 3.9 22 180 M M 1 13 32 170
27 92 71 82 1 0 17 0.00 0.0 0 2.3 10 210 M M 2 1 13 200
28 91 75 83 2 0 18 T 0.0 0 6.0 17 210 M M 3 1 21 220
29 88 75 82 1 0 17 0.57 0.0 0 6.0 16 220 M M 8 138 24 240
30 92 76 84 3 0 19 0.00 0.0 0 5.1 14 220 M M 5 1 20 240
31 94 76 85 4 0 20 0.00 0.0 0 5.4 14 230 M M 3 18 18 250
================================================================================
SM 2888 2243 0 557 4.73 0.0 111.9 M 90
================================================================================
AV 93.2 72.4 3.6 FASTST M M 3 MAX(MPH)
MISC ----> # 31 180 # 49 170
================================================================================
NOTES:
# LAST OF SEVERAL OCCURRENCES
COLUMN 17 PEAK WIND IN M.P.H.
PRELIMINARY LOCAL CLIMATOLOGICAL DATA (WS FORM: F-6) , PAGE 2
STATION: TROY
MONTH: JULY
YEAR: 2020
LATITUDE: 31 51 N
LONGITUDE: 86 1 W
[TEMPERATURE DATA] [PRECIPITATION DATA] SYMBOLS USED IN COLUMN 16
AVERAGE MONTHLY: 82.8 TOTAL FOR MONTH: 4.73 1 = FOG OR MIST
DPTR FM NORMAL: 2.1 DPTR FM NORMAL: -0.94 2 = FOG REDUCING VISIBILITY
HIGHEST: 97 ON 21,20 GRTST 24HR 2.02 ON 20-20 TO 1/4 MILE OR LESS
LOWEST: 66 ON 12 3 = THUNDER
SNOW, ICE PELLETS, HAIL 4 = ICE PELLETS
TOTAL MONTH: 0.0 INCH 5 = HAIL
GRTST 24HR 0.0 6 = FREEZING RAIN OR DRIZZLE
GRTST DEPTH: 0 7 = DUSTSTORM OR SANDSTORM:
VSBY 1/2 MILE OR LESS
8 = SMOKE OR HAZE
[NO. OF DAYS WITH] [WEATHER - DAYS WITH] 9 = BLOWING SNOW
X = TORNADO
MAX 32 OR BELOW: 0 0.01 INCH OR MORE: 12
MAX 90 OR ABOVE: 27 0.10 INCH OR MORE: 8
MIN 32 OR BELOW: 0 0.50 INCH OR MORE: 3
MIN 0 OR BELOW: 0 1.00 INCH OR MORE: 1
[HDD (BASE 65) ]
TOTAL THIS MO. 0 CLEAR (SCALE 0-3) 21
DPTR FM NORMAL 0 PTCLDY (SCALE 4-7) 9
TOTAL FM JUL 1 0 CLOUDY (SCALE 8-10) 1
DPTR FM NORMAL 0
[CDD (BASE 65) ]
TOTAL THIS MO. 557
DPTR FM NORMAL 72 [PRESSURE DATA]
TOTAL FM JAN 1 1478 HIGHEST SLP 30.18 ON 17
DPTR FM NORMAL 318 LOWEST SLP 29.81 ON 12
[REMARKS]
#FINAL-07-20#