000
CXUS55 KLIX 251000
CF6MCB
PRELIMINARY LOCAL CLIMATOLOGICAL DATA (WS FORM: F-6)

                                          STATION:   MCCOMB
                                          MONTH:     MAY
                                          YEAR:      2018
                                          LATITUDE:   31 10 N
                                          LONGITUDE:  90 28 W

  TEMPERATURE IN F:       :PCPN:    SNOW:  WIND      :SUNSHINE: SKY     :PK WND
================================================================================
1   2   3   4   5  6A  6B    7    8   9   10  11  12  13   14  15   16   17  18
                                     12Z  AVG MX 2MIN
DY MAX MIN AVG DEP HDD CDD  WTR  SNW DPTH SPD SPD DIR MIN PSBL S-S WX    SPD DR
================================================================================

 1  85  54  70   1   0   5 0.01  0.0    0  7.5 21 170   M    M   3 1238   26 160
 2  87  67  77   8   0  12 0.00  0.0    0  9.8 18 160   M    M   3 1      23 160
 3  86  67  77   8   0  12 0.00  0.0    0  8.3 17 170   M    M   4 18     22 170
 4  83  67  75   5   0  10 0.00  0.0    0  3.6 12 170   M    M   5 1      14 180
 5  77  59  68  -2   0   3    T  0.0    0  4.2 17 310   M    M   5 18     20 320
 6  87  55  71   1   0   6 0.00  0.0    0  4.8 15 330   M    M   1 1      19  10
 7  89  57  73   3   0   8 0.00  0.0    0  4.7 16 330   M    M   0        21 330
 8  90  63  77   6   0  12 0.00  0.0    0  1.3  7 250   M    M   3         M  M
 9  89  62  76   5   0  11 0.00  0.0    0  3.7 12 310   M    M   1 18     18 320
10  88  60  74   3   0   9 0.00  0.0    0  3.3 14 190   M    M   0 18     19 180
11  89  59  74   2   0   9 0.00  0.0    0  5.8 20 160   M    M   1 18     23 170
12  89  62  76   4   0  11 0.00  0.0    0  4.9 15 180   M    M   1 18     19 170
13  91  63  77   5   0  12 0.00  0.0    0  1.5 12 160   M    M   0 18     18 160
14  95  66  81   9   0  16 0.00  0.0    0  4.1 12  10   M    M   1        16 360
15  95  68  82   9   0  17 0.00  0.0    0  5.0 15 350   M    M   1 18     19 320
16  93  69  81   8   0  16 0.01  0.0    0  5.8 17 300   M    M   1 13     23 340
17  94  66  80   7   0  15 0.00  0.0    0  6.5 20 310   M    M   1 18     26 290
18  92  63  78   5   0  13    T  0.0    0  3.2 18 260   M    M   2 3      25 260
19  92  64  78   4   0  13 0.00  0.0    0  5.0 14 190   M    M   2 12     19 190
20  93  71  82   8   0  17 0.09  0.0    0  2.7 13 160   M    M   4 13     17 130
21  93  68  81   7   0  16 1.05  0.0    0  2.0 20  50   M    M   4 138    25  50
22  89  69  79   5   0  14 0.20  0.0    0  3.0 16 290   M    M   1 138    20 300
23  91  68  80   6   0  15 0.30  0.0    0  4.0 15  10   M    M   4 138    22  20
24  91  70  81   6   0  16 0.46  0.0    0  4.2 28 160   M    M   2 13     43 160
================================================================================
SM 2148 1537         0 288  2.12     0.0 108.9          M       50
================================================================================
AV 89.5 64.0                               4.5 FASTST   M    M   2    MAX(MPH)
                                 MISC ---->  # 28 160               # 43  160
================================================================================
NOTES:
# LAST OF SEVERAL OCCURRENCES

COLUMN 17 PEAK WIND IN M.P.H.

PRELIMINARY LOCAL CLIMATOLOGICAL DATA (WS FORM: F-6) , PAGE 2

                                          STATION:  MCCOMB
                                          MONTH:    MAY
                                          YEAR:     2018
                                          LATITUDE:   31 10 N
                                          LONGITUDE:  90 28 W

[TEMPERATURE DATA]      [PRECIPITATION DATA]       SYMBOLS USED IN COLUMN 16

AVERAGE MONTHLY: 76.8   TOTAL FOR MONTH:   2.12    1 = FOG OR MIST
DPTR FM NORMAL:   4.9   DPTR FM NORMAL:   -1.29    2 = FOG REDUCING VISIBILITY
HIGHEST:    95 ON 15,14 GRTST 24HR  1.05 ON 21-21      TO 1/4 MILE OR LESS
LOWEST:     54 ON  1                               3 = THUNDER
                        SNOW, ICE PELLETS, HAIL    4 = ICE PELLETS
                        TOTAL MONTH:   0.0 INCH    5 = HAIL
                        GRTST 24HR     0.0         6 = FREEZING RAIN OR DRIZZLE
                        GRTST DEPTH:   0           7 = DUSTSTORM OR SANDSTORM:
                                                       VSBY 1/2 MILE OR LESS
                                                   8 = SMOKE OR HAZE
[NO. OF DAYS WITH]      [WEATHER - DAYS WITH]      9 = BLOWING SNOW
                                                   X = TORNADO
MAX 32 OR BELOW:   0    0.01 INCH OR MORE:   7
MAX 90 OR ABOVE:  12    0.10 INCH OR MORE:   4
MIN 32 OR BELOW:   0    0.50 INCH OR MORE:   1
MIN  0 OR BELOW:   0    1.00 INCH OR MORE:   1

[HDD (BASE 65) ]
TOTAL THIS MO.     0    CLEAR  (SCALE 0-3)  17
DPTR FM NORMAL    -6    PTCLDY (SCALE 4-7)   7
TOTAL FM JUL 1  1741    CLOUDY (SCALE 8-10)  0
DPTR FM NORMAL  -288

[CDD (BASE 65) ]
TOTAL THIS MO.   288
DPTR FM NORMAL   114    [PRESSURE DATA]
TOTAL FM JAN 1   483    HIGHEST SLP M ON M
DPTR FM NORMAL   175    LOWEST  SLP 29.77 ON 17

[REMARKS]
