000
CXUS51 KPHI 022053
CF655N
PRELIMINARY LOCAL CLIMATOLOGICAL DATA (WS FORM: F-6)
STATION: ATLANTIC CITY MARINA NJ
MONTH: JANUARY
YEAR: 2024
LATITUDE: 39 22 N
LONGITUDE: 74 25 W
TEMPERATURE IN F: :PCPN: SNOW: WIND :SUNSHINE: SKY :PK WND
================================================================================
1 2 3 4 5 6A 6B 7 8 9 10 11 12 13 14 15 16 17 18
12Z AVG MX 2MIN
DY MAX MIN AVG DEP HDD CDD WTR SNW DPTH SPD SPD DIR MIN PSBL S-S WX SPD DR
================================================================================
1 46 41 44 7 21 0 T M M 4.2 10 50 M M M 18 10
2 43 32 38 1 27 0 0.00 M M 6.4 12 330 M M M 22 350
3 44 32 38 1 27 0 0.00 M M 5.3 9 290 M M M 18 290
4 43 32 38 1 27 0 0.00 M M 8.3 17 330 M M M 35 330
5 37 26 32 -5 33 0 0.00 M M 7.3 14 330 M M M 28 330
6 49 32 41 4 24 0 1.34 M M 12.4 35 100 M M M 48 100
7 48 38 43 7 22 0 0.06 M M 9.6 18 300 M M M 37 300
8 46 36 41 5 24 0 0.00 M M 5.0 10 290 M M M 21 330
9 57 42 50 14 15 0 2.01 M M 16.0 30 160 M M M 56 170
10 55 44 50 14 15 0 0.23 M M 16.1 24 280 M M M 48 290
11 46 38 42 6 23 0 0.00 M M 9.2 16 260 M M M 23 260
12 52 39 46 10 19 0 0.21 M M 9.2 22 150 M M M 36 150
13 57 37 47 11 18 0 0.21 M M 18.3 29 150 M M M 49 290
14 48 30 39 3 26 0 0.00 M M 12.6 29 270 M M M 54 260
15 31 27 29 -7 36 0 0.20 M M 4.6 9 290 M M M 16 290
16 43 23 33 -2 32 0 0.33 M M 9.5 20 90 M M M 6 31 330
17 26 17 22 -13 43 0 0.00 M M 10.3 17 290 M M M 31 290
18 39 26 33 -2 32 0 0.00 M M 6.7 12 270 M M M 18 230
19 40 25 33 -2 32 0 0.28 M M 6.9 14 330 M M M 30 330
20 26 20 23 -12 42 0 0.00 M M 9.0 15 290 M M M 31 300
21 32 20 26 -9 39 0 0.00 M M 8.2 17 330 M M M 37 330
22 35 22 29 -6 36 0 0.00 M M 7.4 14 250 M M M 20 250
23 43 34 39 4 26 0 0.00 M M 5.6 14 270 M M M 26 270
24 51 38 45 10 20 0 T M M 6.9 15 220 M M M 28 220
25 54 47 51 16 14 0 0.15 M M 7.2 16 220 M M M 30 230
26 51 43 47 12 18 0 0.06 M M 5.9 13 240 M M M 19 230
27 47 40 44 9 21 0 0.01 M M 5.9 12 90 M M M 17 80
28 44 38 41 6 24 0 0.86 M M 13.0 26 80 M M M 38 80
29 40 37 39 4 26 0 T M M 8.8 18 320 M M M 32 330
30 39 35 37 2 28 0 0.04 M M 6.7 13 110 M M M 21 330
31 41 37 39 4 26 0 T M M 8.7 15 90 M M M 20 90
================================================================================
SM 1353 1028 816 0 5.99 M 271.2 M M
================================================================================
AV 43.6 33.2 8.7 FASTST M M M MAX(MPH)
MISC ----> 35 100 56 170
================================================================================
NOTES:
# LAST OF SEVERAL OCCURRENCES
COLUMN 17 PEAK WIND IN M.P.H.
PRELIMINARY LOCAL CLIMATOLOGICAL DATA (WS FORM: F-6) , PAGE 2
STATION: ATLANTIC CITY MARINA NJ
MONTH: JANUARY
YEAR: 2024
LATITUDE: 39 22 N
LONGITUDE: 74 25 W
[TEMPERATURE DATA] [PRECIPITATION DATA] SYMBOLS USED IN COLUMN 16
AVERAGE MONTHLY: 38.4 TOTAL FOR MONTH: 5.99 1 = FOG OR MIST
DPTR FM NORMAL: 2.6 DPTR FM NORMAL: 2.90 2 = FOG REDUCING VISIBILITY
HIGHEST: 57 ON 13, 9 GRTST 24HR 2.50 ON 9- 9 TO 1/4 MILE OR LESS
LOWEST: 17 ON 17 3 = THUNDER
SNOW, ICE PELLETS, HAIL 4 = ICE PELLETS
TOTAL MONTH: M 5 = HAIL
GRTST 24HR M ON M 6 = FREEZING RAIN OR DRIZZLE
GRTST DEPTH: M ON M 7 = DUSTSTORM OR SANDSTORM:
VSBY 1/2 MILE OR LESS
8 = SMOKE OR HAZE
[NO. OF DAYS WITH] [WEATHER - DAYS WITH] 9 = BLOWING SNOW
X = TORNADO
MAX 32 OR BELOW: 4 0.01 INCH OR MORE: 14
MAX 90 OR ABOVE: 0 0.10 INCH OR MORE: 10
MIN 32 OR BELOW: 14 0.50 INCH OR MORE: 3
MIN 0 OR BELOW: 0 1.00 INCH OR MORE: 2
[HDD (BASE 65) ]
TOTAL THIS MO. 816 CLEAR (SCALE 0-3) 0
DPTR FM NORMAL -91 PTCLDY (SCALE 4-7) 0
TOTAL FM JUL 1 2060 CLOUDY (SCALE 8-10) 31
DPTR FM NORMAL -302
[CDD (BASE 65) ]
TOTAL THIS MO. 0
DPTR FM NORMAL 0 [PRESSURE DATA]
TOTAL FM JAN 1 0 HIGHEST SLP M ON M
DPTR FM NORMAL 0 LOWEST SLP 31.99 ON 1
[REMARKS]
#FINAL-01-24#
ADDING MISSING TRACES OF PRECIP FOR THE 29TH AND 31ST.
STAARMANN