000
CXUS51 KPHI 291832
CF655N
PRELIMINARY LOCAL CLIMATOLOGICAL DATA (WS FORM: F-6)
STATION: ATLANTIC CITY MARINA
MONTH: AUGUST
YEAR: 2020
LATITUDE: 39 22 N
LONGITUDE: 74 25 W
TEMPERATURE IN F: :PCPN: SNOW: WIND :SUNSHINE: SKY :PK WND
================================================================================
1 2 3 4 5 6A 6B 7 8 9 10 11 12 13 14 15 16 17 18
12Z AVG MX 2MIN
DY MAX MIN AVG DEP HDD CDD WTR SNW DPTH SPD SPD DIR MIN PSBL S-S WX SPD DR
================================================================================
1 80 72 76 0 0 11 0.00 M M 5.5 10 160 M M M M M
2 82 77 80 4 0 15 0.00 M M 12.2 20 220 M M M M M
3 83 75 79 3 0 14 0.00 M M 8.5 18 220 M M M M M
4 80 70 75 -1 0 10 0.16 M M 16.2 40 260 M M M M M
5 83 69 76 0 0 11 0.00 M M 5.7 12 260 M M M M M
6 76 68 72 -4 0 7 0.91 M M 7.7 19 100 M M M 3 M M
7 74 69 72 -4 0 7 0.66 M M 7.2 18 140 M M M 3 M M
8 78 70 74 -2 0 9 0.00 M M 5.7 14 90 M M M M M
9 79 71 75 -1 0 10 0.00 M M 7.2 15 240 M M M M M
10 80 74 77 1 0 12 0.00 M M 9.1 15 220 M M M M M
11 80 73 77 2 0 12 0.00 M M 9.2 14 230 M M M M M
12 82 74 78 3 0 13 0.00 M M 7.1 13 230 M M M M M
13 78 75 77 2 0 12 0.03 M M 4.9 10 90 M M M M M
14 78 73 76 1 0 11 0.11 M M 9.5 18 60 M M M M M
15 76 71 74 -1 0 9 0.00 M M 11.1 21 90 M M M M M
16 73 69 71 -4 0 6 0.82 M M 11.9 21 80 M M M M M
17 74 66 70 -5 0 5 0.00 M M 8.2 15 230 M M M M M
18 82 70 76 1 0 11 0.00 M M 5.3 12 230 M M M M M
19 78 65 72 -3 0 7 1.00 M M 4.5 28 240 M M M M M
20 75 67 71 -4 0 6 0.00 M M 5.6 10 120 M M M M M
21 76 70 73 -2 0 8 0.00 M M 9.0 15 230 M M M M M
22 80 74 77 2 0 12 0.00 M M 7.8 13 220 M M M M M
23 79 74 77 3 0 12 0.00 M M 4.4 12 200 M M M M M
24 88 75 82 8 0 17 0.00 M M 8.0 15 220 M M M M M
25 88 76 82 8 0 17 0.00 M M 9.7 16 290 M M M M M
26 81 70 76 2 0 11 0.00 M M 5.6 10 330 M M M M M
27 90 74 82 8 0 17 0.00 M M M 21 262 M M M 35 282
28 85 74 80 6 0 15 0.09 M M 7.3 16 260 M M M M M
29 80 74 77 3 0 12 0.92 M M 11.2 20 230 M M M M M
30 79 67 73 -1 0 8 0.00 M M 6.2 11 330 M M M M M
31 75 68 72 -1 0 7 0.00 M M 7.2 13 110 M M M M M
================================================================================
SM 2472 2214 0 334 4.70 M 238.7 M M
================================================================================
AV 79.7 71.4 8.0 FASTST M M M MAX(MPH)
MISC ----> 40 260 35 282
================================================================================
NOTES:
# LAST OF SEVERAL OCCURRENCES
COLUMN 17 PEAK WIND IN M.P.H.
PRELIMINARY LOCAL CLIMATOLOGICAL DATA (WS FORM: F-6) , PAGE 2
STATION: ATLANTIC CITY MARINA
MONTH: AUGUST
YEAR: 2020
LATITUDE: 39 22 N
LONGITUDE: 74 25 W
[TEMPERATURE DATA] [PRECIPITATION DATA] SYMBOLS USED IN COLUMN 16
AVERAGE MONTHLY: 75.6 TOTAL FOR MONTH: 4.70 1 = FOG OR MIST
DPTR FM NORMAL: 0.6 DPTR FM NORMAL: 0.78 2 = FOG REDUCING VISIBILITY
HIGHEST: 90 ON 27 GRTST 24HR 1.00 ON 19-19 TO 1/4 MILE OR LESS
LOWEST: 65 ON 19 3 = THUNDER
SNOW, ICE PELLETS, HAIL 4 = ICE PELLETS
TOTAL MONTH: M 5 = HAIL
GRTST 24HR M ON M 6 = FREEZING RAIN OR DRIZZLE
GRTST DEPTH: M ON M 7 = DUSTSTORM OR SANDSTORM:
VSBY 1/2 MILE OR LESS
8 = SMOKE OR HAZE
[NO. OF DAYS WITH] [WEATHER - DAYS WITH] 9 = BLOWING SNOW
X = TORNADO
MAX 32 OR BELOW: 0 0.01 INCH OR MORE: 9
MAX 90 OR ABOVE: 1 0.10 INCH OR MORE: 7
MIN 32 OR BELOW: 0 0.50 INCH OR MORE: 5
MIN 0 OR BELOW: 0 1.00 INCH OR MORE: 1
[HDD (BASE 65) ]
TOTAL THIS MO. 0 CLEAR (SCALE 0-3) 0
DPTR FM NORMAL -1 PTCLDY (SCALE 4-7) 0
TOTAL FM JUL 1 0 CLOUDY (SCALE 8-10) 31
DPTR FM NORMAL 0
[CDD (BASE 65) ]
TOTAL THIS MO. 334
DPTR FM NORMAL 25 [PRESSURE DATA]
TOTAL FM JAN 1 956 HIGHEST SLP M ON M
DPTR FM NORMAL 109 LOWEST SLP 29.47 ON 4
[REMARKS]
#FINAL-08-20#