858
CXUS54 KEWX 220910
CF6ATT
PRELIMINARY LOCAL CLIMATOLOGICAL DATA (WS FORM: F-6)

                                          STATION:   AUSTIN CAMP MABRY
                                          MONTH:     OCTOBER
                                          YEAR:      2019
                                          LATITUDE:   30 17 N
                                          LONGITUDE:  97 42 W

  TEMPERATURE IN F:       :PCPN:    SNOW:  WIND      :SUNSHINE: SKY     :PK WND
================================================================================
1   2   3   4   5  6A  6B    7    8   9   10  11  12  13   14  15   16   17  18
                                     12Z  AVG MX 2MIN
DY MAX MIN AVG DEP HDD CDD  WTR  SNW DPTH SPD SPD DIR MIN PSBL S-S WX    SPD DR
================================================================================

 1  99  78  89  14   0  24 0.00  0.0    0  7.6 15 150   M    M   5        24 150
 2  98  77  88  13   0  23 0.00  0.0    0  6.1 13 150   M    M   5        20 100
 3  97  75  86  11   0  21 0.00  0.0    0  3.8 13 110   M    M   3        20 120
 4  96  75  86  11   0  21 0.00  0.0    0  3.0 10 110   M    M   2        15 120
 5  97  72  85  11   0  20 0.00  0.0    0  1.8 10 140   M    M   1        16 150
 6  99  72  86  12   0  21 0.00  0.0    0  3.4 10 150   M    M   0        14 150
 7  85  68  77   3   0  12 0.00  0.0    0  6.1 14  20   M    M   3        21 340
 8  87  63  75   1   0  10 0.00  0.0    0  2.4  8  90   M    M   0        14  80
 9  96  69  83  10   0  18 0.00  0.0    0  6.2 14 150   M    M   6 8      24 140
10  99  78  89  16   0  24    T  0.0    0  8.6 15 160   M    M   5        25 190
11  82  47  65  -8   0   0 0.48  0.0    0  9.1 18 360   M    M  10 1      29  10
12  65  54  60 -12   5   0 0.01  0.0    0  4.1 13  20   M    M   6        22  20
13  82  56  69  -3   0   4 0.01  0.0    0  2.1  9 140   M    M   5        15 130
14  89  71  80   8   0  15    T  0.0    0  1.8  8 150   M    M   6 8      13 180
15  96  74  85  13   0  20 1.09  0.0    0  2.5 18 290   M    M   5 13     32 280
16  76  56  66  -5   0   1 0.04  0.0    0  6.1 16  10   M    M   5 3      28  10
17  77  54  66  -5   0   1 0.00  0.0    0  1.7  8 120   M    M   0        12 100
18  85  51  68  -3   0   3 0.00  0.0    0  2.7 10 120   M    M   0        15 100
19  96  66  81  11   0  16 0.00  0.0    0  1.8  9 310   M    M   3        17 300
20  95  65  80  10   0  15    T  0.0    0  4.4 14 160   M    M   7        25 150
21  82  63  73   3   0   8 0.25  0.0    0  5.7 18 290   M    M   3 13     35 290
================================================================================
SM 1878 1384         5 277  1.88     0.0  91.0          M       80
================================================================================
AV 89.4 65.9                               4.3 FASTST   M    M   4    MAX(MPH)
                                 MISC ---->  # 18 360               # 35  290
================================================================================
NOTES:
# LAST OF SEVERAL OCCURRENCES

COLUMN 17 PEAK WIND IN M.P.H.

PRELIMINARY LOCAL CLIMATOLOGICAL DATA (WS FORM: F-6) , PAGE 2

                                          STATION:  AUSTIN CAMP MABRY
                                          MONTH:    OCTOBER
                                          YEAR:     2019
                                          LATITUDE:   30 17 N
                                          LONGITUDE:  97 42 W

[TEMPERATURE DATA]      [PRECIPITATION DATA]       SYMBOLS USED IN COLUMN 16

AVERAGE MONTHLY: 77.7   TOTAL FOR MONTH:   1.88    1 = FOG OR MIST
DPTR FM NORMAL:   5.0   DPTR FM NORMAL:   -0.79    2 = FOG REDUCING VISIBILITY
HIGHEST:    99 ON 10, 6 GRTST 24HR  1.09 ON 15-15      TO 1/4 MILE OR LESS
LOWEST:     47 ON 11                               3 = THUNDER
                        SNOW, ICE PELLETS, HAIL    4 = ICE PELLETS
                        TOTAL MONTH:   0.0 INCH    5 = HAIL
                        GRTST 24HR     0.0         6 = FREEZING RAIN OR DRIZZLE
                        GRTST DEPTH:   0           7 = DUSTSTORM OR SANDSTORM:
                                                       VSBY 1/2 MILE OR LESS
                                                   8 = SMOKE OR HAZE
[NO. OF DAYS WITH]      [WEATHER - DAYS WITH]      9 = BLOWING SNOW
                                                   X = TORNADO
MAX 32 OR BELOW:   0    0.01 INCH OR MORE:   6
MAX 90 OR ABOVE:  11    0.10 INCH OR MORE:   3
MIN 32 OR BELOW:   0    0.50 INCH OR MORE:   1
MIN  0 OR BELOW:   0    1.00 INCH OR MORE:   1

[HDD (BASE 65) ]
TOTAL THIS MO.     5    CLEAR  (SCALE 0-3)   9
DPTR FM NORMAL    -5    PTCLDY (SCALE 4-7)  11
TOTAL FM JUL 1     5    CLOUDY (SCALE 8-10)  1
DPTR FM NORMAL    -7

[CDD (BASE 65) ]
TOTAL THIS MO.   277
DPTR FM NORMAL   105    [PRESSURE DATA]
TOTAL FM JAN 1  3609    HIGHEST SLP M ON M
DPTR FM NORMAL   593    LOWEST  SLP 29.61 ON 20

[REMARKS]
