000
CXUS54 KEWX 180910
CF6AUS
PRELIMINARY LOCAL CLIMATOLOGICAL DATA (WS FORM: F-6)

                                          STATION:   AUSTIN BERGSTROM
                                          MONTH:     OCTOBER
                                          YEAR:      2019
                                          LATITUDE:   30 13 N
                                          LONGITUDE:  97 40 W

  TEMPERATURE IN F:       :PCPN:    SNOW:  WIND      :SUNSHINE: SKY     :PK WND
================================================================================
1   2   3   4   5  6A  6B    7    8   9   10  11  12  13   14  15   16   17  18
                                     12Z  AVG MX 2MIN
DY MAX MIN AVG DEP HDD CDD  WTR  SNW DPTH SPD SPD DIR MIN PSBL S-S WX    SPD DR
================================================================================

 1  96  77  87  13   0  22 0.00  0.0    0 11.4 22 140   M    M   6        26 130
 2  96  73  85  12   0  20 0.00  0.0    0  5.6 17 140   M    M   5 12     22 150
 3  96  70  83  10   0  18    T  0.0    0  3.9 23 140   M    M   4 1      31 140
 4  94  70  82   9   0  17 0.00  0.0    0  4.6 14  90   M    M   4        17 120
 5  96  67  82  10   0  17 0.00  0.0    0  2.8 13 140   M    M   2        20 100
 6  96  66  81   9   0  16 0.00  0.0    0  3.4 13 140   M    M   2 18     21 110
 7  84  67  76   4   0  11 0.00  0.0    0 12.7 22  10   M    M   4        27  30
 8  87  60  74   2   0   9 0.00  0.0    0  6.1 13  50   M    M   1        17  60
 9  95  60  78   7   0  13 0.00  0.0    0 10.4 22 150   M    M   6 18     29 140
10  97  76  87  16   0  22    T  0.0    0 15.0 26 190   M    M   6        36 200
11  81  47  64  -7   1   0 0.04    M    0 18.5 31 360   M    M   9 1      41 340
12  64  54  59 -11   6   0    T  0.0    0 10.1 25  20   M    M   9        31  30
13  80  56  68  -2   0   3    T  0.0    0  3.3  9 180   M    M   9         M  M
14  89  69  79   9   0  14    T  0.0    0  3.7 14 180   M    M   9 18     18 190
15  95  74  85  15   0  20 0.03  0.0    0  6.7 17 330   M    M   8 3      25 310
16  76  52  64  -5   1   0 0.11  0.0    0 13.9 30  10   M    M   9 3      36  10
17  77  50  64  -5   1   0 0.00  0.0    0  4.0 13  70   M    M   5        19 120
================================================================================
SM 1499 1088         9 202  0.18     0.0 136.1          M       98
================================================================================
AV 88.2 64.0                               8.0 FASTST   M    M   6    MAX(MPH)
                                 MISC ---->  # 31 360               # 41  340
================================================================================
NOTES:
# LAST OF SEVERAL OCCURRENCES

COLUMN 17 PEAK WIND IN M.P.H.

PRELIMINARY LOCAL CLIMATOLOGICAL DATA (WS FORM: F-6) , PAGE 2

                                          STATION:  AUSTIN BERGSTROM
                                          MONTH:    OCTOBER
                                          YEAR:     2019
                                          LATITUDE:   30 13 N
                                          LONGITUDE:  97 40 W

[TEMPERATURE DATA]      [PRECIPITATION DATA]       SYMBOLS USED IN COLUMN 16

AVERAGE MONTHLY: 76.1   TOTAL FOR MONTH:   0.18    1 = FOG OR MIST
DPTR FM NORMAL:   4.8   DPTR FM NORMAL:   -1.97    2 = FOG REDUCING VISIBILITY
HIGHEST:    97 ON 10    GRTST 24HR  0.17 ON 30- 1      TO 1/4 MILE OR LESS
LOWEST:     47 ON 11                               3 = THUNDER
                        SNOW, ICE PELLETS, HAIL    4 = ICE PELLETS
                        TOTAL MONTH:   0.0 INCH    5 = HAIL
                        GRTST 24HR     0.0         6 = FREEZING RAIN OR DRIZZLE
                        GRTST DEPTH:   0           7 = DUSTSTORM OR SANDSTORM:
                                                       VSBY 1/2 MILE OR LESS
                                                   8 = SMOKE OR HAZE
[NO. OF DAYS WITH]      [WEATHER - DAYS WITH]      9 = BLOWING SNOW
                                                   X = TORNADO
MAX 32 OR BELOW:   0    0.01 INCH OR MORE:   3
MAX 90 OR ABOVE:   9    0.10 INCH OR MORE:   1
MIN 32 OR BELOW:   0    0.50 INCH OR MORE:   0
MIN  0 OR BELOW:   0    1.00 INCH OR MORE:   0

[HDD (BASE 65) ]
TOTAL THIS MO.     9    CLEAR  (SCALE 0-3)   3
DPTR FM NORMAL    -7    PTCLDY (SCALE 4-7)   9
TOTAL FM JUL 1     9    CLOUDY (SCALE 8-10)  5
DPTR FM NORMAL    -9

[CDD (BASE 65) ]
TOTAL THIS MO.   202
DPTR FM NORMAL    82    [PRESSURE DATA]
TOTAL FM JAN 1  3272    HIGHEST SLP M ON M
DPTR FM NORMAL   624    LOWEST  SLP 29.69 ON 10

[REMARKS]
