000
CXUS54 KFWD 010730
CF6ACT
PRELIMINARY LOCAL CLIMATOLOGICAL DATA (WS FORM: F-6)
STATION: WACO
MONTH: MAY
YEAR: 2022
LATITUDE: 31 37 N
LONGITUDE: 97 13 W
TEMPERATURE IN F: :PCPN: SNOW: WIND :SUNSHINE: SKY :PK WND
================================================================================
1 2 3 4 5 6A 6B 7 8 9 10 11 12 13 14 15 16 17 18
12Z AVG MX 2MIN
DY MAX MIN AVG DEP HDD CDD WTR SNW DPTH SPD SPD DIR MIN PSBL S-S WX SPD DR
================================================================================
1 86 57 72 2 0 7 0.00 0.0 0 9.4 20 150 M M 5 27 150
2 91 73 82 12 0 17 T 0.0 0 17.5 30 180 M M 7 38 190
3 78 61 70 0 0 5 T 0.0 0 11.1 22 340 M M 7 18 30 170
4 89 63 76 5 0 11 0.00 0.0 0 13.5 35 160 M M 7 18 48 160
5 80 58 69 -2 0 4 1.22 0.0 0 8.7 39 230 M M 4 138 62 240
6 86 54 70 -1 0 5 0.00 0.0 0 7.1 16 140 M M 0 19 140
7 92 71 82 10 0 17 0.00 0.0 0 13.0 22 140 M M 3 18 28 170
8 94 75 85 13 0 20 0.00 0.0 0 18.3 26 170 M M 3 8 37 170
9 94 76 85 13 0 20 0.00 0.0 0 18.0 25 170 M M 5 8 36 180
10 94 78 86 14 0 21 0.00 0.0 0 14.8 23 170 M M 6 31 160
11 92 72 82 9 0 17 0.00 0.0 0 13.3 21 160 M M 2 27 190
12 93 71 82 9 0 17 0.00 0.0 0 14.0 22 160 M M 2 27 180
13 93 69 81 8 0 16 0.01 0.0 0 12.8 25 290 M M 1 3 37 310
14 93 69 81 7 0 16 0.00 0.0 0 10.1 24 200 M M 0 31 190
15 96 71 84 10 0 19 0.00 0.0 0 13.7 26 60 M M 0 38 60
16 94 70 82 8 0 17 T 0.0 0 11.1 23 90 M M 0 3 34 60
17 96 69 83 8 0 18 0.00 0.0 0 13.8 24 160 M M 0 37 170
18 96 73 85 10 0 20 0.00 0.0 0 17.3 28 180 M M 0 36 160
19 96 73 85 10 0 20 0.00 0.0 0 19.9 29 170 M M 1 40 170
20 95 75 85 9 0 20 0.00 0.0 0 18.9 30 180 M M 5 8 39 180
21 97 63 80 4 0 15 0.61 0.0 0 13.8 38 280 M M 6 138 58 290
22 81 63 72 -4 0 7 0.00 0.0 0 10.2 23 350 M M 4 33 350
23 85 63 74 -2 0 9 0.00 0.0 0 8.7 21 120 M M 7 1 27 120
24 88 63 76 -1 0 11 0.88 0.0 0 13.2 43 320 M M 8 13 59 330
25 81 59 70 -7 0 5 0.13 0.0 0 10.8 29 100 M M 4 13 38 100
26 95 56 76 -1 0 11 0.00 0.0 0 9.7 21 270 M M 0 30 260
27 94 59 77 -1 0 12 0.00 0.0 0 4.1 12 110 M M 0 17 120
28 95 70 83 5 0 18 0.00 0.0 0 15.0 25 170 M M 0 34 180
29 95 73 84 6 0 19 0.00 0.0 0 19.0 28 160 M M 2 39 160
30 95 76 86 7 0 21 0.00 0.0 0 20.1 28 180 M M 3 38 160
31 96 77 87 8 0 22 0.00 0.0 0 15.6 23 140 M M 3 31 180
================================================================================
SM 2830 2100 0 457 2.85 0.0 416.5 M 95
================================================================================
AV 91.3 67.7 13.4 FASTST M M 3 MAX(MPH)
MISC ----> 43 320 62 240
================================================================================
NOTES:
# LAST OF SEVERAL OCCURRENCES
COLUMN 17 PEAK WIND IN M.P.H.
PRELIMINARY LOCAL CLIMATOLOGICAL DATA (WS FORM: F-6) , PAGE 2
STATION: WACO
MONTH: MAY
YEAR: 2022
LATITUDE: 31 37 N
LONGITUDE: 97 13 W
[TEMPERATURE DATA] [PRECIPITATION DATA] SYMBOLS USED IN COLUMN 16
AVERAGE MONTHLY: 79.5 TOTAL FOR MONTH: 2.85 1 = FOG OR MIST
DPTR FM NORMAL: 5.2 DPTR FM NORMAL: -1.59 2 = FOG REDUCING VISIBILITY
HIGHEST: 97 ON 21 GRTST 24HR 1.22 ON 5- 5 TO 1/4 MILE OR LESS
LOWEST: 54 ON 6 3 = THUNDER
SNOW, ICE PELLETS, HAIL 4 = ICE PELLETS
TOTAL MONTH: 0.0 INCH 5 = HAIL
GRTST 24HR 0.0 6 = FREEZING RAIN OR DRIZZLE
GRTST DEPTH: 0 7 = DUSTSTORM OR SANDSTORM:
VSBY 1/2 MILE OR LESS
8 = SMOKE OR HAZE
[NO. OF DAYS WITH] [WEATHER - DAYS WITH] 9 = BLOWING SNOW
X = TORNADO
MAX 32 OR BELOW: 0 0.01 INCH OR MORE: 5
MAX 90 OR ABOVE: 22 0.10 INCH OR MORE: 4
MIN 32 OR BELOW: 0 0.50 INCH OR MORE: 3
MIN 0 OR BELOW: 0 1.00 INCH OR MORE: 1
[HDD (BASE 65) ]
TOTAL THIS MO. 0 CLEAR (SCALE 0-3) 16
DPTR FM NORMAL -8 PTCLDY (SCALE 4-7) 15
TOTAL FM JUL 1 1815 CLOUDY (SCALE 8-10) 0
DPTR FM NORMAL -263
[CDD (BASE 65) ]
TOTAL THIS MO. 457
DPTR FM NORMAL 160 [PRESSURE DATA]
TOTAL FM JAN 1 686 HIGHEST SLP M ON M
DPTR FM NORMAL 224 LOWEST SLP 29.56 ON 19
[REMARKS]
#FINAL-05-22#