000
CXUS55 KPUB 011925
CF6ALS
PRELIMINARY LOCAL CLIMATOLOGICAL DATA (WS FORM: F-6)
STATION: ALAMOSA CO
MONTH: JANUARY
YEAR: 2022
LATITUDE: 37 27 N
LONGITUDE: 105 52 W
TEMPERATURE IN F: :PCPN: SNOW: WIND :SUNSHINE: SKY :PK WND
================================================================================
1 2 3 4 5 6A 6B 7 8 9 10 11 12 13 14 15 16 17 18
12Z AVG MX 2MIN
DY MAX MIN AVG DEP HDD CDD WTR SNW DPTH SPD SPD DIR MIN PSBL S-S WX SPD DR
================================================================================
1 29 -18 6 -10 59 0 0.16 3.0 0 8.4 17 20 M M 8 128 23 30
2 22 -22 0 -16 65 0 0.00 0.0 3 4.1 10 220 M M 0 13 220
3 22 -19 2 -14 63 0 0.00 0.0 2 2.0 8 140 M M 0 8 250
4 39 -12 14 -2 51 0 0.00 0.0 2 2.7 15 60 M M 0 17 60
5 45 -6 20 4 45 0 0.00 0.0 2 7.0 16 230 M M 0 22 170
6 52 18 35 19 30 0 0.00 0.0 1 5.9 13 190 M M 0 17 160
7 54 11 33 17 32 0 0.00 0.0 0 6.9 20 180 M M 0 31 200
8 50 19 35 19 30 0 0.00 0.0 0 10.2 26 200 M M 4 39 200
9 41 7 24 8 41 0 0.00 0.0 0 2.8 8 40 M M 3 11 190
10 42 -3 20 4 45 0 0.00 0.0 0 1.5 9 350 M M 0 12 360
11 41 -4 19 3 46 0 0.00 0.0 0 3.2 9 250 M M 0 10 350
12 47 0 24 8 41 0 0.00 0.0 0 2.9 12 80 M M 0 14 80
13 53 5 29 13 36 0 0.00 0.0 0 3.5 10 270 M M 0 12 260
14 49 9 29 13 36 0 0.00 0.0 0 8.1 32 360 M M 3 41 360
15 41 -1 20 4 45 0 0.00 0.0 0 4.2 14 350 M M 0 20 350
16 44 -4 20 4 45 0 0.00 0.0 0 2.9 9 250 M M 0 12 250
17 48 -1 24 7 41 0 0.00 0.0 0 3.8 10 220 M M 0 12 240
18 46 3 25 8 40 0 0.00 0.0 0 3.4 10 90 M M 0 14 200
19 43 2 23 6 42 0 0.00 0.0 0 5.1 14 170 M M 3 18 160
20 41 3 22 5 43 0 0.00 0.0 0 3.3 9 140 M M 3 12 13 130
21 36 0 18 1 47 0 0.02 0.4 0 4.5 20 100 M M 5 1 30 110
22 38 7 23 6 42 0 0.00 0.0 T 4.9 12 300 M M 1 12 17 290
23 38 -1 19 1 46 0 0.00 0.0 0 4.0 10 360 M M 3 12 14 360
24 45 -4 21 3 44 0 0.00 0.0 0 4.4 9 230 M M 0 12 340
25 37 0 19 1 46 0 0.07 0.7 0 9.0 28 100 M M 5 1 40 110
26 30 -3 14 -4 51 0 0.06 0.6 1 2.2 9 120 M M 5 12 10 120
27 29 -8 11 -7 54 0 0.03 0.2 1 4.5 17 100 M M 7 128 24 80
28 27 -14 7 -12 58 0 0.00 0.0 1 3.8 10 290 M M 0 12 280
29 38 -13 13 -6 52 0 0.00 0.0 1 2.8 10 260 M M 0 11 250
30 39 -14 13 -6 52 0 0.00 0.0 1 3.9 10 230 M M 0 11 220
31 46 -11 18 -1 47 0 0.00 0.0 T 2.5 8 180 M M 0 9 310
================================================================================
SM 1252 -74 1415 0 0.34 4.9 138.4 M 50
================================================================================
AV 40.4 -2.4 4.5 FASTST M M 2 MAX(MPH)
MISC ----> 32 360 41 360
================================================================================
NOTES:
COLUMN 17 PEAK WIND IN M.P.H.
PRELIMINARY LOCAL CLIMATOLOGICAL DATA (WS FORM: F-6) , PAGE 2
STATION: ALAMOSA CO
MONTH: JANUARY
YEAR: 2022
LATITUDE: 37 27 N
LONGITUDE: 105 52 W
[TEMPERATURE DATA] [PRECIPITATION DATA] SYMBOLS USED IN COLUMN 16
AVERAGE MONTHLY: 19.0 TOTAL FOR MONTH: 0.34 1 = FOG OR MIST
DPTR FM NORMAL: 2.2 DPTR FM NORMAL: 0.02 2 = FOG REDUCING VISIBILITY
HIGHEST: 54 ON 7 GRTST 24HR 0.16 ON 1 TO 1/4 MILE OR LESS
LOWEST: -22 ON 2 3 = THUNDER
SNOW, ICE PELLETS, HAIL 4 = ICE PELLETS
TOTAL MONTH: 4.9 INCHES 5 = HAIL
GRTST 24HR 3.0 ON 1 6 = FREEZING RAIN OR DRIZZLE
GRTST DEPTH: 3 ON 1,2 7 = DUSTSTORM OR SANDSTORM:
VSBY 1/2 MILE OR LESS
8 = SMOKE OR HAZE
[NO. OF DAYS WITH] [WEATHER - DAYS WITH] 9 = BLOWING SNOW
X = TORNADO
MAX 32 OR BELOW: 6 0.01 INCH OR MORE: 5
MAX 90 OR ABOVE: 0 0.10 INCH OR MORE: 1
MIN 32 OR BELOW: 31 0.50 INCH OR MORE: 0
MIN 0 OR BELOW: 21 1.00 INCH OR MORE: 0
[HDD (BASE 65) ]
TOTAL THIS MO. 1415 CLEAR (SCALE 0-3) 25
DPTR FM NORMAL -78 PTCLDY (SCALE 4-7) 5
TOTAL FM JUL 1 4413 CLOUDY (SCALE 8-10) 1
DPTR FM NORMAL -615
[CDD (BASE 65) ]
TOTAL THIS MO. 0
DPTR FM NORMAL 0 [PRESSURE DATA]
TOTAL FM JAN 1 0 HIGHEST SLP 30.94 ON 10
DPTR FM NORMAL 0 LOWEST SLP 29.35 ON 1
[REMARKS]
#FINAL-01-22#