000
CXUS53 KGRR 011017
CF6AZO
PRELIMINARY LOCAL CLIMATOLOGICAL DATA (WS FORM: F-6)
STATION: KALAMAZOO
MONTH: MARCH
YEAR: 2020
LATITUDE: 42 13 N
LONGITUDE: 85 33 W
TEMPERATURE IN F: :PCPN: SNOW: WIND :SUNSHINE: SKY :PK WND
================================================================================
1 2 3 4 5 6A 6B 7 8 9 10 11 12 13 14 15 16 17 18
12Z AVG MX 2MIN
DY MAX MIN AVG DEP HDD CDD WTR SNW DPTH SPD SPD DIR MIN PSBL S-S WX SPD DR
================================================================================
1 48 20 34 3 31 0 0.00 M M 9.7 24 180 M M 1 32 180
2 50 34 42 11 23 0 T M M 7.3 15 270 M M 6 21 300
3 48 28 38 7 27 0 0.00 M M 8.6 28 260 M M 7 1 40 270
4 45 25 35 3 30 0 0.02 M M 9.0 22 310 M M 4 1 29 300
5 52 21 37 5 28 0 T M M 9.7 23 190 M M 2 35 270
6 39 23 31 -1 34 0 T M M 13.3 29 360 M M 9 1 38 350
7 47 18 33 0 32 0 0.00 M M 7.7 17 190 M M 0 23 210
8 62 34 48 15 17 0 0.00 M M 14.6 23 190 M M 0 31 190
9 60 46 53 19 12 0 0.32 M M 13.2 23 180 M M 6 1 34 180
10 54 30 42 8 23 0 0.09 M M 9.4 22 310 M M 6 1 29 190
11 42 31 37 3 28 0 T M M 4.4 12 210 M M 9 1 16 180
12 54 39 47 12 18 0 0.01 M M 8.4 31 310 M M 8 18 42 290
13 48 34 41 6 24 0 T M M 15.6 30 290 M M 3 1 43 290
14 39 31 35 -1 30 0 T M M 5.1 12 30 M M 6 16 20
15 48 25 37 1 28 0 0.00 M M 5.8 16 30 M M 1 20 40
16 41 26 34 -2 31 0 T M M 4.7 12 210 M M 5 18 15 210
17 46 27 37 0 28 0 T M M 8.7 20 310 M M 4 1 27 300
18 45 29 37 0 28 0 0.10 M M 5.0 13 140 M M 6 1 21 150
19 62 37 50 12 15 0 0.24 M M 8.8 20 210 M M 10 12 28 200
20 63 26 45 7 20 0 0.00 M M 15.4 25 320 M M 10 1 36 240
21 33 24 29 -9 36 0 0.00 M M 4.9 15 20 M M 9 20 20
22 38 20 29 -10 36 0 0.09 M M 5.7 15 100 M M 4 18 24 140
23 41 29 35 -4 30 0 0.07 M M 4.0 12 300 M M 9 18 14 310
24 44 29 37 -3 28 0 0.00 M M 4.0 12 100 M M 9 1 15 90
25 58 31 45 5 20 0 0.00 M M 4.7 13 180 M M 5 23 190
26 59 46 53 12 12 0 0.12 M M 6.3 15 250 M M 8 18 21 250
27 53 42 48 7 17 0 0.70 M M 7.3 14 100 M M 9 1 21 100
28 56 45 51 9 14 0 1.01 M M 6.8 17 360 M M 10 13 28 120
29 57 43 50 8 15 0 0.01 M M 17.9 33 250 M M 9 1 49 250
30 43 37 40 -2 25 0 T M M 13.8 23 300 M M 10 1 31 270
31 43 36 40 -3 25 0 T M M 6.8 13 360 M M 10 18 18 360
================================================================================
SM 1518 966 765 0 2.78 M 266.6 M 195
================================================================================
AV 49.0 31.2 8.6 FASTST M M 6 MAX(MPH)
MISC ----> # 33 250 # 49 250
================================================================================
NOTES:
# LAST OF SEVERAL OCCURRENCES
COLUMN 17 PEAK WIND IN M.P.H.
PRELIMINARY LOCAL CLIMATOLOGICAL DATA (WS FORM: F-6) , PAGE 2
STATION: KALAMAZOO
MONTH: MARCH
YEAR: 2020
LATITUDE: 42 13 N
LONGITUDE: 85 33 W
[TEMPERATURE DATA] [PRECIPITATION DATA] SYMBOLS USED IN COLUMN 16
AVERAGE MONTHLY: 40.1 TOTAL FOR MONTH: 2.78 1 = FOG OR MIST
DPTR FM NORMAL: 3.6 DPTR FM NORMAL: 0.53 2 = FOG REDUCING VISIBILITY
HIGHEST: 63 ON 20 GRTST 24HR 1.01 ON 28-28 TO 1/4 MILE OR LESS
LOWEST: 18 ON 7 3 = THUNDER
SNOW, ICE PELLETS, HAIL 4 = ICE PELLETS
TOTAL MONTH: M 5 = HAIL
GRTST 24HR M ON M 6 = FREEZING RAIN OR DRIZZLE
GRTST DEPTH: M ON M 7 = DUSTSTORM OR SANDSTORM:
VSBY 1/2 MILE OR LESS
8 = SMOKE OR HAZE
[NO. OF DAYS WITH] [WEATHER - DAYS WITH] 9 = BLOWING SNOW
X = TORNADO
MAX 32 OR BELOW: 0 0.01 INCH OR MORE: 12
MAX 90 OR ABOVE: 0 0.10 INCH OR MORE: 6
MIN 32 OR BELOW: 19 0.50 INCH OR MORE: 2
MIN 0 OR BELOW: 0 1.00 INCH OR MORE: 1
[HDD (BASE 65) ]
TOTAL THIS MO. 765 CLEAR (SCALE 0-3) 6
DPTR FM NORMAL -119 PTCLDY (SCALE 4-7) 13
TOTAL FM JUL 1 5121 CLOUDY (SCALE 8-10) 12
DPTR FM NORMAL -536
[CDD (BASE 65) ]
TOTAL THIS MO. 0
DPTR FM NORMAL 0 [PRESSURE DATA]
TOTAL FM JAN 1 0 HIGHEST SLP 30.67 ON 15
DPTR FM NORMAL 0 LOWEST SLP 29.47 ON 29
[REMARKS]
#FINAL-03-20#