000
CXUS51 KOKX 011010
CF6BDR
PRELIMINARY LOCAL CLIMATOLOGICAL DATA (WS FORM: F-6)
STATION: BRIDGEPORT CT
MONTH: DECEMBER
YEAR: 2022
LATITUDE: 41 10 N
LONGITUDE: 73 8 W
TEMPERATURE IN F: :PCPN: SNOW: WIND :SUNSHINE: SKY :PK WND
================================================================================
1 2 3 4 5 6A 6B 7 8 9 10 11 12 13 14 15 16 17 18
12Z AVG MX 2MIN
DY MAX MIN AVG DEP HDD CDD WTR SNW DPTH SPD SPD DIR MIN PSBL S-S WX SPD DR
================================================================================
1 43 31 37 -4 28 0 0.00 0.0 0 12.4 29 290 M M 3 41 270
2 45 26 36 -5 29 0 0.00 0.0 0 6.4 16 210 M M 1 19 210
3 56 41 49 9 16 0 0.33 0.0 0 15.2 30 210 M M 8 1 42 200
4 45 29 37 -3 28 0 0.00 0.0 0 5.4 18 300 M M 0 27 300
5 47 26 37 -3 28 0 0.00 0.0 0 3.3 10 220 M M 0 13 220
6 56 35 46 6 19 0 0.57 0.0 0 8.2 16 150 M M 8 1 21 150
7 56 51 54 15 11 0 0.97 0.0 0 7.3 15 190 M M 9 12 21 180
8 55 39 47 8 18 0 0.00 0.0 0 11.6 25 340 M M 1 32 320
9 48 32 40 1 25 0 0.00 0.0 0 9.6 17 350 M M 0 25 10
10 40 26 33 -5 32 0 0.00 0.0 0 8.4 17 60 M M 3 21 60
11 37 30 34 -4 31 0 0.06 0.8 0 11.9 18 360 M M 10 1 23 360
12 39 27 33 -5 32 0 0.01 T T 10.4 18 340 M M 7 1 23 360
13 41 22 32 -6 33 0 0.00 0.0 T 9.4 16 330 M M 0 21 330
14 38 28 33 -4 32 0 0.00 0.0 0 12.5 24 10 M M 1 30 360
15 42 31 37 0 28 0 0.39 0.0 0 12.7 25 60 M M 5 1 33 60
16 44 37 41 4 24 0 0.71 0.0 0 17.2 28 60 M M 10 1 36 60
17 46 35 41 4 24 0 0.01 0.0 0 9.4 22 300 M M 5 31 290
18 43 30 37 1 28 0 0.00 0.0 0 8.1 18 300 M M 2 25 310
19 41 30 36 0 29 0 0.00 0.0 0 9.8 21 290 M M 2 28 290
20 40 28 34 -2 31 0 0.00 0.0 0 9.8 18 320 M M 0 23 310
21 37 25 31 -5 34 0 0.00 0.0 0 3.7 9 220 M M 0 13 330
22 47 27 37 2 28 0 0.40 0.0 0 12.0 29 70 M M 5 1 35 70
23 57 9 33 -2 32 0 0.27 T 0 22.6 38 230 M M 8 1 49 230
24 16 7 12 -23 53 0 0.00 0.0 0 14.6 26 270 M M 1 38 270
25 28 14 21 -14 44 0 0.00 0.0 0 12.7 21 260 M M 0 31 260
26 30 18 24 -10 41 0 0.00 0.0 0 8.6 15 290 M M 2 22 290
27 36 28 32 -2 33 0 0.00 0.0 0 6.8 13 310 M M 9 17 290
28 45 31 38 4 27 0 0.00 0.0 0 6.9 17 220 M M 3 21 220
29 48 28 38 4 27 0 0.00 0.0 0 3.6 12 240 M M 0 17 250
30 55 31 43 9 22 0 0.00 0.0 0 1.9 8 100 M M 2 9 100
31 49 35 42 9 23 0 0.42 0.0 0 2.3 8 220 M M 9 12 11 60
================================================================================
SM 1350 887 890 0 4.14 0.8 294.7 M 114
================================================================================
AV 43.5 28.6 9.5 FASTST M M 4 MAX(MPH)
MISC ----> 38 230 49 230
================================================================================
NOTES:
# LAST OF SEVERAL OCCURRENCES
COLUMN 17 PEAK WIND IN M.P.H.
PRELIMINARY LOCAL CLIMATOLOGICAL DATA (WS FORM: F-6) , PAGE 2
STATION: BRIDGEPORT CT
MONTH: DECEMBER
YEAR: 2022
LATITUDE: 41 10 N
LONGITUDE: 73 8 W
[TEMPERATURE DATA] [PRECIPITATION DATA] SYMBOLS USED IN COLUMN 16
AVERAGE MONTHLY: 36.1 TOTAL FOR MONTH: 4.14 1 = FOG OR MIST
DPTR FM NORMAL: -0.9 DPTR FM NORMAL: 0.16 2 = FOG REDUCING VISIBILITY
HIGHEST: 57 ON 23 GRTST 24HR 1.54 ON 6- 7 TO 1/4 MILE OR LESS
LOWEST: 7 ON 24 3 = THUNDER
SNOW, ICE PELLETS, HAIL 4 = ICE PELLETS
TOTAL MONTH: 0.8 INCH 5 = HAIL
GRTST 24HR 0.8 ON 11-11 6 = FREEZING RAIN OR DRIZZLE
GRTST DEPTH: T 7 = DUSTSTORM OR SANDSTORM:
VSBY 1/2 MILE OR LESS
8 = SMOKE OR HAZE
[NO. OF DAYS WITH] [WEATHER - DAYS WITH] 9 = BLOWING SNOW
X = TORNADO
MAX 32 OR BELOW: 3 0.01 INCH OR MORE: 11
MAX 90 OR ABOVE: 0 0.10 INCH OR MORE: 8
MIN 32 OR BELOW: 24 0.50 INCH OR MORE: 3
MIN 0 OR BELOW: 0 1.00 INCH OR MORE: 0
[HDD (BASE 65) ]
TOTAL THIS MO. 890 CLEAR (SCALE 0-3) 17
DPTR FM NORMAL 22 PTCLDY (SCALE 4-7) 8
TOTAL FM JUL 1 1716 CLOUDY (SCALE 8-10) 6
DPTR FM NORMAL -50
[CDD (BASE 65) ]
TOTAL THIS MO. 0
DPTR FM NORMAL 0 [PRESSURE DATA]
TOTAL FM JAN 1 1075 HIGHEST SLP M ON M
DPTR FM NORMAL 121 LOWEST SLP 28.96 ON 23
[REMARKS]
#FINAL-12-22#