000
CXAK56 PAFG 010947
CF6BRW
PRELIMINARY LOCAL CLIMATOLOGICAL DATA (WS FORM: F-6)
STATION: UTQIAGVIK (BARROW) AK
MONTH: APRIL
YEAR: 2022
LATITUDE: 71 17 N
LONGITUDE: 156 47 W
TEMPERATURE IN F: :PCPN: SNOW: WIND :SUNSHINE: SKY :PK WND
================================================================================
1 2 3 4 5 6A 6B 7 8 9 10 11 12 13 14 15 16 17 18
12Z AVG MX 2MIN
DY MAX MIN AVG DEP HDD CDD WTR SNW DPTH SPD SPD DIR MIN PSBL S-S WX SPD DR
================================================================================
1 -3 -13 -8 -3 73 0 0.00 M M 17.9 22 60 M M 0 26 60
2 -3 -13 -8 -4 73 0 T M M 14.2 18 70 M M 2 18 24 30
3 -2 -11 -6 -2 71 0 T M M 14.5 21 60 M M 6 18 24 60
4 -3 -7 -5 -2 70 0 0.02 M M 13.4 20 10 M M 10 8 24 10
5 -7 -24 -15 -12 80 0 0.00 M M 7.0 12 110 M M 5 18 20 100
6 -3 -25 -14 -12 79 0 0.00 M M 10.6 15 60 M M 2 22 90
7 9 -4 3 5 62 0 0.00 M M 8.1 15 60 M M 6 8 19 60
8 8 -13 -2 -1 67 0 T M M 13.6 26 280 M M 6 189 31 270
9 -6 -25 -15 -15 80 0 0.00 M M 7.6 13 110 M M 0 16 110
10 12 -15 -1 -1 66 0 0.01 M M 14.8 22 110 M M 7 18 26 90
11 25 11 18 17 47 0 T M M 10.6 17 220 M M 7 1 21 220
12 11 -6 3 1 62 0 0.00 M M 8.6 15 350 M M 5 18 350
13 2 -7 -2 -5 67 0 0.00 M M 8.0 14 60 M M 0 18 16 70
14 6 -9 -1 -4 66 0 0.00 M M 15.4 21 70 M M 0 24 80
15 7 -6 1 -3 64 0 0.00 M M 23.2 32 80 M M 0 189 38 70
16 9 -3 3 -2 62 0 0.00 M M 18.2 23 90 M M 0 28 90
17 9 -7 1 -5 64 0 0.00 M M 10.4 20 110 M M 0 25 90
18 11 -10 1 -5 64 0 0.00 M M 7.6 14 120 M M 0 16 120
19 17 -4 7 0 58 0 0.00 M M 11.3 15 60 M M 1 1 18 60
20 10 -4 3 -5 62 0 0.00 M M 11.7 17 90 M M 0 24 90
21 15 -5 5 -3 60 0 0.00 M M 16.2 26 110 M M 0 36 100
22 20 -4 8 -1 57 0 0.00 M M 9.6 21 100 M M 4 12 24 100
23 19 11 15 5 50 0 T M M 4.6 12 90 M M 10 128 14 110
24 19 6 13 2 52 0 0.00 M M 10.3 14 60 M M 5 12 16 60
25 16 6 11 0 54 0 0.00 M M 10.5 15 50 M M 8 8 19 50
26 12 4 8 -4 57 0 T M M 13.1 17 70 M M 9 18 20 80
27 8 5 7 -6 58 0 T M M 14.2 21 90 M M 10 18 27 90
28 9 5 7 -6 58 0 T M M 18.6 23 90 M M 10 189 27 90
29 17 5 11 -3 54 0 T M M 13.0 22 100 M M 9 18 26 90
30 30 8 19 4 46 0 0.00 M M 9.2 17 360 M M 4 128 21 110
================================================================================
SM 274 -154 1883 0 0.03 M 366.0 M 126
================================================================================
AV 9.1 -5.1 12.2 FASTST M M 4 MAX(MPH)
MISC ----> 32 80 38 70
================================================================================
NOTES:
# LAST OF SEVERAL OCCURRENCES
COLUMN 17 PEAK WIND IN M.P.H.
PRELIMINARY LOCAL CLIMATOLOGICAL DATA (WS FORM: F-6) , PAGE 2
STATION: UTQIAGVIK (BARROW) AK
MONTH: APRIL
YEAR: 2022
LATITUDE: 71 17 N
LONGITUDE: 156 47 W
[TEMPERATURE DATA] [PRECIPITATION DATA] SYMBOLS USED IN COLUMN 16
AVERAGE MONTHLY: 2.0 TOTAL FOR MONTH: 0.03 1 = FOG OR MIST
DPTR FM NORMAL: -2.6 DPTR FM NORMAL: -0.15 2 = FOG REDUCING VISIBILITY
HIGHEST: 30 ON 30 GRTST 24HR 0.04 ON 4- 5 TO 1/4 MILE OR LESS
LOWEST: -25 ON 9, 6 3 = THUNDER
SNOW, ICE PELLETS, HAIL 4 = ICE PELLETS
TOTAL MONTH: M 5 = HAIL
GRTST 24HR M ON M 6 = FREEZING RAIN OR DRIZZLE
GRTST DEPTH: M ON M 7 = DUSTSTORM OR SANDSTORM:
VSBY 1/2 MILE OR LESS
8 = SMOKE OR HAZE
[NO. OF DAYS WITH] [WEATHER - DAYS WITH] 9 = BLOWING SNOW
X = TORNADO
MAX 32 OR BELOW: 30 0.01 INCH OR MORE: 2
MAX 90 OR ABOVE: 0 0.10 INCH OR MORE: 0
MIN 32 OR BELOW: 30 0.50 INCH OR MORE: 0
MIN 0 OR BELOW: 21 1.00 INCH OR MORE: 0
[HDD (BASE 65) ]
TOTAL THIS MO. 1883 CLEAR (SCALE 0-3) 13
DPTR FM NORMAL 71 PTCLDY (SCALE 4-7) 11
TOTAL FM JUL 1 16379 CLOUDY (SCALE 8-10) 6
DPTR FM NORMAL 60
[CDD (BASE 65) ]
TOTAL THIS MO. 0
DPTR FM NORMAL 0 [PRESSURE DATA]
TOTAL FM JAN 1 0 HIGHEST SLP M ON M
DPTR FM NORMAL 0 LOWEST SLP 29.60 ON 5
[REMARKS]
#FINAL-04-22#