000
CXUS54 KMAF 011210
CF6GNC
PRELIMINARY LOCAL CLIMATOLOGICAL DATA (WS FORM: F-6)
STATION: GAINES COUNTY AIRPORT
MONTH: NOVEMBER
YEAR: 2022
LATITUDE: 32 40 N
LONGITUDE: 102 39 W
TEMPERATURE IN F: :PCPN: SNOW: WIND :SUNSHINE: SKY :PK WND
================================================================================
1 2 3 4 5 6A 6B 7 8 9 10 11 12 13 14 15 16 17 18
12Z AVG MX 2MIN
DY MAX MIN AVG DEP HDD CDD WTR SNW DPTH SPD SPD DIR MIN PSBL S-S WX SPD DR
================================================================================
1 73 48 61 M 4 0 M M M 7.7 13 210 M M 1 1 16 200
2 77 54 66 M 0 1 M M M 9.9 16 200 M M 3 22 200
3 82 59 71 M 0 6 M M M 12.9 17 220 M M 5 25 220
4 67 44 56 M 9 0 M M M 15.0 29 280 M M 3 12 36 280
5 72 36 54 M 11 0 M M M 10.7 20 240 M M 0 26 240
6 81 45 63 M 2 0 M M M 7.0 14 290 M M 0 20 290
7 71 45 58 M 7 0 M M M 7.6 10 110 M M 4 M M
8 76 59 68 M 0 3 M M M 11.0 23 170 M M 6 1 28 160
9 79 58 69 M 0 4 M M M 12.7 20 190 M M 4 28 180
10 73 48 61 M 4 0 M M M 7.6 16 210 M M 2 24 210
11 51 33 42 M 23 0 M M M 12.9 21 30 M M 3 29 40
12 53 25 39 M 26 0 M M M 4.3 9 160 M M 0 16 190
13 55 29 42 M 23 0 M M M 8.3 14 160 M M 0 22 160
14 45 30 38 M 27 0 M M M 10.0 22 340 M M 1 29 340
15 49 23 36 M 29 0 M M M 5.9 9 100 M M 1 M M
16 47 34 41 M 24 0 M M M 4.7 10 110 M M 5 18 90
17 55 26 41 M 24 0 M M M 6.7 14 220 M M 2 20 220
18 40 27 34 M 31 0 M M M 11.8 18 60 M M 6 23 60
19 43 30 37 M 28 0 M M M 6.4 10 30 M M 9 16 60
20 47 23 35 M 30 0 M M M 4.7 9 200 M M 5 M M
21 58 28 43 M 22 0 M M M 5.4 8 270 M M 4 1 M M
22 63 28 46 M 19 0 M M M 5.2 10 230 M M 0 12 M M
23 65 38 52 M 13 0 M M M 6.2 13 210 M M 5 12 16 210
24 51 35 43 M 22 0 M M M 14.7 25 10 M M 6 12 33 10
25 40 32 36 M 29 0 0.43 M M 12.8 21 40 M M 9 26 40
26 52 33 43 M 22 0 0.04 M M 9.4 17 270 M M 5 1 24 270
27 56 37 47 M 18 0 M M M 6.1 15 360 M M 0 20 360
28 66 35 51 M 14 0 M M M 12.0 22 240 M M 0 30 230
29 69 33 51 M 14 0 M M M 14.3 33 270 M M 0 43 270
30 43 26 35 M 30 0 M M M 6.6 12 50 M M 0 17 50
================================================================================
SM 1799 1101 505 14 0.47 M 270.5 M 89
================================================================================
AV 60.0 36.7 9.0 FASTST M M 3 MAX(MPH)
MISC ----> 33 270 43 270
================================================================================
NOTES:
# LAST OF SEVERAL OCCURRENCES
COLUMN 17 PEAK WIND IN M.P.H.
PRELIMINARY LOCAL CLIMATOLOGICAL DATA (WS FORM: F-6) , PAGE 2
STATION: GAINES COUNTY AIRPORT
MONTH: NOVEMBER
YEAR: 2022
LATITUDE: 32 40 N
LONGITUDE: 102 39 W
[TEMPERATURE DATA] [PRECIPITATION DATA] SYMBOLS USED IN COLUMN 16
AVERAGE MONTHLY: 48.3 TOTAL FOR MONTH: 0.47 1 = FOG OR MIST
DPTR FM NORMAL: 0.0 DPTR FM NORMAL: M 2 = FOG REDUCING VISIBILITY
HIGHEST: 82 ON 3 GRTST 24HR 0.43 ON 25-25 TO 1/4 MILE OR LESS
LOWEST: 23 ON 20,15 3 = THUNDER
SNOW, ICE PELLETS, HAIL 4 = ICE PELLETS
TOTAL MONTH: M 5 = HAIL
GRTST 24HR M ON M 6 = FREEZING RAIN OR DRIZZLE
GRTST DEPTH: M ON M 7 = DUSTSTORM OR SANDSTORM:
VSBY 1/2 MILE OR LESS
8 = SMOKE OR HAZE
[NO. OF DAYS WITH] [WEATHER - DAYS WITH] 9 = BLOWING SNOW
X = TORNADO
MAX 32 OR BELOW: 0 0.01 INCH OR MORE: 2
MAX 90 OR ABOVE: 0 0.10 INCH OR MORE: 1
MIN 32 OR BELOW: 12 0.50 INCH OR MORE: 0
MIN 0 OR BELOW: 0 1.00 INCH OR MORE: 0
[HDD (BASE 65) ]
TOTAL THIS MO. 505 CLEAR (SCALE 0-3) 15
DPTR FM NORMAL M PTCLDY (SCALE 4-7) 13
TOTAL FM JUL 1 626 CLOUDY (SCALE 8-10) 2
DPTR FM NORMAL M
[CDD (BASE 65) ]
TOTAL THIS MO. 14
DPTR FM NORMAL M [PRESSURE DATA]
TOTAL FM JAN 1 2547 HIGHEST SLP M ON M
DPTR FM NORMAL M LOWEST SLP M ON M
[REMARKS]
#FINAL-11-22#