000
CXUS51 KCAR 010700
CF6MLT
PRELIMINARY LOCAL CLIMATOLOGICAL DATA (WS FORM: F-6)
STATION: MILLINOCKET ME
MONTH: JULY
YEAR: 2022
LATITUDE: 45 39 N
LONGITUDE: 68 41 W
TEMPERATURE IN F: :PCPN: SNOW: WIND :SUNSHINE: SKY :PK WND
================================================================================
1 2 3 4 5 6A 6B 7 8 9 10 11 12 13 14 15 16 17 18
12Z AVG MX 2MIN
DY MAX MIN AVG DEP HDD CDD WTR SNW DPTH SPD SPD DIR MIN PSBL S-S WX SPD DR
================================================================================
1 86 54 70 3 0 5 0.03 M M 2.4 14 320 M M 4 13 21 320
2 83 57 70 3 0 5 0.30 M M 4.5 13 280 M M 3 13 23 260
3 79 53 66 -1 0 1 0.01 M M 4.2 17 320 M M 2 25 340
4 73 53 63 -4 2 0 0.00 M M 6.3 20 310 M M 1 29 310
5 80 50 65 -3 0 0 0.27 M M 2.6 9 240 M M 4 1 16 200
6 72 53 63 -5 2 0 0.28 M M 7.5 22 340 M M 7 1 33 350
7 77 47 62 -6 3 0 0.00 M M 2.9 13 320 M M 3 17 330
8 79 55 67 -1 0 2 0.49 M M 2.4 12 290 M M 5 13 18 280
9 74 49 62 -6 3 0 0.00 M M 4.6 15 310 M M 1 21 320
10 79 50 65 -3 0 0 0.00 M M 3.2 13 300 M M 0 19 300
11 81 53 67 -1 0 2 0.00 M M 3.0 9 230 M M 3 18 190
12 81 62 72 4 0 7 0.41 M M 4.9 21 300 M M 3 13 29 300
13 83 62 73 5 0 8 0.00 M M 4.8 13 290 M M 2 1 20 310
14 78 58 68 0 0 3 0.02 M M 3.8 15 310 M M 7 13 21 290
15 81 56 69 1 0 4 0.00 M M 4.8 15 310 M M 1 20 310
16 82 56 69 1 0 4 0.00 M M 2.5 10 180 M M 1 19 180
17 88 60 74 6 0 9 0.00 M M 2.6 14 300 M M 1 21 280
18 88 59 74 5 0 9 1.60 M M 3.9 10 130 M M 2 1 19 180
19 84 65 75 6 0 10 0.38 M M 7.5 20 300 M M 6 13 28 300
20 86 59 73 4 0 8 0.00 M M 4.8 14 290 M M 0 23 270
21 89 63 76 7 0 11 0.00 M M 4.0 14 160 M M 1 26 170
22 89 64 77 8 0 12 0.00 M M 3.7 13 300 M M 2 1 20 310
23 90 59 75 6 0 10 0.00 M M 2.2 12 260 M M 1 18 190
24 90 65 78 10 0 13 T M M 2.9 10 160 M M 1 17 180
25 78 69 74 6 0 9 T M M 3.6 10 220 M M 3 20 240
26 77 61 69 1 0 4 0.00 M M 4.1 10 260 M M 3 16 240
27 85 56 71 3 0 6 0.00 M M 4.2 15 310 M M 1 22 300
28 85 62 74 6 0 9 1.04 M M 2.7 10 70 M M 6 13 18 150
29 83 60 72 4 0 7 0.40 M M 4.8 16 280 M M 2 1 24 280
30 79 55 67 -1 0 2 0.00 M M 7.3 21 310 M M 2 30 310
31 84 64 74 6 0 9 0.00 M M 5.4 16 300 M M 0 23 300
================================================================================
SM 2543 1789 10 169 5.23 M 128.1 M 78
================================================================================
AV 82.0 57.7 4.1 FASTST M M 3 MAX(MPH)
MISC ----> 22 340 33 350
================================================================================
NOTES:
# LAST OF SEVERAL OCCURRENCES
COLUMN 17 PEAK WIND IN M.P.H.
PRELIMINARY LOCAL CLIMATOLOGICAL DATA (WS FORM: F-6) , PAGE 2
STATION: MILLINOCKET ME
MONTH: JULY
YEAR: 2022
LATITUDE: 45 39 N
LONGITUDE: 68 41 W
[TEMPERATURE DATA] [PRECIPITATION DATA] SYMBOLS USED IN COLUMN 16
AVERAGE MONTHLY: 69.9 TOTAL FOR MONTH: 5.23 1 = FOG OR MIST
DPTR FM NORMAL: 1.7 DPTR FM NORMAL: 1.07 2 = FOG REDUCING VISIBILITY
HIGHEST: 90 ON 24,23 GRTST 24HR 1.98 ON 18-19 TO 1/4 MILE OR LESS
LOWEST: 47 ON 7 3 = THUNDER
SNOW, ICE PELLETS, HAIL 4 = ICE PELLETS
TOTAL MONTH: M 5 = HAIL
GRTST 24HR M ON M 6 = FREEZING RAIN OR DRIZZLE
GRTST DEPTH: M ON M 7 = DUSTSTORM OR SANDSTORM:
VSBY 1/2 MILE OR LESS
8 = SMOKE OR HAZE
[NO. OF DAYS WITH] [WEATHER - DAYS WITH] 9 = BLOWING SNOW
X = TORNADO
MAX 32 OR BELOW: 0 0.01 INCH OR MORE: 12
MAX 90 OR ABOVE: 2 0.10 INCH OR MORE: 9
MIN 32 OR BELOW: 0 0.50 INCH OR MORE: 2
MIN 0 OR BELOW: 0 1.00 INCH OR MORE: 2
[HDD (BASE 65) ]
TOTAL THIS MO. 10 CLEAR (SCALE 0-3) 22
DPTR FM NORMAL -16 PTCLDY (SCALE 4-7) 9
TOTAL FM JUL 1 10 CLOUDY (SCALE 8-10) 0
DPTR FM NORMAL -21
[CDD (BASE 65) ]
TOTAL THIS MO. 169
DPTR FM NORMAL 46 [PRESSURE DATA]
TOTAL FM JAN 1 213 HIGHEST SLP 30.12 ON 16
DPTR FM NORMAL 35 LOWEST SLP 29.42 ON 19
[REMARKS]
#FINAL-07-22#