000
CXUS55 KREV 010839
CF6RNO
PRELIMINARY LOCAL CLIMATOLOGICAL DATA (WS FORM: F-6)
STATION: RENO-TAHOE INTL AIRPORT NV
MONTH: FEBRUARY
YEAR: 2024
LATITUDE: 39 30 N
LONGITUDE: 119 47 W
TEMPERATURE IN F: :PCPN: SNOW: WIND :SUNSHINE: SKY :PK WND
================================================================================
1 2 3 4 5 6A 6B 7 8 9 10 11 12 13 14 15 16 17 18
12Z AVG MX 2MIN
DY MAX MIN AVG DEP HDD CDD WTR SNW DPTH SPD SPD DIR MIN PSBL S-S WX SPD DR
================================================================================
1 51 32 42 4 23 0 0.08 0.0 0 7.3 20 280 M M 8 32 290
2 48 29 39 1 26 0 T T 0 6.3 31 280 M M 7 38 280
3 46 23 35 -3 30 0 0.00 0.0 0 4.3 12 360 M M 5 20 360
4 39 30 35 -4 30 0 0.66 8.5 0 7.3 18 170 M M 9 12 27 160
5 47 35 41 2 24 0 0.12 0.0 6 9.8 37 190 M M 7 1 53 210
6 44 32 38 -1 27 0 0.01 T 0 3.0 14 340 M M 9 21 320
7 45 28 37 -2 28 0 T T 0 5.7 17 180 M M 8 1 23 180
8 42 27 35 -4 30 0 T T 0 4.6 12 350 M M 6 17 330
9 45 27 36 -3 29 0 0.00 0.0 0 5.7 23 320 M M 7 30 10
10 43 22 33 -7 32 0 0.00 0.0 0 3.8 12 60 M M 2 16 130
11 49 22 36 -4 29 0 0.00 0.0 0 1.6 7 290 M M 3 11 260
12 54 24 39 -1 26 0 0.00 0.0 0 1.1 7 200 M M 6 13 290
13 51 27 39 -1 26 0 0.00 0.0 0 2.8 18 270 M M 6 24 280
14 54 30 42 2 23 0 0.03 0.0 0 11.8 40 170 M M 7 53 190
15 53 34 44 4 21 0 T 0.0 0 5.3 22 290 M M 8 31 290
16 51 35 43 2 22 0 0.00 0.0 0 1.7 9 130 M M 9 19 280
17 50 36 43 2 22 0 0.06 0.0 0 7.5 28 180 M M M 33 170
18 61 36 49 8 16 0 T 0.0 0 8.2 31 170 M M M 39 150
19 54 38 46 5 19 0 0.46 0.0 0 15.1 33 180 M M 7 1 45 200
20 56 34 45 3 20 0 0.05 0.0 0 7.6 22 280 M M 6 28 160
21 53 36 45 3 20 0 T 0.0 0 5.0 22 280 M M 5 31 300
22 56 27 42 0 23 0 0.00 0.0 0 2.1 8 270 M M 1 16 260
23 56 28 42 0 23 0 0.00 0.0 0 3.3 14 150 M M 5 19 90
24 62 29 46 4 19 0 0.00 0.0 0 1.8 9 30 M M 3 19 290
25 64 30 47 4 18 0 0.00 0.0 0 5.7 25 280 M M 3 32 280
26 56 40 48 5 17 0 0.00 0.0 0 12.1 31 200 M M 6 49 200
27 53 30 42 -1 23 0 0.00 0.0 0 5.5 22 30 M M 4 28 30
28 63 27 45 2 20 0 0.00 0.0 0 3.6 21 290 M M 3 40 280
29 57 40 49 5 16 0 0.06 0.0 0 19.5 43 200 M M 7 60 210
================================================================================
SM 1503 888 682 0 1.53 8.5 179.1 M 157
================================================================================
AV 51.8 30.6 6.2 FASTST M M 6 MAX(MPH)
MISC ----> 43 200 60 210
================================================================================
NOTES:
# LAST OF SEVERAL OCCURRENCES
COLUMN 17 PEAK WIND IN M.P.H.
PRELIMINARY LOCAL CLIMATOLOGICAL DATA (WS FORM: F-6) , PAGE 2
STATION: RENO-TAHOE INTL AIRPORT NV
MONTH: FEBRUARY
YEAR: 2024
LATITUDE: 39 30 N
LONGITUDE: 119 47 W
[TEMPERATURE DATA] [PRECIPITATION DATA] SYMBOLS USED IN COLUMN 16
AVERAGE MONTHLY: 41.2 TOTAL FOR MONTH: 1.53 1 = FOG OR MIST
DPTR FM NORMAL: 0.6 DPTR FM NORMAL: 0.50 2 = FOG REDUCING VISIBILITY
HIGHEST: 64 ON 25 GRTST 24HR 0.78 ON 4- 5 TO 1/4 MILE OR LESS
LOWEST: 22 ON 11,10 3 = THUNDER
SNOW, ICE PELLETS, HAIL 4 = ICE PELLETS
TOTAL MONTH: 8.5 INCHES 5 = HAIL
GRTST 24HR 8.5 ON 4- 4 6 = FREEZING RAIN OR DRIZZLE
GRTST DEPTH: 6 ON 5 7 = DUSTSTORM OR SANDSTORM:
VSBY 1/2 MILE OR LESS
8 = SMOKE OR HAZE
[NO. OF DAYS WITH] [WEATHER - DAYS WITH] 9 = BLOWING SNOW
X = TORNADO
MAX 32 OR BELOW: 0 0.01 INCH OR MORE: 9
MAX 90 OR ABOVE: 0 0.10 INCH OR MORE: 3
MIN 32 OR BELOW: 19 0.50 INCH OR MORE: 1
MIN 0 OR BELOW: 0 1.00 INCH OR MORE: 0
[HDD (BASE 65) ]
TOTAL THIS MO. 682 CLEAR (SCALE 0-3) 4
DPTR FM NORMAL -2 PTCLDY (SCALE 4-7) 19
TOTAL FM JUL 1 3164 CLOUDY (SCALE 8-10) 6
DPTR FM NORMAL -340
[CDD (BASE 65) ]
TOTAL THIS MO. 0
DPTR FM NORMAL 0 [PRESSURE DATA]
TOTAL FM JAN 1 0 HIGHEST SLP M ON M
DPTR FM NORMAL 0 LOWEST SLP 29.45 ON 1
[REMARKS]
#FINAL-02-24#