000
CXUS54 KOUN 010910
CF6SWO
PRELIMINARY LOCAL CLIMATOLOGICAL DATA (WS FORM: F-6)
STATION: STILLWATER
MONTH: FEBRUARY
YEAR: 2023
LATITUDE: 36 10 N
LONGITUDE: 97 5 W
TEMPERATURE IN F: :PCPN: SNOW: WIND :SUNSHINE: SKY :PK WND
================================================================================
1 2 3 4 5 6A 6B 7 8 9 10 11 12 13 14 15 16 17 18
12Z AVG MX 2MIN
DY MAX MIN AVG DEP HDD CDD WTR SNW DPTH SPD SPD DIR MIN PSBL S-S WX SPD DR
================================================================================
1 33 14 24 -16 41 0 0.00 M M 2.1 9 150 M M 1 11 150
2 51 27 39 -1 26 0 0.01 M M 4.5 14 360 M M 3 6 17 360
3 53 20 37 -3 28 0 0.00 M M 9.2 16 200 M M 0 19 30
4 66 34 50 9 15 0 0.00 M M 14.2 32 200 M M 0 44 210
5 68 29 49 8 16 0 0.00 M M 6.1 13 130 M M 0 16 120
6 72 47 60 19 5 0 0.05 M M 14.6 28 190 M M 1 3 34 180
7 47 40 44 3 21 0 0.15 M M 6.8 17 20 M M 9 1 20 20
8 43 35 39 -2 26 0 0.27 M M 11.9 21 320 M M 10 1 29 320
9 55 32 44 2 21 0 T M M 11.4 24 350 M M 3 31 350
10 46 23 35 -7 30 0 0.00 M M 10.2 20 10 M M 5 28 340
11 55 19 37 -5 28 0 0.00 M M 2.6 9 180 M M 0 18 14 210
12 71 25 48 6 17 0 0.00 M M 9.6 29 210 M M 0 37 230
13 66 32 49 7 16 0 T M M 7.7 14 150 M M 1 18 150
14 66 40 53 10 12 0 0.35 M M 14.6 37 210 M M 5 13 51 210
15 61 32 47 4 18 0 T M M 12.5 26 20 M M 2 8 32 20
16 38 28 33 -10 32 0 0.00 M M 14.1 24 330 M M 9 33 330
17 51 18 35 -9 30 0 0.00 M M 6.5 16 220 M M 0 20 220
18 53 30 42 -2 23 0 0.00 M M 12.5 26 200 M M 2 35 220
19 70 36 53 9 12 0 0.00 M M 9.0 18 190 M M 0 24 190
20 65 41 53 9 12 0 0.00 0.0 M 3.3 15 230 M M 0 19 220
21 68 38 53 8 12 0 0.00 0.0 M 7.8 21 180 M M 0 27 150
22 73 31 52 7 13 0 0.11 0.0 M 14.8 29 220 M M 3 39 220
23 39 20 30 -15 35 0 0.00 M M 11.9 20 330 M M 0 26 330
24 33 24 29 -17 36 0 0.00 M M 10.4 21 20 M M 7 24 20
25 45 30 38 -8 27 0 0.03 M M 6.3 13 180 M M 10 3 15 180
26 67 44 56 10 9 0 0.05 M M 15.2 44 140 M M 10 1 56 200
27 74 41 58 12 7 0 0.00 M M 12.6 33 220 M M 1 8 44 220
28 79 37 58 11 7 0 0.00 M M 10.1 25 230 M M 0 33 220
================================================================================
SM 1608 867 575 0 1.02 0.0 272.5 M 82
================================================================================
AV 57.4 31.0 9.7 FASTST M M 3 MAX(MPH)
MISC ----> 44 140 56 200
================================================================================
NOTES:
# LAST OF SEVERAL OCCURRENCES
COLUMN 17 PEAK WIND IN M.P.H.
PRELIMINARY LOCAL CLIMATOLOGICAL DATA (WS FORM: F-6) , PAGE 2
STATION: STILLWATER
MONTH: FEBRUARY
YEAR: 2023
LATITUDE: 36 10 N
LONGITUDE: 97 5 W
[TEMPERATURE DATA] [PRECIPITATION DATA] SYMBOLS USED IN COLUMN 16
AVERAGE MONTHLY: 44.2 TOTAL FOR MONTH: 1.02 1 = FOG OR MIST
DPTR FM NORMAL: 1.1 DPTR FM NORMAL: -0.31 2 = FOG REDUCING VISIBILITY
HIGHEST: 79 ON 28 GRTST 24HR 0.35 ON 13-14 TO 1/4 MILE OR LESS
LOWEST: 14 ON 1 3 = THUNDER
SNOW, ICE PELLETS, HAIL 4 = ICE PELLETS
TOTAL MONTH: 0.0 INCH 5 = HAIL
GRTST 24HR 0.0 6 = FREEZING RAIN OR DRIZZLE
GRTST DEPTH: M ON M 7 = DUSTSTORM OR SANDSTORM:
VSBY 1/2 MILE OR LESS
8 = SMOKE OR HAZE
[NO. OF DAYS WITH] [WEATHER - DAYS WITH] 9 = BLOWING SNOW
X = TORNADO
MAX 32 OR BELOW: 0 0.01 INCH OR MORE: 8
MAX 90 OR ABOVE: 0 0.10 INCH OR MORE: 4
MIN 32 OR BELOW: 17 0.50 INCH OR MORE: 0
MIN 0 OR BELOW: 0 1.00 INCH OR MORE: 0
[HDD (BASE 65) ]
TOTAL THIS MO. 575 CLEAR (SCALE 0-3) 20
DPTR FM NORMAL -40 PTCLDY (SCALE 4-7) 3
TOTAL FM JUL 1 2666 CLOUDY (SCALE 8-10) 5
DPTR FM NORMAL -139
[CDD (BASE 65) ]
TOTAL THIS MO. 0
DPTR FM NORMAL -2 [PRESSURE DATA]
TOTAL FM JAN 1 0 HIGHEST SLP 30.63 ON 3
DPTR FM NORMAL 0 LOWEST SLP 29.16 ON 26
[REMARKS]
#FINAL-02-23#