000
CXUS51 KPHI 010815
CF6TTN
PRELIMINARY LOCAL CLIMATOLOGICAL DATA (WS FORM: F-6)
STATION: TRENTON NJ
MONTH: SEPTEMBER
YEAR: 2023
LATITUDE: 40 16 N
LONGITUDE: 74 49 W
TEMPERATURE IN F: :PCPN: SNOW: WIND :SUNSHINE: SKY :PK WND
================================================================================
1 2 3 4 5 6A 6B 7 8 9 10 11 12 13 14 15 16 17 18
12Z AVG MX 2MIN
DY MAX MIN AVG DEP HDD CDD WTR SNW DPTH SPD SPD DIR MIN PSBL S-S WX SPD DR
================================================================================
1 77 54 66 -6 0 1 0.00 0.0 0 4.9 12 50 M M 0 18 60
2 81 52 67 -5 0 2 0.00 0.0 0 3.9 12 220 M M 0 17 240
3 89 62 76 5 0 11 0.00 0.0 0 4.1 14 260 M M 0 20 310
4 93 71 82 11 0 17 T 0.0 0 5.2 13 330 M M 1 19 290
5 91 73 82 11 0 17 0.00 0.0 0 4.4 12 340 M M 1 21 290
6 93 73 83 12 0 18 0.00 0.0 0 3.3 16 360 M M 1 25 360
7 93 70 82 12 0 17 T 0.0 0 4.6 17 310 M M 1 3 26 300
8 93 69 81 11 0 16 0.07 0.0 0 3.9 24 130 M M 3 3 32 130
9 85 67 76 6 0 11 0.01 0.0 0 3.8 25 100 M M 5 123 38 100
10 80 66 73 4 0 8 2.26 0.0 0 3.4 16 50 M M 7 123 22 50
11 83 68 76 7 0 11 0.10 0.0 0 3.9 17 310 M M 6 13 25 310
12 84 64 74 5 0 9 0.00 0.0 0 3.5 10 170 M M 1 16 160
13 81 65 73 5 0 8 0.21 0.0 0 4.6 13 280 M M 6 1 18 300
14 77 56 67 -1 0 2 0.00 0.0 0 8.9 15 330 M M 3 21 350
15 75 52 64 -4 1 0 0.00 0.0 0 8.7 17 40 M M 0 25 50
16 76 53 65 -3 0 0 0.00 0.0 0 6.4 15 310 M M 0 23 320
17 76 50 63 -4 2 0 0.17 0.0 0 3.5 14 270 M M 4 1 20 260
18 68 58 63 -4 2 0 0.74 0.0 0 3.9 13 350 M M 8 1 17 330
19 72 54 63 -3 2 0 0.00 0.0 0 6.9 15 270 M M 1 25 320
20 75 51 63 -3 2 0 0.00 0.0 0 4.2 13 310 M M 0 19 300
21 72 51 62 -4 3 0 0.00 0.0 0 4.2 13 340 M M 0 17 360
22 71 54 63 -2 2 0 0.00 0.0 0 10.8 21 90 M M 3 33 90
23 61 56 59 -6 6 0 1.07 0.0 0 16.8 23 60 M M 9 1 36 50
24 65 59 62 -2 3 0 0.87 0.0 0 15.0 26 60 M M 10 1 37 60
25 63 55 59 -5 6 0 0.20 0.0 0 11.7 22 40 M M 10 1 30 50
26 59 56 58 -6 7 0 0.05 0.0 0 9.6 17 70 M M 9 1 24 70
27 67 51 59 -4 6 0 0.00 0.0 0 8.3 15 90 M M 2 23 60
28 62 52 57 -6 8 0 0.19 0.0 0 8.5 13 30 M M 9 1 19 10
29 65 57 61 -1 4 0 0.71 0.0 0 10.1 17 40 M M 10 1 24 30
30 70 58 64 2 1 0 0.00 0.0 0 7.1 14 40 M M 9 1 20 10
================================================================================
SM 2297 1777 55 148 6.65 0.0 198.1 M 119
================================================================================
AV 76.6 59.2 6.6 FASTST M M 4 MAX(MPH)
MISC ----> 26 60 38 100
================================================================================
NOTES:
# LAST OF SEVERAL OCCURRENCES
COLUMN 17 PEAK WIND IN M.P.H.
PRELIMINARY LOCAL CLIMATOLOGICAL DATA (WS FORM: F-6) , PAGE 2
STATION: TRENTON NJ
MONTH: SEPTEMBER
YEAR: 2023
LATITUDE: 40 16 N
LONGITUDE: 74 49 W
[TEMPERATURE DATA] [PRECIPITATION DATA] SYMBOLS USED IN COLUMN 16
AVERAGE MONTHLY: 67.9 TOTAL FOR MONTH: 6.65 1 = FOG OR MIST
DPTR FM NORMAL: 0.5 DPTR FM NORMAL: 2.60 2 = FOG REDUCING VISIBILITY
HIGHEST: 93 ON 8, 7 GRTST 24HR 2.36 ON 10-11 TO 1/4 MILE OR LESS
LOWEST: 50 ON 17 3 = THUNDER
SNOW, ICE PELLETS, HAIL 4 = ICE PELLETS
TOTAL MONTH: 0.0 INCH 5 = HAIL
GRTST 24HR 0.0 6 = FREEZING RAIN OR DRIZZLE
GRTST DEPTH: 0 7 = DUSTSTORM OR SANDSTORM:
VSBY 1/2 MILE OR LESS
8 = SMOKE OR HAZE
[NO. OF DAYS WITH] [WEATHER - DAYS WITH] 9 = BLOWING SNOW
X = TORNADO
MAX 32 OR BELOW: 0 0.01 INCH OR MORE: 13
MAX 90 OR ABOVE: 5 0.10 INCH OR MORE: 10
MIN 32 OR BELOW: 0 0.50 INCH OR MORE: 5
MIN 0 OR BELOW: 0 1.00 INCH OR MORE: 2
[HDD (BASE 65) ]
TOTAL THIS MO. 55 CLEAR (SCALE 0-3) 17
DPTR FM NORMAL 4 PTCLDY (SCALE 4-7) 6
TOTAL FM JUL 1 55 CLOUDY (SCALE 8-10) 7
DPTR FM NORMAL 4
[CDD (BASE 65) ]
TOTAL THIS MO. 148
DPTR FM NORMAL 25 [PRESSURE DATA]
TOTAL FM JAN 1 948 HIGHEST SLP 30.33 ON 26
DPTR FM NORMAL -86 LOWEST SLP 29.71 ON 18
[REMARKS]
#FINAL-09-23#