000
CXUS54 KSHV 011300
CF6TYR
PRELIMINARY LOCAL CLIMATOLOGICAL DATA (WS FORM: F-6)
STATION: TYLER
MONTH: OCTOBER
YEAR: 2022
LATITUDE: 32 22 N
LONGITUDE: 95 24 W
TEMPERATURE IN F: :PCPN: SNOW: WIND :SUNSHINE: SKY :PK WND
================================================================================
1 2 3 4 5 6A 6B 7 8 9 10 11 12 13 14 15 16 17 18
12Z AVG MX 2MIN
DY MAX MIN AVG DEP HDD CDD WTR SNW DPTH SPD SPD DIR MIN PSBL S-S WX SPD DR
================================================================================
1 83 50 67 -6 0 2 0.00 0.0 0 2.3 12 70 M M 0 18 30
2 85 51 68 -5 0 3 0.00 0.0 0 4.2 15 20 M M 0 21 60
3 87 52 70 -2 0 5 0.00 0.0 0 2.9 14 40 M M 0 21 20
4 87 57 72 0 0 7 0.00 0.0 0 3.0 12 40 M M 0 17 10
5 88 55 72 0 0 7 0.00 0.0 0 2.8 13 50 M M 0 17 40
6 91 58 75 4 0 10 0.00 0.0 0 3.2 12 30 M M 0 8 16 330
7 88 62 75 4 0 10 0.00 0.0 0 3.5 14 10 M M 0 19 10
8 83 61 72 1 0 7 0.00 0.0 0 5.8 15 60 M M 1 18 50
9 84 56 70 0 0 5 0.00 0.0 0 2.8 10 20 M M 0 14 280
10 88 59 74 4 0 9 0.00 0.0 0 5.6 13 140 M M 1 16 140
11 87 62 75 5 0 10 T 0.0 0 8.5 22 160 M M 1 31 150
12 92 68 80 11 0 15 0.00 0.0 0 9.7 20 200 M M 3 3 26 190
13 86 57 72 3 0 7 0.00 0.0 0 6.1 15 90 M M 0 21 60
14 88 51 70 2 0 5 0.00 0.0 0 5.8 15 210 M M 0 20 220
15 93 65 79 11 0 14 0.00 0.0 0 9.9 18 200 M M 2 27 200
16 75 68 72 4 0 7 0.83 0.0 0 8.1 21 130 M M 8 13 29 310
17 74 52 63 -4 2 0 0.00 0.0 0 10.1 21 330 M M 1 27 350
18 63 43 53 -14 12 0 0.00 0.0 0 8.6 21 330 M M 0 27 360
19 64 33 49 -18 16 0 0.00 0.0 0 3.8 12 290 M M 0 17 340
20 85 46 66 0 0 1 0.00 0.0 0 9.3 21 200 M M 0 26 210
21 87 50 69 3 0 4 0.00 0.0 0 10.3 20 190 M M 0 25 200
22 86 61 74 8 0 9 0.00 0.0 0 16.1 33 200 M M 2 42 200
23 86 67 77 12 0 12 0.00 0.0 0 16.0 29 190 M M 3 40 180
24 78 61 70 5 0 5 0.73 0.0 0 12.9 33 230 M M 10 13 49 230
25 69 48 59 -5 6 0 T 0.0 0 10.6 26 310 M M 4 8 39 300
26 73 44 59 -5 6 0 0.00 0.0 0 1.7 10 90 M M 0 8 15 50
27 74 48 61 -3 4 0 0.00 0.0 0 7.1 15 140 M M 0 20 160
28 63 54 59 -4 6 0 2.29 0.0 0 8.8 17 60 M M 9 13 24 50
29 68 58 63 0 2 0 0.11 0.0 0 6.8 14 300 M M 9 18 21 290
30 73 55 64 1 1 0 0.00 0.0 0 4.9 15 310 M M 5 1 21 320
31 78 51 65 3 0 0 0.00 0.0 0 2.2 10 230 M M 0 1 13 280
================================================================================
SM 2506 1703 55 154 3.96 0.0 213.4 M 59
================================================================================
AV 80.8 54.9 6.9 FASTST M M 2 MAX(MPH)
MISC ----> # 33 200 49 230
================================================================================
NOTES:
# LAST OF SEVERAL OCCURRENCES
COLUMN 17 PEAK WIND IN M.P.H.
PRELIMINARY LOCAL CLIMATOLOGICAL DATA (WS FORM: F-6) , PAGE 2
STATION: TYLER
MONTH: OCTOBER
YEAR: 2022
LATITUDE: 32 22 N
LONGITUDE: 95 24 W
[TEMPERATURE DATA] [PRECIPITATION DATA] SYMBOLS USED IN COLUMN 16
AVERAGE MONTHLY: 67.9 TOTAL FOR MONTH: 3.96 1 = FOG OR MIST
DPTR FM NORMAL: 0.2 DPTR FM NORMAL: -0.35 2 = FOG REDUCING VISIBILITY
HIGHEST: 93 ON 15 GRTST 24HR 2.36 ON 28-29 TO 1/4 MILE OR LESS
LOWEST: 33 ON 19 3 = THUNDER
SNOW, ICE PELLETS, HAIL 4 = ICE PELLETS
TOTAL MONTH: 0.0 INCH 5 = HAIL
GRTST 24HR 0.0 6 = FREEZING RAIN OR DRIZZLE
GRTST DEPTH: 0 7 = DUSTSTORM OR SANDSTORM:
VSBY 1/2 MILE OR LESS
8 = SMOKE OR HAZE
[NO. OF DAYS WITH] [WEATHER - DAYS WITH] 9 = BLOWING SNOW
X = TORNADO
MAX 32 OR BELOW: 0 0.01 INCH OR MORE: 4
MAX 90 OR ABOVE: 3 0.10 INCH OR MORE: 4
MIN 32 OR BELOW: 0 0.50 INCH OR MORE: 3
MIN 0 OR BELOW: 0 1.00 INCH OR MORE: 1
[HDD (BASE 65) ]
TOTAL THIS MO. 55 CLEAR (SCALE 0-3) 25
DPTR FM NORMAL -11 PTCLDY (SCALE 4-7) 3
TOTAL FM JUL 1 55 CLOUDY (SCALE 8-10) 3
DPTR FM NORMAL -13
[CDD (BASE 65) ]
TOTAL THIS MO. 154
DPTR FM NORMAL 4 [PRESSURE DATA]
TOTAL FM JAN 1 3212 HIGHEST SLP M ON M
DPTR FM NORMAL 564 LOWEST SLP 29.63 ON 24
[REMARKS]
#FINAL-10-22#