000
CXUS51 KBTV 010800
CF6VSF
PRELIMINARY LOCAL CLIMATOLOGICAL DATA (WS FORM: F-6)
STATION: SPRINGFIELD VT
MONTH: DECEMBER
YEAR: 2022
LATITUDE: 43 19 N
LONGITUDE: 72 31 W
TEMPERATURE IN F: :PCPN: SNOW: WIND :SUNSHINE: SKY :PK WND
================================================================================
1 2 3 4 5 6A 6B 7 8 9 10 11 12 13 14 15 16 17 18
12Z AVG MX 2MIN
DY MAX MIN AVG DEP HDD CDD WTR SNW DPTH SPD SPD DIR MIN PSBL S-S WX SPD DR
================================================================================
1 38 30 34 2 31 0 T M M 10.5 23 270 M M 7 34 260
2 41 23 32 1 33 0 0.00 M M 2.7 10 150 M M 3 15 150
3 51 35 43 12 22 0 0.30 M M 4.9 25 270 M M 9 1 40 260
4 40 21 31 1 34 0 0.00 M M 5.1 22 280 M M 6 30 330
5 43 18 31 1 34 0 0.00 M M 2.0 13 180 M M 0 1 17 150
6 45 29 37 7 28 0 0.19 M M 0.4 5 320 M M 10 1 6 300
7 55 43 49 20 16 0 0.72 M M 1.7 13 310 M M 10 12 18 290
8 51 29 40 11 25 0 T M M 7.3 18 290 M M 8 25 290
9 41 25 33 4 32 0 0.00 M M 5.5 15 330 M M 0 24 20
10 34 20 27 -1 38 0 0.00 M M 4.4 13 40 M M 4 18 50
11 30 22 26 -2 39 0 0.12 M M 2.2 12 70 M M 10 18 13 60
12 33 15 24 -4 41 0 0.01 M M 4.7 13 280 M M 4 1 19 20
13 36 7 22 -5 43 0 T M M 4.4 17 280 M M 2 28 330
14 35 19 27 0 38 0 T M M 8.1 18 360 M M 5 8 31 360
15 39 26 33 6 32 0 0.00 M M 2.0 13 90 M M 9 17 90
16 35 32 34 8 31 0 1.12 M M 2.3 10 60 M M 10 12 14 90
17 34 33 34 8 31 0 0.27 M M 1.2 5 70 M M 10 1 M M
18 M M M M M M 0.00 M M M M M M M M M M
19 36 30 33 7 32 0 T M M 5.8 18 270 M M 7 18 29 260
20 34 18 26 1 39 0 0.00 M M 4.6 13 280 M M 7 19 340
21 35 10 23 -2 42 0 0.00 M M 0.0 6 180 M M 0 7 170
22 34 15 25 0 40 0 0.33 M M 0.2 6 360 M M 4 1 8 360
23 52 10 31 7 34 0 1.18 M M 11.7 29 260 M M 10 13 40 260
24 12 8 10 -14 55 0 T M M 7.2 16 180 M M 7 23 180
25 24 11 18 -6 47 0 0.00 M M 5.5 15 260 M M 5 22 200
26 28 9 19 -5 46 0 0.00 M M 3.9 14 230 M M 3 19 240
27 30 14 22 -2 43 0 0.00 M M 3.2 15 270 M M 6 1 19 270
28 32 14 23 0 42 0 0.00 M M 0.3 5 310 M M 7 8 7 210
29 46 18 32 9 33 0 0.00 M M 0.3 6 160 M M 2 9 150
30 51 30 41 18 24 0 0.00 M M 0.9 6 170 M M 6 1 7 170
31 42 29 36 13 29 0 T M M 0.1 5 70 M M 7 12 5 60
================================================================================
SM 1137 643 1054 0 4.24 M 113.1 M 178
================================================================================
AV 37.9 21.4 3.8 FASTST M M 6 MAX(MPH)
MISC ----> 29 260 # 40 260
================================================================================
NOTES:
# LAST OF SEVERAL OCCURRENCES
COLUMN 17 PEAK WIND IN M.P.H.
PRELIMINARY LOCAL CLIMATOLOGICAL DATA (WS FORM: F-6) , PAGE 2
STATION: SPRINGFIELD VT
MONTH: DECEMBER
YEAR: 2022
LATITUDE: 43 19 N
LONGITUDE: 72 31 W
[TEMPERATURE DATA] [PRECIPITATION DATA] SYMBOLS USED IN COLUMN 16
AVERAGE MONTHLY: 29.7 TOTAL FOR MONTH: 4.24 1 = FOG OR MIST
DPTR FM NORMAL: 3.0 DPTR FM NORMAL: 1.07 2 = FOG REDUCING VISIBILITY
HIGHEST: 55 ON 7 GRTST 24HR 1.51 ON 22-23 TO 1/4 MILE OR LESS
LOWEST: 7 ON 13 3 = THUNDER
SNOW, ICE PELLETS, HAIL 4 = ICE PELLETS
TOTAL MONTH: M 5 = HAIL
GRTST 24HR M ON M 6 = FREEZING RAIN OR DRIZZLE
GRTST DEPTH: M ON M 7 = DUSTSTORM OR SANDSTORM:
VSBY 1/2 MILE OR LESS
8 = SMOKE OR HAZE
[NO. OF DAYS WITH] [WEATHER - DAYS WITH] 9 = BLOWING SNOW
X = TORNADO
MAX 32 OR BELOW: 6 0.01 INCH OR MORE: 9
MAX 90 OR ABOVE: 0 0.10 INCH OR MORE: 8
MIN 32 OR BELOW: 27 0.50 INCH OR MORE: 3
MIN 0 OR BELOW: 0 1.00 INCH OR MORE: 2
[HDD (BASE 65) ]
TOTAL THIS MO. 1054 CLEAR (SCALE 0-3) 6
DPTR FM NORMAL -133 PTCLDY (SCALE 4-7) 16
TOTAL FM JUL 1 2397 CLOUDY (SCALE 8-10) 9
DPTR FM NORMAL -407
[CDD (BASE 65) ]
TOTAL THIS MO. 0
DPTR FM NORMAL 0 [PRESSURE DATA]
TOTAL FM JAN 1 557 HIGHEST SLP 30.55 ON 22
DPTR FM NORMAL 180 LOWEST SLP 28.76 ON 23
[REMARKS]
#FINAL-12-22#