000
CXUS53 KFGF 170815
CF6FGF
PRELIMINARY LOCAL CLIMATOLOGICAL DATA (WS FORM: F-6)

                                          STATION:   GRAND FORKS UNIV. (NWS) ND
                                          MONTH:     AUGUST
                                          YEAR:      2022
                                          LATITUDE:   47 55 N
                                          LONGITUDE:  97  6 W

  TEMPERATURE IN F:       :PCPN:    SNOW:  WIND      :SUNSHINE: SKY     :PK WND
================================================================================
1   2   3   4   5  6A  6B    7    8   9   10  11  12  13   14  15   16   17  18
                                     12Z  AVG MX 2MIN
DY MAX MIN AVG DEP HDD CDD  WTR  SNW DPTH SPD SPD DIR MIN PSBL S-S WX    SPD DR
================================================================================

 1  79  54  67  -3   0   2 0.00  0.0    0    M  M   M   M    M   M         M   M
 2  82  64  73   3   0   8    T  0.0    0    M  M   M   M    M   M         M   M
 3  75  62  69  -1   0   4 0.00  0.0    0    M  M   M   M    M   M         M   M
 4  84  57  71   1   0   6 0.00  0.0    0    M  M   M   M    M   M         M   M
 5  89  68  79   9   0  14 0.00  0.0    0    M  M   M   M    M   M         M   M
 6  70  56  63  -7   2   0 0.00  0.0    0    M  M   M   M    M   M         M   M
 7  65  52  59 -11   6   0    T  0.0    0    M  M   M   M    M   M         M   M
 8  84  48  66  -4   0   1 0.00  0.0    0    M  M   M   M    M   M         M   M
 9  84  61  73   3   0   8 0.00  0.0    0    M  M   M   M    M   M         M   M
10  79  54  67  -3   0   2 0.00  0.0    0    M  M   M   M    M   M         M   M
11  79  56  68  -2   0   3 0.00  0.0    0    M  M   M   M    M   M         M   M
12  72  63  68  -1   0   3 0.02  0.0    0    M  M   M   M    M   M 13      M   M
13  77  55  66  -3   0   1 0.00  0.0    0    M  M   M   M    M   M 12      M   M
14  82  59  71   2   0   6 0.00  0.0    0    M  M   M   M    M   M         M   M
15  81  62  72   3   0   7 0.00  0.0    0    M  M   M   M    M   M         M   M
16  81  66  74   5   0   9 0.00  0.0    0    M  M   M   M    M   M         M   M
================================================================================
SM 1263  937         8  74  0.02  0.0        M          M        M
================================================================================
AV 78.9 58.6                                 M FASTST   M    M   M    MAX(MPH)
                                 MISC ---->     M   M                  M   M
================================================================================
NOTES:
# LAST OF SEVERAL OCCURRENCES

COLUMN 17 PEAK WIND IN M.P.H.

PRELIMINARY LOCAL CLIMATOLOGICAL DATA (WS FORM: F-6) , PAGE 2

                                          STATION:   GRAND FORKS UNIV. (NWS) ND
                                          MONTH:     AUGUST
                                          YEAR:      2022
                                          LATITUDE:   47 55 N
                                          LONGITUDE:  97  6 W

[TEMPERATURE DATA]      [PRECIPITATION DATA]       SYMBOLS USED IN COLUMN 16

AVERAGE MONTHLY: 68.8   TOTAL FOR MONTH:   0.02    1 = FOG OR MIST
DPTR FM NORMAL:  -0.9   DPTR FM NORMAL:   -1.55    2 = FOG REDUCING VISIBILITY
HIGHEST:    89 ON  5    GRTST 24HR  0.02 ON 12-12      TO 1/4 MILE OR LESS
LOWEST:     48 ON  8                               3 = THUNDER
                        SNOW, ICE PELLETS, HAIL    4 = ICE PELLETS
                        TOTAL MONTH:   0.0 INCH    5 = HAIL
                        GRTST 24HR  0.0            6 = FREEZING RAIN OR DRIZZLE
                        GRTST DEPTH:  0            7 = DUSTSTORM OR SANDSTORM:
                                                       VSBY 1/2 MILE OR LESS
                                                   8 = SMOKE OR HAZE
[NO. OF DAYS WITH]      [WEATHER - DAYS WITH]      9 = BLOWING SNOW
                                                   X = TORNADO
MAX 32 OR BELOW:   0    0.01 INCH OR MORE:   1
MAX 90 OR ABOVE:   0    0.10 INCH OR MORE:   0
MIN 32 OR BELOW:   0    0.50 INCH OR MORE:   0
MIN  0 OR BELOW:   0    1.00 INCH OR MORE:   0

[HDD (BASE 65) ]
TOTAL THIS MO.     8    CLEAR  (SCALE 0-3)   0
DPTR FM NORMAL    -8    PTCLDY (SCALE 4-7)   0
TOTAL FM JUL 1    12    CLOUDY (SCALE 8-10) 16
DPTR FM NORMAL   -27

[CDD (BASE 65) ]
TOTAL THIS MO.    74
DPTR FM NORMAL   -15    [PRESSURE DATA]
TOTAL FM JAN 1   435    HIGHEST SLP M ON M
DPTR FM NORMAL    58    LOWEST  SLP M ON M

[REMARKS]
