000
CXUS55 KBOU 010900
CF633V
PRELIMINARY LOCAL CLIMATOLOGICAL DATA (WS FORM: F-6)
STATION: WALDEN
MONTH: AUGUST
YEAR: 2023
LATITUDE: 40 45 N
LONGITUDE: 106 16 W
TEMPERATURE IN F: :PCPN: SNOW: WIND :SUNSHINE: SKY :PK WND
================================================================================
1 2 3 4 5 6A 6B 7 8 9 10 11 12 13 14 15 16 17 18
12Z AVG MX 2MIN
DY MAX MIN AVG DEP HDD CDD WTR SNW DPTH SPD SPD DIR MIN PSBL S-S WX SPD DR
================================================================================
1 73 52 63 M 2 0 M M M 7.2 18 360 M M 5 30 160
2 73 50 62 M 3 0 M M M 5.4 15 110 M M 6 29 80
3 63 46 55 M 10 0 M M M 4.3 10 180 M M 5 M M
4 73 45 59 M 6 0 M M M 14.0 23 270 M M 4 43 300
5 72 37 55 M 10 0 M M M 6.5 20 320 M M 2 32 320
6 72 45 59 M 6 0 M M M 7.5 38 310 M M 3 50 310
7 64 37 51 M 14 0 M M M 8.0 26 230 M M 2 44 230
8 72 37 55 M 10 0 M M M 9.8 30 360 M M 4 43 360
9 72 34 53 M 12 0 M M M 6.1 16 270 M M 1 21 270
10 77 41 59 M 6 0 M M M 9.5 21 270 M M 3 35 270
11 77 45 61 M 4 0 M M M 8.1 16 200 M M 2 28 240
12 77 43 60 M 5 0 M M M 5.1 9 200 M M 4 21 190
13 72 43 58 M 7 0 M M M 8.3 18 10 M M 1 28 10
14 75 32 54 M 11 0 M M M 5.0 12 330 M M 0 M M
15 81 32 57 M 8 0 M M M 5.6 10 140 M M 0 21 310
16 82 41 62 M 3 0 M M M 7.9 15 340 M M 1 22 280
17 82 43 63 M 2 0 M M M 5.7 13 190 M M 3 20 190
18 79 50 65 M 0 0 M M M 10.1 22 240 M M 3 31 240
19 81 45 63 M 2 0 M M M 6.1 24 160 M M 2 39 160
20 82 43 63 M 2 0 M M M 6.8 18 210 M M 0 24 200
21 84 37 61 M 4 0 M M M 6.5 15 230 M M 1 26 180
22 81 45 63 M 2 0 M M M 6.6 23 240 M M 4 31 240
23 79 41 60 M 5 0 M M M 7.7 20 130 M M 5 25 290
24 75 50 63 M 2 0 M M M 4.5 16 110 M M 9 29 10
25 64 46 55 M 10 0 M M M 4.2 18 70 M M 8 26 70
26 72 45 59 M 6 0 M M M 3.2 10 280 M M 5 17 280
27 73 45 59 M 6 0 M M M 4.3 14 340 M M 2 24 0
28 73 45 59 M 6 0 M M M 5.5 16 330 M M 4 24 330
29 73 36 55 M 10 0 M M M 4.7 8 140 M M 0 M M
30 81 39 60 M 5 0 M M M 10.1 23 240 M M 1 31 240
31 79 37 58 M 7 0 M M M 9.7 24 270 M M 1 32 240
================================================================================
SM 2333 1307 186 0 M M 213.9 M 91
================================================================================
AV 75.3 42.2 6.9 FASTST M M 3 MAX(MPH)
MISC ----> 38 310 50 310
================================================================================
NOTES:
# LAST OF SEVERAL OCCURRENCES
COLUMN 17 PEAK WIND IN M.P.H.
PRELIMINARY LOCAL CLIMATOLOGICAL DATA (WS FORM: F-6) , PAGE 2
STATION: WALDEN
MONTH: AUGUST
YEAR: 2023
LATITUDE: 40 45 N
LONGITUDE: 106 16 W
[TEMPERATURE DATA] [PRECIPITATION DATA] SYMBOLS USED IN COLUMN 16
AVERAGE MONTHLY: 58.7 TOTAL FOR MONTH: M 1 = FOG OR MIST
DPTR FM NORMAL: 0.0 DPTR FM NORMAL: M 2 = FOG REDUCING VISIBILITY
HIGHEST: 84 ON 21 GRTST 24HR M ON M TO 1/4 MILE OR LESS
LOWEST: 32 ON 15,14 3 = THUNDER
SNOW, ICE PELLETS, HAIL 4 = ICE PELLETS
TOTAL MONTH: M 5 = HAIL
GRTST 24HR M ON M 6 = FREEZING RAIN OR DRIZZLE
GRTST DEPTH: M ON M 7 = DUSTSTORM OR SANDSTORM:
VSBY 1/2 MILE OR LESS
8 = SMOKE OR HAZE
[NO. OF DAYS WITH] [WEATHER - DAYS WITH] 9 = BLOWING SNOW
X = TORNADO
MAX 32 OR BELOW: 0 0.01 INCH OR MORE: 0
MAX 90 OR ABOVE: 0 0.10 INCH OR MORE: 0
MIN 32 OR BELOW: 2 0.50 INCH OR MORE: 0
MIN 0 OR BELOW: 0 1.00 INCH OR MORE: 0
[HDD (BASE 65) ]
TOTAL THIS MO. 186 CLEAR (SCALE 0-3) 19
DPTR FM NORMAL M PTCLDY (SCALE 4-7) 11
TOTAL FM JUL 1 349 CLOUDY (SCALE 8-10) 1
DPTR FM NORMAL M
[CDD (BASE 65) ]
TOTAL THIS MO. 0
DPTR FM NORMAL M [PRESSURE DATA]
TOTAL FM JAN 1 1 HIGHEST SLP M ON M
DPTR FM NORMAL M LOWEST SLP M ON M
[REMARKS]
#FINAL-08-23#