000
CXUS54 KBMX 011110
CF6ANB
PRELIMINARY LOCAL CLIMATOLOGICAL DATA (WS FORM: F-6)
STATION: ANNISTON
MONTH: OCTOBER
YEAR: 2020
LATITUDE: 33 35 N
LONGITUDE: 85 51 W
TEMPERATURE IN F: :PCPN: SNOW: WIND :SUNSHINE: SKY :PK WND
================================================================================
1 2 3 4 5 6A 6B 7 8 9 10 11 12 13 14 15 16 17 18
12Z AVG MX 2MIN
DY MAX MIN AVG DEP HDD CDD WTR SNW DPTH SPD SPD DIR MIN PSBL S-S WX SPD DR
================================================================================
1 80 50 65 -3 0 0 0.00 0.0 M 5.1 14 250 M M 0 1 20 310
2 71 43 57 -11 8 0 0.00 0.0 M 3.9 15 320 M M 0 23 290
3 74 43 59 -8 6 0 0.00 0.0 M 2.6 8 70 M M 0 10 40
4 75 51 63 -4 2 0 0.00 0.0 M 3.1 8 60 M M 0 11 50
5 80 48 64 -3 1 0 0.00 0.0 M 2.0 8 100 M M 0 1 11 160
6 83 56 70 4 0 5 0.00 0.0 M 4.2 9 60 M M 0 12 50
7 84 57 71 5 0 6 0.00 0.0 M 1.7 9 350 M M 1 12 360
8 85 55 70 4 0 5 0.00 0.0 M 2.2 8 360 M M 0 11 10
9 73 65 69 4 0 4 M 0.0 M 5.9 14 70 M M 7 1 23 100
10 77 67 72 7 0 7 M 0.0 M 6.6 18 240 M M 9 1 23 250
11 75 69 72 7 0 7 M 0.0 M 5.2 14 260 M M 10 18 17 250
12 82 67 75 11 0 10 0.00 0.0 M 4.5 12 230 M M 7 1 15 260
13 79 52 66 2 0 1 0.00 0.0 M 2.9 15 360 M M 2 12 21 360
14 83 49 66 2 0 1 0.00 0.0 0 3.6 12 150 M M 0 1 16 150
15 80 57 69 6 0 4 0.00 0.0 0 3.8 12 250 M M 2 12 18 170
16 69 44 57 -6 8 0 T 0.0 M 7.2 18 360 M M 3 1 26 360
17 70 42 56 -7 9 0 0.00 0.0 0 5.2 13 60 M M 0 19 50
18 78 50 64 2 1 0 0.00 0.0 0 6.0 15 100 M M 0 19 100
19 82 58 70 8 0 5 0.00 0.0 0 5.3 12 60 M M 0 16 40
20 83 59 71 9 0 6 0.00 0.0 M 4.9 12 60 M M 0 14 70
21 83 62 73 12 0 8 0.00 0.0 0 4.4 10 70 M M 4 1 14 70
22 83 61 72 11 0 7 0.00 0.0 0 4.7 12 100 M M 2 1 16 120
23 83 65 74 13 0 9 T 0.0 M 4.3 12 60 M M 5 15 50
24 71 64 68 8 0 3 M 0.0 M 3.1 10 10 M M 8 1 12 20
25 74 66 70 10 0 5 M 0.0 0 0.8 8 230 M M 10 1 9 230
26 79 67 73 13 0 8 M 0.0 M 1.6 8 80 M M 10 10 50
27 81 67 74 14 0 9 0.01 0.0 0 6.3 12 100 M M 9 1 15 110
28 79 71 75 16 0 10 0.21 0.0 0 4.6 17 100 M M 7 1 26 120
29 79 50 65 6 0 0 1.11 0.0 0 15.2 39 210 M M 7 1 54 210
30 64 46 55 -4 10 0 0.00 0.0 0 7.8 15 360 M M 5 22 360
31 71 45 58 0 7 0 0.00 0.0 0 5.6 14 90 M M 2 20 100
================================================================================
SM 2410 1746 52 120 1.33 0.0 144.3 M 110
================================================================================
AV 77.7 56.3 4.7 FASTST M M 4 MAX(MPH)
MISC ----> 39 210 54 210
================================================================================
NOTES:
# LAST OF SEVERAL OCCURRENCES
COLUMN 17 PEAK WIND IN M.P.H.
PRELIMINARY LOCAL CLIMATOLOGICAL DATA (WS FORM: F-6) , PAGE 2
STATION: ANNISTON
MONTH: OCTOBER
YEAR: 2020
LATITUDE: 33 35 N
LONGITUDE: 85 51 W
[TEMPERATURE DATA] [PRECIPITATION DATA] SYMBOLS USED IN COLUMN 16
AVERAGE MONTHLY: 67.0 TOTAL FOR MONTH: 1.33 1 = FOG OR MIST
DPTR FM NORMAL: 4.0 DPTR FM NORMAL: -1.79 2 = FOG REDUCING VISIBILITY
HIGHEST: 85 ON 8 GRTST 24HR 1.32 ON 28-29 TO 1/4 MILE OR LESS
LOWEST: 42 ON 17 3 = THUNDER
SNOW, ICE PELLETS, HAIL 4 = ICE PELLETS
TOTAL MONTH: 0.0 INCH 5 = HAIL
GRTST 24HR 0.0 6 = FREEZING RAIN OR DRIZZLE
GRTST DEPTH: 0 7 = DUSTSTORM OR SANDSTORM:
VSBY 1/2 MILE OR LESS
8 = SMOKE OR HAZE
[NO. OF DAYS WITH] [WEATHER - DAYS WITH] 9 = BLOWING SNOW
X = TORNADO
MAX 32 OR BELOW: 0 0.01 INCH OR MORE: 3
MAX 90 OR ABOVE: 0 0.10 INCH OR MORE: 2
MIN 32 OR BELOW: 0 0.50 INCH OR MORE: 1
MIN 0 OR BELOW: 0 1.00 INCH OR MORE: 1
[HDD (BASE 65) ]
TOTAL THIS MO. 52 CLEAR (SCALE 0-3) 17
DPTR FM NORMAL -79 PTCLDY (SCALE 4-7) 9
TOTAL FM JUL 1 64 CLOUDY (SCALE 8-10) 5
DPTR FM NORMAL -78
[CDD (BASE 65) ]
TOTAL THIS MO. 120
DPTR FM NORMAL 49 [PRESSURE DATA]
TOTAL FM JAN 1 1982 HIGHEST SLP 30.35 ON 31
DPTR FM NORMAL 128 LOWEST SLP 29.29 ON 29
[REMARKS]
#FINAL-10-20#