000
CXUS53 KDDC 011521
CF6DDC
PRELIMINARY LOCAL CLIMATOLOGICAL DATA (WS FORM: F-6)
STATION: DODGE CITY KS
MONTH: MARCH
YEAR: 2022
LATITUDE: 37 46 N
LONGITUDE: 99 58 W
TEMPERATURE IN F: :PCPN: SNOW: WIND :SUNSHINE: SKY :PK WND
================================================================================
1 2 3 4 5 6A 6B 7 8 9 10 11 12 13 14 15 16 17 18
12Z AVG MX 2MIN
DY MAX MIN AVG DEP HDD CDD WTR SNW DPTH SPD SPD DIR MIN PSBL S-S WX SPD DR
================================================================================
1 76 29 53 13 12 0 0.00 0.0 0 8.0 18 20 M M 0 8 23 10
2 81 34 58 18 7 0 0.00 0.0 0 8.4 17 250 M M 0 24 220
3 76 31 54 13 11 0 0.00 0.0 0 10.7 18 150 M M 0 25 140
4 78 46 62 21 3 0 T 0.0 0 18.6 33 190 M M 1 46 180
5 61 25 43 1 22 0 0.00 0.0 0 17.6 29 170 M M 0 40 170
6 34 15 25 -17 40 0 T T 0 14.2 25 340 M M 4 1 36 350
7 40 14 27 -15 38 0 0.00 0.0 0 9.3 21 360 M M 0 30 320
8 44 16 30 -13 35 0 0.01 T 0 7.4 20 290 M M 4 18 25 290
9 43 11 27 -16 38 0 T 0.1 0 15.4 31 40 M M 6 1 38 50
10 21 14 18 -25 47 0 0.03 1.0 1 17.6 30 30 M M 10 18 39 30
11 39 12 26 -18 39 0 0.00 0.0 0 9.5 18 310 M M 1 26 320
12 64 8 36 -8 29 0 0.00 0.0 0 11.4 28 220 M M 0 35 230
13 73 20 47 3 18 0 0.00 0.0 0 16.5 31 170 M M 0 41 160
14 58 33 46 1 19 0 0.00 0.0 0 21.5 36 360 M M 0 8 50 360
15 68 19 44 -1 21 0 0.00 0.0 0 10.5 22 160 M M 0 28 170
16 71 36 54 8 11 0 0.00 0.0 0 12.2 22 180 M M 0 8 27 180
17 54 32 43 -3 22 0 0.23 0.8 0 26.4 47 20 M M 5 18 60 20
18 57 33 45 -1 20 0 0.03 0.1 T 14.5 35 360 M M 4 1 47 10
19 69 32 51 4 14 0 0.00 0.0 0 11.5 20 300 M M 0 31 320
20 79 37 58 11 7 0 0.00 0.0 0 19.6 36 170 M M 0 47 180
21 58 32 45 -2 20 0 0.36 0.0 0 17.6 41 360 M M 6 1 53 360
22 51 32 42 -6 23 0 0.20 1.5 1 26.5 41 360 M M 4 1 59 10
23 49 28 39 -9 26 0 T T 0 16.7 37 360 M M 3 48 350
24 66 27 47 -1 18 0 0.00 0.0 0 11.8 24 320 M M 0 33 320
25 59 37 48 -1 17 0 0.00 0.0 0 10.9 31 40 M M 0 44 40
26 69 33 51 2 14 0 0.00 0.0 0 13.3 23 170 M M 0 31 170
27 61 34 48 -1 17 0 T 0.0 0 13.4 24 130 M M 0 30 130
28 69 29 49 -1 16 0 0.00 0.0 0 10.2 21 160 M M 0 25 160
29 82 42 62 12 3 0 T 0.0 0 19.2 40 230 M M 1 8 57 220
30 50 29 40 -10 25 0 T T 0 24.0 39 350 M M 6 52 340
31 58 28 43 -7 22 0 T T 0 11.1 20 330 M M 3 1 30 330
================================================================================
SM 1858 848 654 0 0.86 3.5 455.5 M 58
================================================================================
AV 59.9 27.4 14.7 FASTST M M 2 MAX(MPH)
MISC ----> 47 20 60 20
================================================================================
NOTES:
# LAST OF SEVERAL OCCURRENCES
COLUMN 17 PEAK WIND IN M.P.H.
PRELIMINARY LOCAL CLIMATOLOGICAL DATA (WS FORM: F-6) , PAGE 2
STATION: DODGE CITY KS
MONTH: MARCH
YEAR: 2022
LATITUDE: 37 46 N
LONGITUDE: 99 58 W
[TEMPERATURE DATA] [PRECIPITATION DATA] SYMBOLS USED IN COLUMN 16
AVERAGE MONTHLY: 43.7 TOTAL FOR MONTH: 0.86 1 = FOG OR MIST
DPTR FM NORMAL: -1.7 DPTR FM NORMAL: -0.49 2 = FOG REDUCING VISIBILITY
HIGHEST: 82 ON 29 GRTST 24HR 0.56 ON 21-22 TO 1/4 MILE OR LESS
LOWEST: 8 ON 12 3 = THUNDER
SNOW, ICE PELLETS, HAIL 4 = ICE PELLETS
TOTAL MONTH: 3.5 INCHES 5 = HAIL
GRTST 24HR 1.5 ON 22-22 6 = FREEZING RAIN OR DRIZZLE
GRTST DEPTH: 1 ON 22,10 7 = DUSTSTORM OR SANDSTORM:
VSBY 1/2 MILE OR LESS
8 = SMOKE OR HAZE
[NO. OF DAYS WITH] [WEATHER - DAYS WITH] 9 = BLOWING SNOW
X = TORNADO
MAX 32 OR BELOW: 1 0.01 INCH OR MORE: 6
MAX 90 OR ABOVE: 0 0.10 INCH OR MORE: 3
MIN 32 OR BELOW: 21 0.50 INCH OR MORE: 0
MIN 0 OR BELOW: 0 1.00 INCH OR MORE: 0
[HDD (BASE 65) ]
TOTAL THIS MO. 654 CLEAR (SCALE 0-3) 22
DPTR FM NORMAL 45 PTCLDY (SCALE 4-7) 8
TOTAL FM JUL 1 4070 CLOUDY (SCALE 8-10) 1
DPTR FM NORMAL -280
[CDD (BASE 65) ]
TOTAL THIS MO. 0
DPTR FM NORMAL -2 [PRESSURE DATA]
TOTAL FM JAN 1 0 HIGHEST SLP 30.43 ON 7
DPTR FM NORMAL -2 LOWEST SLP 29.24 ON 29
[REMARKS]
#FINAL-03-22#