903
CXUS54 KFWD 010141
CF6DTO
PRELIMINARY LOCAL CLIMATOLOGICAL DATA (WS FORM: F-6)
STATION: DENTON
MONTH: DECEMBER
YEAR: 2020
LATITUDE: 33 12 N
LONGITUDE: 97 12 W
TEMPERATURE IN F: :PCPN: SNOW: WIND :SUNSHINE: SKY :PK WND
================================================================================
1 2 3 4 5 6A 6B 7 8 9 10 11 12 13 14 15 16 17 18
12Z AVG MX 2MIN
DY MAX MIN AVG DEP HDD CDD WTR SNW DPTH SPD SPD DIR MIN PSBL S-S WX SPD DR
================================================================================
1 59 19 39 -9 26 0 0.00 M M 10.9 25 160 M M 0 33 170
2 56 38 47 -1 18 0 T M M 10.3 18 290 M M 5 25 280
3 46 34 40 -8 25 0 0.00 M M 8.6 20 320 M M 10 25 310
4 58 26 42 -5 23 0 0.00 M M 3.2 10 290 M M 1 1 14 320
5 64 25 45 -2 20 0 T M M 4.5 13 300 M M 1 16 300
6 62 36 49 3 16 0 0.05 M M 7.9 17 360 M M 5 23 340
7 66 30 48 2 17 0 0.00 M M 3.4 14 300 M M 0 20 280
8 71 30 51 5 14 0 0.00 M M 2.6 12 10 M M 0 18 18 10
9 79 28 54 8 11 0 0.00 M M 2.6 13 220 M M 0 18 18 240
10 78 32 55 10 10 0 0.00 M M 9.0 22 160 M M 0 29 160
11 65 43 54 9 11 0 0.13 M M 7.4 17 310 M M 5 1 24 170
12 54 32 43 -2 22 0 0.00 M M 5.3 13 340 M M 1 19 330
13 43 36 40 -5 25 0 0.88 M M 11.6 24 330 M M 10 13 32 350
14 49 30 40 -4 25 0 0.00 M M 5.5 14 330 M M 3 20 330
15 43 29 36 -8 29 0 0.01 M M 6.7 15 140 M M 8 1 21 120
16 45 26 36 -8 29 0 T M M 5.3 15 320 M M 6 1 20 320
17 61 24 43 -1 22 0 0.00 M M 3.5 10 160 M M 0 14 150
18 60 40 50 6 15 0 0.00 M M 12.9 25 170 M M 3 33 170
19 60 31 46 3 19 0 0.00 M M 5.2 17 330 M M 5 1 23 350
20 64 28 46 3 19 0 0.00 M M 3.9 16 330 M M 0 21 330
21 72 28 50 7 15 0 0.00 M M 2.4 13 220 M M 0 17 230
22 72 30 51 8 14 0 0.00 M M 11.3 26 170 M M 2 36 160
23 67 34 51 8 14 0 0.00 M M 17.4 33 350 M M 1 49 350
24 55 24 40 -3 25 0 0.00 M M 10.6 25 270 M M 0 35 290
25 60 24 42 -1 23 0 0.00 M M 3.4 12 190 M M 0 19 170
26 71 25 48 5 17 0 0.00 M M 9.3 26 190 M M 0 36 220
27 73 38 56 13 9 0 0.00 M M 11.8 24 210 M M 0 32 200
28 61 44 53 10 12 0 0.00 M M 9.4 17 20 M M 4 25 30
29 68 54 61 18 4 0 0.05 M M 13.2 24 160 M M 9 1 34 150
30 61 37 49 7 16 0 0.40 M M 15.1 30 350 M M 10 1 39 360
31 39 35 37 -5 28 0 1.59 M M 14.4 31 360 M M 10 138 43 350
================================================================================
SM 1882 990 573 0 3.11 M 248.6 M 99
================================================================================
AV 60.7 31.9 8.0 FASTST M M 3 MAX(MPH)
MISC ----> 33 350 49 350
================================================================================
NOTES:
# LAST OF SEVERAL OCCURRENCES
COLUMN 17 PEAK WIND IN M.P.H.
PRELIMINARY LOCAL CLIMATOLOGICAL DATA (WS FORM: F-6) , PAGE 2
STATION: DENTON
MONTH: DECEMBER
YEAR: 2020
LATITUDE: 33 12 N
LONGITUDE: 97 12 W
[TEMPERATURE DATA] [PRECIPITATION DATA] SYMBOLS USED IN COLUMN 16
AVERAGE MONTHLY: 46.3 TOTAL FOR MONTH: 3.11 1 = FOG OR MIST
DPTR FM NORMAL: 1.8 DPTR FM NORMAL: 0.54 2 = FOG REDUCING VISIBILITY
HIGHEST: 79 ON 9 GRTST 24HR 1.64 ON 30-31 TO 1/4 MILE OR LESS
LOWEST: 19 ON 1 3 = THUNDER
SNOW, ICE PELLETS, HAIL 4 = ICE PELLETS
TOTAL MONTH: M 5 = HAIL
GRTST 24HR M ON M 6 = FREEZING RAIN OR DRIZZLE
GRTST DEPTH: M ON M 7 = DUSTSTORM OR SANDSTORM:
VSBY 1/2 MILE OR LESS
8 = SMOKE OR HAZE
[NO. OF DAYS WITH] [WEATHER - DAYS WITH] 9 = BLOWING SNOW
X = TORNADO
MAX 32 OR BELOW: 0 0.01 INCH OR MORE: 7
MAX 90 OR ABOVE: 0 0.10 INCH OR MORE: 4
MIN 32 OR BELOW: 19 0.50 INCH OR MORE: 2
MIN 0 OR BELOW: 0 1.00 INCH OR MORE: 1
[HDD (BASE 65) ]
TOTAL THIS MO. 573 CLEAR (SCALE 0-3) 18
DPTR FM NORMAL -66 PTCLDY (SCALE 4-7) 8
TOTAL FM JUL 1 987 CLOUDY (SCALE 8-10) 5
DPTR FM NORMAL -96
[CDD (BASE 65) ]
TOTAL THIS MO. 0
DPTR FM NORMAL -2 [PRESSURE DATA]
TOTAL FM JAN 1 2568 HIGHEST SLP 30.39 ON 14
DPTR FM NORMAL 146 LOWEST SLP 29.56 ON 31
[REMARKS]
#FINAL-12-20#