000
CXUS54 KFWD 010830
CF6ILE
PRELIMINARY LOCAL CLIMATOLOGICAL DATA (WS FORM: F-6)
STATION: KILLEEN SKYLARK
MONTH: FEBRUARY
YEAR: 2022
LATITUDE: 31 4 N
LONGITUDE: 97 41 W
TEMPERATURE IN F: :PCPN: SNOW: WIND :SUNSHINE: SKY :PK WND
================================================================================
1 2 3 4 5 6A 6B 7 8 9 10 11 12 13 14 15 16 17 18
12Z AVG MX 2MIN
DY MAX MIN AVG DEP HDD CDD WTR SNW DPTH SPD SPD DIR MIN PSBL S-S WX SPD DR
================================================================================
1 64 49 57 9 8 0 0.00 M M 4.5 8 180 M M 4 12 M M
2 53 34 44 -5 21 0 0.27 M M 9.5 18 350 M M 5 1 29 350
3 34 19 27 -22 38 0 0.08 M M 15.7 18 330 M M 2 1 31 350
4 38 18 28 -21 37 0 0.00 M M 11.9 17 330 M M 0 27 330
5 51 17 34 -15 31 0 0.00 M M 5.2 13 130 M M 0 M M
6 58 26 42 -7 23 0 0.00 M M 5.4 13 100 M M 0 M M
7 60 34 47 -2 18 0 0.00 M M 8.3 15 360 M M 0 22 360
8 66 28 47 -2 18 0 0.00 M M 5.5 12 270 M M 0 16 250
9 70 36 53 3 12 0 0.00 M M 5.5 12 30 M M 0 M M
10 74 33 54 4 11 0 0.00 M M 4.7 9 170 M M 0 M M
11 77 46 62 12 3 0 0.00 M M 10.4 15 200 M M 0 23 210
12 56 34 45 -5 20 0 0.00 M M 12.8 24 10 M M 4 37 10
13 65 24 45 -5 20 0 0.00 M M 5.7 10 270 M M 0 17 270
14 71 35 53 3 12 0 0.00 M M 8.2 17 180 M M 0 21 150
15 73 39 56 6 9 0 0.00 M M 15.6 25 180 M M 0 38 180
16 75 61 68 17 0 3 0.01 M M 18.5 25 180 M M 5 38 170
17 68 32 50 -1 15 0 0.02 M M 15.0 21 330 M M 5 1 35 340
18 56 27 42 -9 23 0 0.00 M M 6.1 13 350 M M 0 20 350
19 65 27 46 -5 19 0 0.00 M M 3.7 9 130 M M 0 M M
20 69 41 55 4 10 0 0.00 M M 9.4 17 190 M M 0 23 190
21 85 58 72 20 0 7 0.00 M M 15.3 24 180 M M 2 1 31 190
22 78 42 60 8 5 0 0.00 M M 13.8 24 190 M M 2 36 190
23 42 25 34 -18 31 0 T M M 13.5 18 350 M M 5 24 360
24 32 29 31 -21 34 0 T M M 9.5 15 30 M M 4 1 18 350
25 38 25 32 -20 33 0 T M M 12.4 16 360 M M 5 21 20
26 38 33 36 -17 29 0 0.03 M M 8.1 10 350 M M 9 1 M M
27 58 31 45 -8 20 0 T M M 8.3 15 360 M M 2 1 22 360
28 67 25 46 -7 19 0 0.00 M M 4.0 8 140 M M 0 M M
================================================================================
SM 1681 928 519 10 0.41 M 266.3 M 54
================================================================================
AV 60.0 33.1 9.5 FASTST M M 2 MAX(MPH)
MISC ----> # 25 180 # 38 180
================================================================================
NOTES:
# LAST OF SEVERAL OCCURRENCES
COLUMN 17 PEAK WIND IN M.P.H.
PRELIMINARY LOCAL CLIMATOLOGICAL DATA (WS FORM: F-6) , PAGE 2
STATION: KILLEEN SKYLARK
MONTH: FEBRUARY
YEAR: 2022
LATITUDE: 31 4 N
LONGITUDE: 97 41 W
[TEMPERATURE DATA] [PRECIPITATION DATA] SYMBOLS USED IN COLUMN 16
AVERAGE MONTHLY: 46.6 TOTAL FOR MONTH: 0.41 1 = FOG OR MIST
DPTR FM NORMAL: -3.9 DPTR FM NORMAL: -2.01 2 = FOG REDUCING VISIBILITY
HIGHEST: 85 ON 21 GRTST 24HR 0.27 ON 2- 2 TO 1/4 MILE OR LESS
LOWEST: 17 ON 5 3 = THUNDER
SNOW, ICE PELLETS, HAIL 4 = ICE PELLETS
TOTAL MONTH: M 5 = HAIL
GRTST 24HR M ON M 6 = FREEZING RAIN OR DRIZZLE
GRTST DEPTH: M ON M 7 = DUSTSTORM OR SANDSTORM:
VSBY 1/2 MILE OR LESS
8 = SMOKE OR HAZE
[NO. OF DAYS WITH] [WEATHER - DAYS WITH] 9 = BLOWING SNOW
X = TORNADO
MAX 32 OR BELOW: 1 0.01 INCH OR MORE: 5
MAX 90 OR ABOVE: 0 0.10 INCH OR MORE: 1
MIN 32 OR BELOW: 14 0.50 INCH OR MORE: 0
MIN 0 OR BELOW: 0 1.00 INCH OR MORE: 0
[HDD (BASE 65) ]
TOTAL THIS MO. 519 CLEAR (SCALE 0-3) 19
DPTR FM NORMAL 107 PTCLDY (SCALE 4-7) 8
TOTAL FM JUL 1 1473 CLOUDY (SCALE 8-10) 1
DPTR FM NORMAL -338
[CDD (BASE 65) ]
TOTAL THIS MO. 10
DPTR FM NORMAL 4 [PRESSURE DATA]
TOTAL FM JAN 1 10 HIGHEST SLP M ON M
DPTR FM NORMAL 8 LOWEST SLP M ON M
[REMARKS]
#FINAL-02-22#