000
CXUS54 KLZK 011410
CF6LRF
PRELIMINARY LOCAL CLIMATOLOGICAL DATA (WS FORM: F-6)
STATION: JACKSONVILLE/LITTLE ROCK AFB
MONTH: AUGUST
YEAR: 2022
LATITUDE: 34 55 N
LONGITUDE: 92 9 W
TEMPERATURE IN F: :PCPN: SNOW: WIND :SUNSHINE: SKY :PK WND
================================================================================
1 2 3 4 5 6A 6B 7 8 9 10 11 12 13 14 15 16 17 18
12Z AVG MX 2MIN
DY MAX MIN AVG DEP HDD CDD WTR SNW DPTH SPD SPD DIR MIN PSBL S-S WX SPD DR
================================================================================
1 92 74 83 0 0 18 T 0.0 M 4.4 13 260 M M 5 M M
2 96 74 85 2 0 20 T 0.0 M 3.0 8 180 M M 3 3 M M
3 94 75 85 3 0 20 0.00 0.0 M 5.6 9 150 M M 2 M M
4 87 75 81 -1 0 16 0.00 0.0 M 4.5 17 70 M M 6 M M
5 93 74 84 2 0 19 0.00 0.0 M 4.6 14 160 M M 3 18 16 170
6 94 76 85 3 0 20 0.00 0.0 0 6.0 12 220 M M 1 17 180
7 94 74 84 2 0 19 0.00 0.0 0 5.3 10 140 M M 0 M M
8 97 73 85 3 0 20 1.29 0.0 0 5.3 32 240 M M 3 35 45 290
9 90 71 81 -1 0 16 0.01 0.0 M 3.3 14 260 M M 5 M M
10 87 73 80 -2 0 15 0.00 0.0 0 2.9 9 60 M M 6 8 M M
11 89 71 80 -2 0 15 0.00 0.0 M 5.0 10 60 M M 4 M M
12 91 70 81 -1 0 16 0.00 0.0 M 5.9 12 70 M M 0 17 80
13 91 65 78 -4 0 13 0.00 0.0 M 3.3 9 100 M M 0 M M
14 97 62 80 -2 0 15 0.00 0.0 M 2.0 7 170 M M 1 M M
15 101 70 86 5 0 21 0.00 0.0 M 3.9 15 80 M M 0 M M
16 88 71 80 -1 0 15 0.00 0.0 M 8.0 16 70 M M 2 21 60
17 73 68 71 -10 0 6 2.71 0.0 M 5.7 15 40 M M 8 3 18 320
18 85 65 75 -6 0 10 0.00 0.0 M 2.1 8 100 M M 5 1 M M
19 88 63 76 -5 0 11 0.00 0.0 M 1.9 8 80 M M 0 M M
20 91 65 78 -3 0 13 0.00 0.0 M 2.5 8 200 M M 1 M M
21 80 74 77 -3 0 12 T 0.0 M 4.4 13 210 M M 8 M M
22 80 73 77 -3 0 12 1.78 0.0 M 2.1 12 80 M M 9 13 M M
23 82 71 77 -3 0 12 0.32 0.0 M 4.8 14 80 M M 7 18 20 150
24 85 70 78 -2 0 13 0.03 0.0 M 5.0 10 60 M M 7 1 M M
25 89 69 79 -1 0 14 T 0.0 M 2.5 10 70 M M 3 M M
26 92 68 80 1 0 15 T 0.0 M 1.5 8 90 M M 0 M M
27 91 70 81 2 0 16 0.00 0.0 0 2.1 8 110 M M 1 8 M M
28 91 71 81 2 0 16 T 0.0 M 3.9 12 220 M M 2 16 160
29 93 73 83 4 0 18 0.00 0.0 M 4.9 10 220 M M 4 M M
30 94 71 83 4 0 18 0.08 0.0 M 1.5 8 320 M M 5 M M
31 92 72 82 4 0 17 M 0.0 M 2.7 7 90 M M 3 M M
================================================================================
SM 2787 2191 0 481 6.22 0.0 120.4 M 104
================================================================================
AV 89.9 70.7 3.9 FASTST M M 3 MAX(MPH)
MISC ----> 32 240 45 290
================================================================================
NOTES:
# LAST OF SEVERAL OCCURRENCES
COLUMN 17 PEAK WIND IN M.P.H.
PRELIMINARY LOCAL CLIMATOLOGICAL DATA (WS FORM: F-6) , PAGE 2
STATION: JACKSONVILLE/LITTLE ROCK AFB
MONTH: AUGUST
YEAR: 2022
LATITUDE: 34 55 N
LONGITUDE: 92 9 W
[TEMPERATURE DATA] [PRECIPITATION DATA] SYMBOLS USED IN COLUMN 16
AVERAGE MONTHLY: 80.3 TOTAL FOR MONTH: 6.22 1 = FOG OR MIST
DPTR FM NORMAL: -0.6 DPTR FM NORMAL: M 2 = FOG REDUCING VISIBILITY
HIGHEST: 101 ON 15 GRTST 24HR 2.71 ON 17-17 TO 1/4 MILE OR LESS
LOWEST: 62 ON 14 3 = THUNDER
SNOW, ICE PELLETS, HAIL 4 = ICE PELLETS
TOTAL MONTH: 0.0 INCH 5 = HAIL
GRTST 24HR 0.0 6 = FREEZING RAIN OR DRIZZLE
GRTST DEPTH: 0 7 = DUSTSTORM OR SANDSTORM:
VSBY 1/2 MILE OR LESS
8 = SMOKE OR HAZE
[NO. OF DAYS WITH] [WEATHER - DAYS WITH] 9 = BLOWING SNOW
X = TORNADO
MAX 32 OR BELOW: 0 0.01 INCH OR MORE: 7
MAX 90 OR ABOVE: 19 0.10 INCH OR MORE: 4
MIN 32 OR BELOW: 0 0.50 INCH OR MORE: 3
MIN 0 OR BELOW: 0 1.00 INCH OR MORE: 3
[HDD (BASE 65) ]
TOTAL THIS MO. 0 CLEAR (SCALE 0-3) 17
DPTR FM NORMAL -5 PTCLDY (SCALE 4-7) 12
TOTAL FM JUL 1 0 CLOUDY (SCALE 8-10) 2
DPTR FM NORMAL -11
[CDD (BASE 65) ]
TOTAL THIS MO. 481
DPTR FM NORMAL -12 [PRESSURE DATA]
TOTAL FM JAN 1 1805 HIGHEST SLP M ON M
DPTR FM NORMAL 134 LOWEST SLP M ON M
[REMARKS]
#FINAL-08-22#