000
CXUS54 KFWD 010730
CF6LUD
PRELIMINARY LOCAL CLIMATOLOGICAL DATA (WS FORM: F-6)
STATION: DECATUR
MONTH: SEPTEMBER
YEAR: 2021
LATITUDE: 33 15 N
LONGITUDE: 97 30 W
TEMPERATURE IN F: :PCPN: SNOW: WIND :SUNSHINE: SKY :PK WND
================================================================================
1 2 3 4 5 6A 6B 7 8 9 10 11 12 13 14 15 16 17 18
12Z AVG MX 2MIN
DY MAX MIN AVG DEP HDD CDD WTR SNW DPTH SPD SPD DIR MIN PSBL S-S WX SPD DR
================================================================================
1 97 79 88 8 0 23 0.00 M M 6.2 10 170 M M 1 M M
2 97 78 88 9 0 23 0.00 M M 7.0 13 160 M M 0 17 180
3 96 77 87 8 0 22 0.00 M M 8.0 10 170 M M 0 16 180
4 97 77 87 8 0 22 0.00 M M 6.7 10 160 M M 0 16 160
5 87 75 81 3 0 16 0.01 M M 4.0 9 10 M M 1 8 M M
6 92 71 82 4 0 17 0.00 M M 5.2 10 100 M M 1 M M
7 93 72 83 5 0 18 0.00 M M 5.6 8 150 M M 0 17 180
8 94 70 82 5 0 17 0.00 M M 7.0 15 60 M M 1 21 110
9 91 66 79 2 0 14 0.00 M M 6.1 10 80 M M 0 20 120
10 91 72 82 5 0 17 0.00 M M 9.0 14 170 M M 0 17 160
11 91 64 78 2 0 13 0.00 M M 7.7 13 160 M M 0 16 170
12 89 62 76 0 0 11 0.00 M M 5.7 10 160 M M 0 16 160
13 89 67 78 2 0 13 0.00 M M 7.3 14 160 M M 1 18 150
14 87 66 77 2 0 12 0.00 M M 6.5 17 110 M M 1 21 110
15 89 64 77 2 0 12 0.00 M M 4.3 10 50 M M 1 18 70
16 90 71 81 7 0 16 0.00 M M 3.5 8 110 M M 2 9 70
17 90 69 80 6 0 15 0.00 M M 4.6 8 90 M M 0 M M
18 93 72 83 9 0 18 0.00 M M 3.6 9 60 M M 1 16 40
19 93 67 80 7 0 15 0.00 M M 4.3 9 140 M M 1 M M
20 100 74 87 14 0 22 0.00 M M 9.5 15 180 M M 0 21 180
21 85 64 75 3 0 10 0.00 M M 9.0 15 360 M M 0 24 350
22 80 55 68 -4 0 3 0.00 M M 4.1 9 10 M M 0 16 350
23 84 58 71 -1 0 6 0.00 M M 4.3 10 140 M M 0 M M
24 86 55 71 0 0 6 0.00 M M 5.3 10 180 M M 0 M M
25 90 62 76 5 0 11 0.00 M M 4.8 9 150 M M 0 M M
26 90 69 80 10 0 15 0.00 M M 8.7 13 170 M M 0 18 170
27 87 66 77 7 0 12 0.00 M M 8.1 12 170 M M 0 17 200
28 93 67 80 10 0 15 0.12 M M 7.7 17 150 M M 2 18 24 150
29 89 67 78 9 0 13 0.00 M M 8.1 13 150 M M 1 20 150
30 89 65 77 8 0 12 0.80 M M 6.5 13 340 M M 2 25 20
================================================================================
SM 2719 2041 0 439 0.93 M 188.4 M 16
================================================================================
AV 90.6 68.0 6.3 FASTST M M 1 MAX(MPH)
MISC ----> 17 150 25 20
================================================================================
NOTES:
# LAST OF SEVERAL OCCURRENCES
COLUMN 17 PEAK WIND IN M.P.H.
PRELIMINARY LOCAL CLIMATOLOGICAL DATA (WS FORM: F-6) , PAGE 2
STATION: DECATUR
MONTH: SEPTEMBER
YEAR: 2021
LATITUDE: 33 15 N
LONGITUDE: 97 30 W
[TEMPERATURE DATA] [PRECIPITATION DATA] SYMBOLS USED IN COLUMN 16
AVERAGE MONTHLY: 79.3 TOTAL FOR MONTH: 0.93 1 = FOG OR MIST
DPTR FM NORMAL: 4.8 DPTR FM NORMAL: -2.71 2 = FOG REDUCING VISIBILITY
HIGHEST: 100 ON 20 GRTST 24HR 0.80 ON 30-30 TO 1/4 MILE OR LESS
LOWEST: 55 ON 24,22 3 = THUNDER
SNOW, ICE PELLETS, HAIL 4 = ICE PELLETS
TOTAL MONTH: M 5 = HAIL
GRTST 24HR M ON M 6 = FREEZING RAIN OR DRIZZLE
GRTST DEPTH: M ON M 7 = DUSTSTORM OR SANDSTORM:
VSBY 1/2 MILE OR LESS
8 = SMOKE OR HAZE
[NO. OF DAYS WITH] [WEATHER - DAYS WITH] 9 = BLOWING SNOW
X = TORNADO
MAX 32 OR BELOW: 0 0.01 INCH OR MORE: 3
MAX 90 OR ABOVE: 18 0.10 INCH OR MORE: 2
MIN 32 OR BELOW: 0 0.50 INCH OR MORE: 1
MIN 0 OR BELOW: 0 1.00 INCH OR MORE: 0
[HDD (BASE 65) ]
TOTAL THIS MO. 0 CLEAR (SCALE 0-3) 30
DPTR FM NORMAL -12 PTCLDY (SCALE 4-7) 0
TOTAL FM JUL 1 0 CLOUDY (SCALE 8-10) 0
DPTR FM NORMAL -10
[CDD (BASE 65) ]
TOTAL THIS MO. 439
DPTR FM NORMAL 143 [PRESSURE DATA]
TOTAL FM JAN 1 2271 HIGHEST SLP M ON M
DPTR FM NORMAL 265 LOWEST SLP M ON M
[REMARKS]
#FINAL-09-21#