000
CXUS52 KMFL 011030
CF6OPF
PRELIMINARY LOCAL CLIMATOLOGICAL DATA (WS FORM: F-6)
STATION: OPA-LOCKA ARPT
MONTH: APRIL
YEAR: 2021
LATITUDE: 25 53 N
LONGITUDE: 80 17 W
TEMPERATURE IN F: :PCPN: SNOW: WIND :SUNSHINE: SKY :PK WND
================================================================================
1 2 3 4 5 6A 6B 7 8 9 10 11 12 13 14 15 16 17 18
12Z AVG MX 2MIN
DY MAX MIN AVG DEP HDD CDD WTR SNW DPTH SPD SPD DIR MIN PSBL S-S WX SPD DR
================================================================================
1 89 68 79 5 0 14 T M M 6.4 22 60 M M 4 3 25 50
2 78 58 68 -6 0 3 T M M 16.0 25 30 M M 6 33 20
3 75 61 68 -6 0 3 T M M 15.5 24 80 M M 9 31 70
4 76 64 70 -4 0 5 0.00 M M 10.5 21 70 M M 6 26 80
5 78 59 69 -5 0 4 0.00 M M 7.9 20 110 M M 2 26 80
6 79 59 69 -5 0 4 0.00 M M 6.2 16 90 M M 3 24 100
7 80 59 70 -4 0 5 0.00 M M 6.3 17 90 M M 1 24 90
8 82 59 71 -3 0 6 0.00 M M 7.6 15 130 M M 0 25 90
9 83 63 73 -1 0 8 0.00 M M 8.4 20 130 M M 0 25 140
10 87 69 78 4 0 13 T M M 12.0 22 160 M M 2 33 160
11 92 65 79 5 0 14 T M M 12.3 28 240 M M 4 13 40 190
12 87 67 77 3 0 12 0.00 M M 7.6 17 230 M M 5 13 21 230
13 89 66 78 3 0 13 0.00 M M 5.4 16 80 M M 0 34 280
14 84 67 76 1 0 11 0.00 M M 8.6 18 100 M M 0 22 120
15 85 65 75 0 0 10 0.00 M M 7.3 16 140 M M 1 22 160
16 90 69 80 5 0 15 0.00 M M 6.8 18 160 M M 0 21 160
17 90 70 80 5 0 15 0.00 M M 9.3 20 250 M M 1 25 280
18 90 73 82 7 0 17 0.00 M M 8.0 20 150 M M 3 3 23 150
19 92 74 83 8 0 18 0.00 M M 12.0 26 240 M M 3 3 32 240
20 85 70 78 3 0 13 0.04 M M 9.2 31 190 M M 4 3 37 190
21 89 75 82 7 0 17 T M M 5.8 17 250 M M 5 138 21 250
22 85 72 79 3 0 14 0.00 M M 9.1 17 50 M M 6 21 60
23 84 72 78 2 0 13 0.00 M M 12.5 22 70 M M 4 27 80
24 87 75 81 5 0 16 0.00 0.0 0 12.9 23 170 M M 2 29 150
25 94 75 85 9 0 20 T 0.0 0 10.9 21 280 M M 1 26 240
26 87 73 80 4 0 15 0.00 0.0 0 10.7 20 60 M M 2 25 70
27 84 72 78 2 0 13 T 0.0 0 12.7 22 70 M M 5 29 80
28 85 70 78 2 0 13 0.00 M M 8.1 16 90 M M 3 20 90
29 88 75 82 6 0 17 0.00 M M 10.9 20 140 M M 2 26 150
30 89 75 82 6 0 17 0.02 M M 6.4 17 190 M M 5 22 190
================================================================================
SM 2563 2039 0 358 0.06 0.0 283.3 M 89
================================================================================
AV 85.4 68.0 9.4 FASTST M M 3 MAX(MPH)
MISC ----> 31 190 40 190
================================================================================
NOTES:
# LAST OF SEVERAL OCCURRENCES
COLUMN 17 PEAK WIND IN M.P.H.
PRELIMINARY LOCAL CLIMATOLOGICAL DATA (WS FORM: F-6) , PAGE 2
STATION: OPA-LOCKA ARPT
MONTH: APRIL
YEAR: 2021
LATITUDE: 25 53 N
LONGITUDE: 80 17 W
[TEMPERATURE DATA] [PRECIPITATION DATA] SYMBOLS USED IN COLUMN 16
AVERAGE MONTHLY: 76.7 TOTAL FOR MONTH: 0.06 1 = FOG OR MIST
DPTR FM NORMAL: 1.8 DPTR FM NORMAL: -2.95 2 = FOG REDUCING VISIBILITY
HIGHEST: 94 ON 25 GRTST 24HR 0.04 ON 20-21 TO 1/4 MILE OR LESS
LOWEST: 58 ON 2 3 = THUNDER
SNOW, ICE PELLETS, HAIL 4 = ICE PELLETS
TOTAL MONTH: 0.0 INCH 5 = HAIL
GRTST 24HR 0.0 6 = FREEZING RAIN OR DRIZZLE
GRTST DEPTH: 0 7 = DUSTSTORM OR SANDSTORM:
VSBY 1/2 MILE OR LESS
8 = SMOKE OR HAZE
[NO. OF DAYS WITH] [WEATHER - DAYS WITH] 9 = BLOWING SNOW
X = TORNADO
MAX 32 OR BELOW: 0 0.01 INCH OR MORE: 2
MAX 90 OR ABOVE: 6 0.10 INCH OR MORE: 0
MIN 32 OR BELOW: 0 0.50 INCH OR MORE: 0
MIN 0 OR BELOW: 0 1.00 INCH OR MORE: 0
[HDD (BASE 65) ]
TOTAL THIS MO. 0 CLEAR (SCALE 0-3) 16
DPTR FM NORMAL -1 PTCLDY (SCALE 4-7) 13
TOTAL FM JUL 1 108 CLOUDY (SCALE 8-10) 1
DPTR FM NORMAL -31
[CDD (BASE 65) ]
TOTAL THIS MO. 358
DPTR FM NORMAL 60 [PRESSURE DATA]
TOTAL FM JAN 1 979 HIGHEST SLP 30.30 ON 3
DPTR FM NORMAL 182 LOWEST SLP 29.75 ON 11
[REMARKS]
#FINAL-04-21#