000
CXUS54 KLZK 011905
CF6PBF
PRELIMINARY LOCAL CLIMATOLOGICAL DATA (WS FORM: F-6)
STATION: Pine Bluff
MONTH: JULY
YEAR: 2020
LATITUDE: 34 10 N
LONGITUDE: 91 56 W
TEMPERATURE IN F: :PCPN: SNOW: WIND :SUNSHINE: SKY :PK WND
================================================================================
1 2 3 4 5 6A 6B 7 8 9 10 11 12 13 14 15 16 17 18
12Z AVG MX 2MIN
DY MAX MIN AVG DEP HDD CDD WTR SNW DPTH SPD SPD DIR MIN PSBL S-S WX SPD DR
================================================================================
1 91 75 83 1 0 18 0.00 0.0 0 6.5 14 200 M M 3 20 200
2 94 72 83 1 0 18 1.42 0.0 0 6.9 25 270 M M 2 13 34 280
3 90 72 81 -1 0 16 0.03 0.0 0 4.6 14 220 M M 0 3 18 230
4 91 73 82 0 0 17 0.00 0.0 0 5.6 16 340 M M 3 3 22 330
5 90 74 82 0 0 17 0.00 0.0 0 4.5 10 50 M M 3 12 14 40
6 90 72 81 -1 0 16 0.00 0.0 0 4.7 14 60 M M 1 18 60
7 85 72 79 -3 0 14 0.90 0.0 0 4.3 18 200 M M 2 13 24 230
8 88 73 81 -1 0 16 T 0.0 0 3.0 9 320 M M 6 12 330
9 91 74 83 1 0 18 0.19 0.0 0 5.8 21 330 M M 3 13 31 330
10 93 71 82 0 0 17 0.00 0.0 0 5.2 14 320 M M 1 18 320
11 94 76 85 3 0 20 0.00 0.0 0 4.4 12 270 M M 1 1 15 280
12 92 77 85 3 0 20 0.00 0.0 0 7.1 20 340 M M 2 27 330
13 91 73 82 0 0 17 0.00 0.0 0 4.3 12 310 M M 1 M M
14 93 75 84 2 0 19 0.00 0.0 0 6.4 13 170 M M 2 23 140
15 92 76 84 2 0 19 0.00 0.0 0 6.9 15 190 M M 0 1 19 160
16 95 75 85 3 0 20 0.00 0.0 0 4.6 10 260 M M 0 1 14 270
17 92 76 84 2 0 19 0.00 0.0 0 5.3 12 180 M M 0 16 190
18 93 73 83 1 0 18 0.00 0.0 0 4.1 12 180 M M 1 15 180
19 94 75 85 3 0 20 0.00 0.0 0 4.5 10 160 M M 0 13 170
20 92 73 83 1 0 18 0.08 0.0 0 3.9 22 170 M M 1 13 26 170
21 92 75 84 2 0 19 T 0.0 0 5.1 12 210 M M 1 14 180
22 88 73 81 -1 0 16 0.29 0.0 0 2.9 16 160 M M 1 13 24 140
23 90 73 82 0 0 17 0.00 0.0 0 5.0 14 40 M M 0 1 20 60
24 91 74 83 1 0 18 0.00 0.0 0 6.3 16 120 M M 2 23 140
25 90 73 82 0 0 17 0.00 0.0 0 5.1 21 130 M M 3 26 140
26 91 72 82 0 0 17 0.00 0.0 0 4.7 17 200 M M 1 1 23 200
27 91 70 81 -1 0 16 T 0.0 0 3.3 13 150 M M 1 1 15 150
28 92 71 82 0 0 17 0.00 0.0 0 3.8 12 320 M M 0 14 320
29 90 73 82 0 0 17 0.16 0.0 0 4.9 24 270 M M 4 13 31 290
30 91 76 84 2 0 19 0.00 0.0 0 9.6 20 210 M M 3 27 210
31 81 72 77 -5 0 12 0.23 0.0 0 8.5 16 290 M M 4 1 24 290
================================================================================
SM 2818 2279 0 542 3.30 0.0 161.8 M 52
================================================================================
AV 90.9 73.5 5.2 FASTST M M 2 MAX(MPH)
MISC ----> # 25 270 # 34 280
================================================================================
NOTES:
# LAST OF SEVERAL OCCURRENCES
COLUMN 17 PEAK WIND IN M.P.H.
PRELIMINARY LOCAL CLIMATOLOGICAL DATA (WS FORM: F-6) , PAGE 2
STATION: Pine Bluff
MONTH: JULY
YEAR: 2020
LATITUDE: 34 10 N
LONGITUDE: 91 56 W
[TEMPERATURE DATA] [PRECIPITATION DATA] SYMBOLS USED IN COLUMN 16
AVERAGE MONTHLY: 82.2 TOTAL FOR MONTH: 3.30 1 = FOG OR MIST
DPTR FM NORMAL: 0.2 DPTR FM NORMAL: -0.63 2 = FOG REDUCING VISIBILITY
HIGHEST: 95 ON 16 GRTST 24HR 1.42 ON 2- 2 TO 1/4 MILE OR LESS
LOWEST: 70 ON 27 3 = THUNDER
SNOW, ICE PELLETS, HAIL 4 = ICE PELLETS
TOTAL MONTH: 0.0 INCH 5 = HAIL
GRTST 24HR 0.0 6 = FREEZING RAIN OR DRIZZLE
GRTST DEPTH: 0 7 = DUSTSTORM OR SANDSTORM:
VSBY 1/2 MILE OR LESS
8 = SMOKE OR HAZE
[NO. OF DAYS WITH] [WEATHER - DAYS WITH] 9 = BLOWING SNOW
X = TORNADO
MAX 32 OR BELOW: 0 0.01 INCH OR MORE: 8
MAX 90 OR ABOVE: 27 0.10 INCH OR MORE: 6
MIN 32 OR BELOW: 0 0.50 INCH OR MORE: 2
MIN 0 OR BELOW: 0 1.00 INCH OR MORE: 1
[HDD (BASE 65) ]
TOTAL THIS MO. 0 CLEAR (SCALE 0-3) 27
DPTR FM NORMAL 0 PTCLDY (SCALE 4-7) 4
TOTAL FM JUL 1 0 CLOUDY (SCALE 8-10) 0
DPTR FM NORMAL 0
[CDD (BASE 65) ]
TOTAL THIS MO. 542
DPTR FM NORMAL 14 [PRESSURE DATA]
TOTAL FM JAN 1 1172 HIGHEST SLP 30.14 ON 17
DPTR FM NORMAL -85 LOWEST SLP 29.81 ON 31
[REMARKS]
#FINAL-07-20#