000
CXUS53 KUNR 011030
CF6PHP
PRELIMINARY LOCAL CLIMATOLOGICAL DATA (WS FORM: F-6)
STATION: PHILIP SD
MONTH: JANUARY
YEAR: 2021
LATITUDE: 44 3 N
LONGITUDE: 101 36 W
TEMPERATURE IN F: :PCPN: SNOW: WIND :SUNSHINE: SKY :PK WND
================================================================================
1 2 3 4 5 6A 6B 7 8 9 10 11 12 13 14 15 16 17 18
12Z AVG MX 2MIN
DY MAX MIN AVG DEP HDD CDD WTR SNW DPTH SPD SPD DIR MIN PSBL S-S WX SPD DR
================================================================================
1 44 18 31 10 34 0 0.00 M M 6.4 15 290 M M 0 18 260
2 49 19 34 13 31 0 0.00 M M 7.0 17 250 M M 0 21 250
3 49 23 36 15 29 0 0.00 M M 10.0 26 320 M M 3 36 300
4 50 24 37 16 28 0 0.00 M M 8.5 23 290 M M 0 28 290
5 42 23 33 12 32 0 0.00 M M 10.5 26 330 M M 5 36 330
6 42 21 32 11 33 0 0.00 M M 9.3 25 330 M M 5 1 34 330
7 36 19 28 6 37 0 0.00 M M 5.0 14 170 M M 8 1 17 170
8 33 16 25 3 40 0 0.00 M M 4.6 9 320 M M 9 1 12 320
9 32 29 31 9 34 0 0.01 M M 3.1 7 10 M M 10 1 9 320
10 45 23 34 12 31 0 0.00 M M 6.3 15 210 M M 4 20 240
11 53 20 37 15 28 0 0.00 M M 11.7 22 290 M M 0 29 290
12 55 27 41 19 24 0 0.00 M M 9.2 18 270 M M 0 22 270
13 54 31 43 21 22 0 T M M 16.8 53 310 M M 3 74 310
14 41 31 36 14 29 0 T M M 36.1 53 330 M M 5 70 330
15 36 17 27 5 38 0 T M M 21.4 46 330 M M 6 61 320
16 47 18 33 11 32 0 0.00 M M 15.8 38 310 M M 3 50 330
17 45 20 33 11 32 0 T M M 9.5 20 300 M M 4 28 310
18 36 19 28 6 37 0 0.24 M M 10.3 30 340 M M 8 12 38 340
19 34 20 27 5 38 0 T M M 12.1 30 310 M M 7 42 320
20 46 19 33 11 32 0 0.00 M M 11.5 22 300 M M 0 29 250
21 38 17 28 6 37 0 0.00 M M 9.9 24 340 M M 2 31 340
22 33 19 26 4 39 0 T M M 3.1 12 200 M M 7 1 14 190
23 32 22 27 5 38 0 T M M 6.7 18 360 M M 9 1 22 360
24 34 13 24 1 41 0 0.00 M M 10.7 23 160 M M 7 30 150
25 24 15 20 -3 45 0 T M M 9.6 15 70 M M 9 1 19 70
26 20 12 16 -7 49 0 0.01 M M 9.0 15 120 M M 10 1 19 110
27 32 10 21 -2 44 0 0.00 M M 9.4 16 140 M M 2 20 140
28 41 7 24 1 41 0 0.00 M M 7.6 16 100 M M 0 20 80
29 31 15 23 0 42 0 0.00 M M 7.0 15 90 M M 2 1 19 90
30 28 20 24 1 41 0 T M M 11.4 20 340 M M 10 12 25 330
31 49 16 33 10 32 0 0.00 M M 9.0 20 330 M M 3 1 24 340
================================================================================
SM 1231 603 1090 0 0.26 M 318.5 M 141
================================================================================
AV 39.7 19.5 10.3 FASTST M M 5 MAX(MPH)
MISC ----> # 53 310 74 310
================================================================================
NOTES:
# LAST OF SEVERAL OCCURRENCES
COLUMN 17 PEAK WIND IN M.P.H.
PRELIMINARY LOCAL CLIMATOLOGICAL DATA (WS FORM: F-6) , PAGE 2
STATION: PHILIP SD
MONTH: JANUARY
YEAR: 2021
LATITUDE: 44 3 N
LONGITUDE: 101 36 W
[TEMPERATURE DATA] [PRECIPITATION DATA] SYMBOLS USED IN COLUMN 16
AVERAGE MONTHLY: 29.6 TOTAL FOR MONTH: 0.26 1 = FOG OR MIST
DPTR FM NORMAL: 7.5 DPTR FM NORMAL: -0.04 2 = FOG REDUCING VISIBILITY
HIGHEST: 55 ON 12 GRTST 24HR 0.24 ON 18-18 TO 1/4 MILE OR LESS
LOWEST: 7 ON 28 3 = THUNDER
SNOW, ICE PELLETS, HAIL 4 = ICE PELLETS
TOTAL MONTH: M 5 = HAIL
GRTST 24HR M ON M 6 = FREEZING RAIN OR DRIZZLE
GRTST DEPTH: M ON M 7 = DUSTSTORM OR SANDSTORM:
VSBY 1/2 MILE OR LESS
8 = SMOKE OR HAZE
[NO. OF DAYS WITH] [WEATHER - DAYS WITH] 9 = BLOWING SNOW
X = TORNADO
MAX 32 OR BELOW: 7 0.01 INCH OR MORE: 3
MAX 90 OR ABOVE: 0 0.10 INCH OR MORE: 1
MIN 32 OR BELOW: 31 0.50 INCH OR MORE: 0
MIN 0 OR BELOW: 0 1.00 INCH OR MORE: 0
[HDD (BASE 65) ]
TOTAL THIS MO. 1090 CLEAR (SCALE 0-3) 12
DPTR FM NORMAL -240 PTCLDY (SCALE 4-7) 12
TOTAL FM JUL 1 3753 CLOUDY (SCALE 8-10) 7
DPTR FM NORMAL -513
[CDD (BASE 65) ]
TOTAL THIS MO. 0
DPTR FM NORMAL 0 [PRESSURE DATA]
TOTAL FM JAN 1 0 HIGHEST SLP 30.48 ON 9
DPTR FM NORMAL 0 LOWEST SLP 29.50 ON 13
[REMARKS]
#FINAL-01-21#