000
CXUS54 KEPZ 221307
CF6SRR
PRELIMINARY LOCAL CLIMATOLOGICAL DATA (WS FORM: F-6)
STATION: RUIDOSO AWOS
MONTH: AUGUST
YEAR: 2022
LATITUDE: 33 28 N
LONGITUDE: 105 32 W
TEMPERATURE IN F: :PCPN: SNOW: WIND :SUNSHINE: SKY :PK WND
================================================================================
1 2 3 4 5 6A 6B 7 8 9 10 11 12 13 14 15 16 17 18
12Z AVG MX 2MIN
DY MAX MIN AVG DEP HDD CDD WTR SNW DPTH SPD SPD DIR MIN PSBL S-S WX SPD DR
================================================================================
1 82 59 71 M 0 6 0.00 M M 5.4 18 220 M M 0 25 350
2 82 63 73 M 0 8 0.00 M M 4.9 9 220 M M 0 M M
3 86 63 75 M 0 10 0.05 M M 9.9 20 250 M M 0 29 250
4 81 59 70 M 0 5 0.00 M M 6.5 13 110 M M 0 18 140
5 81 63 72 M 0 7 0.02 M M 4.1 10 250 M M 0 21 300
6 81 59 70 M 0 5 T M M 7.0 17 120 M M 0 18 140
7 81 59 70 M 0 5 0.00 M M 5.7 14 140 M M 0 21 120
8 79 57 68 M 0 3 0.00 M M 8.3 18 140 M M 0 26 110
9 73 57 65 M 0 0 0.84 M M 7.1 17 160 M M 0 22 320
10 73 55 64 M 1 0 0.65 M M 5.3 16 260 M M 0 29 260
11 70 57 64 M 1 0 0.08 M M 4.9 9 290 M M 0 17 150
12 75 57 66 M 0 1 0.00 M M 6.8 16 230 M M 0 18 120
13 79 57 68 M 0 3 0.00 M M 4.8 12 140 M M 0 17 120
14 81 57 69 M 0 4 0.00 M M 4.8 13 100 M M 0 16 140
15 81 59 70 M 0 5 0.00 M M 7.1 16 110 M M 0 22 120
16 75 55 65 M 0 0 0.00 M M 9.8 20 120 M M 0 25 130
17 70 59 65 M 0 0 0.72 M M 5.5 14 110 M M 0 1 23 140
18 72 55 64 M 1 0 0.00 M M 6.5 18 90 M M 0 21 110
19 66 57 62 M 3 0 0.62 M M 4.5 14 100 M M 0 2 22 100
20 70 57 64 M 1 0 1.35 M M 8.5 14 330 M M 0 1 22 290
21 68 55 62 M 3 0 0.06 M M 6.5 10 310 M M 0 1 M M
22 72 54 63 M 2 0 0.00 M M 6.3 14 150 M M 0 1 18 360
23 70 57 64 M 1 0 0.00 M M 5.8 14 110 M M 0 1 17 120
24 72 55 64 M 1 0 0.00 M M 5.0 12 140 M M 0 17 110
25 73 54 64 M 1 0 0.00 M M 4.4 10 130 M M 0 M M
26 75 55 65 M 0 0 0.00 M M 4.9 12 180 M M 0 M M
27 79 61 70 M 0 5 0.00 M M 8.0 20 220 M M 0 24 150
28 81 57 69 M 0 4 0.00 M M 7.6 13 310 M M 0 17 310
29 81 55 68 M 0 3 0.02 M M 9.5 21 120 M M 0 25 120
30 70 54 62 M 3 0 0.04 M M 7.2 15 80 M M 0 22 80
31 72 54 63 M 2 0 0.44 M M 9.3 24 100 M M 0 1 39 100
================================================================================
SM 2351 1775 20 74 4.89 M 201.8 M 0
================================================================================
AV 75.8 57.3 6.5 FASTST M M 0 MAX(MPH)
MISC ----> 24 100 39 100
================================================================================
NOTES:
# LAST OF SEVERAL OCCURRENCES
COLUMN 17 PEAK WIND IN M.P.H.
PRELIMINARY LOCAL CLIMATOLOGICAL DATA (WS FORM: F-6) , PAGE 2
STATION: RUIDOSO AWOS
MONTH: AUGUST
YEAR: 2022
LATITUDE: 33 28 N
LONGITUDE: 105 32 W
[TEMPERATURE DATA] [PRECIPITATION DATA] SYMBOLS USED IN COLUMN 16
AVERAGE MONTHLY: 66.5 TOTAL FOR MONTH: 4.89 1 = FOG OR MIST
DPTR FM NORMAL: 0.0 DPTR FM NORMAL: M 2 = FOG REDUCING VISIBILITY
HIGHEST: 86 ON 3 GRTST 24HR 1.35 ON 20-20 TO 1/4 MILE OR LESS
LOWEST: 54 ON 31,30 3 = THUNDER
SNOW, ICE PELLETS, HAIL 4 = ICE PELLETS
TOTAL MONTH: M 5 = HAIL
GRTST 24HR M ON M 6 = FREEZING RAIN OR DRIZZLE
GRTST DEPTH: M ON M 7 = DUSTSTORM OR SANDSTORM:
VSBY 1/2 MILE OR LESS
8 = SMOKE OR HAZE
[NO. OF DAYS WITH] [WEATHER - DAYS WITH] 9 = BLOWING SNOW
X = TORNADO
MAX 32 OR BELOW: 0 0.01 INCH OR MORE: 12
MAX 90 OR ABOVE: 0 0.10 INCH OR MORE: 6
MIN 32 OR BELOW: 0 0.50 INCH OR MORE: 5
MIN 0 OR BELOW: 0 1.00 INCH OR MORE: 1
[HDD (BASE 65) ]
TOTAL THIS MO. 20 CLEAR (SCALE 0-3) 31
DPTR FM NORMAL M PTCLDY (SCALE 4-7) 0
TOTAL FM JUL 1 20 CLOUDY (SCALE 8-10) 0
DPTR FM NORMAL M
[CDD (BASE 65) ]
TOTAL THIS MO. 74
DPTR FM NORMAL M [PRESSURE DATA]
TOTAL FM JAN 1 464 HIGHEST SLP M ON M
DPTR FM NORMAL M LOWEST SLP M ON M
[REMARKS]
#FINAL-08-22#